{"id":37852,"date":"2021-11-06T15:19:39","date_gmt":"2021-11-06T21:19:39","guid":{"rendered":"https:\/\/www.arxisdemexico.com.mx\/arxis\/?post_type=product&#038;p=37852"},"modified":"2021-11-06T15:19:40","modified_gmt":"2021-11-06T21:19:40","slug":"dahua-nvr5864-16p-4ks2e-nvr-64-canales-ip-4k-h265-rendimiento-320-mbps-2-hdmi-8-puertos-con-tecnologia-epoe-hasta-800m-16-poe-8-sata","status":"publish","type":"product","link":"https:\/\/arxisdemexico.com.mx\/arxis\/producto\/dahua-nvr5864-16p-4ks2e-nvr-64-canales-ip-4k-h265-rendimiento-320-mbps-2-hdmi-8-puertos-con-tecnologia-epoe-hasta-800m-16-poe-8-sata\/","title":{"rendered":"DAHUA NVR5864-16P-4KS2E &#8211; NVR 64 Canales IP 4K \/ H265+ \/ Rendimiento 320 Mbps \/ 2 HDMI \/ 8 Puertos con tecnologia EPoE hasta 800M \/ 16 PoE \/ 8 SATA"},"content":{"rendered":"<ul>\n<li class=\"ql-align-justify\">Principales caracter\u00edsticas. Hasta\u00a064 Canales<\/li>\n<li class=\"ql-align-justify\">Smart H.265+\/H.265\/Smart H.264+\/H.264\/MJPEG.<\/li>\n<li class=\"ql-align-justify\">Ancho de banda entrante m\u00e1ximo de 320Mbps<\/li>\n<li class=\"ql-align-justify\">Hasta 12MP de resoluci\u00f3n para vista previa y reproducci\u00f3n<\/li>\n<li class=\"ql-align-justify\">Salida de video simult\u00e1nea 2HDMI \/ 2VGA<\/li>\n<li class=\"ql-align-justify\">1-8 Puertos PoE admiten 800m ePoE y EoC<\/li>\n<li class=\"ql-align-justify\">Posicionamiento 3D inteligente con c\u00e1mara Dahua PTZ.<\/li>\n<li class=\"ql-align-justify\">8 puertos SATA III, hasta 10 TB de capacidad para cada HDD.<\/li>\n<li class=\"ql-align-justify\">4 puertos USB (2 USB 3.0 posteriores, 2 USB frontales 2.0)<\/li>\n<li class=\"ql-align-justify\">16 puertos (IEEE802.3af\/at)<\/li>\n<li class=\"ql-align-justify\">Cuenta con 1 RJ-45 port (10\/100\/1000Mbps).<\/li>\n<li class=\"ql-align-justify\">M\u00faltiple monitoreo en red: Web, CMS (DSS\/Smart PSS) y m\u00f3vil (DMSS).<\/li>\n<li class=\"ql-align-justify\">Soporta m\u00faltiples marcas de c\u00e1maras IP: Dahua, Arecont Vision, AXIS, Bosch, Brickcom, Canon, CP Plus, Dynacolor, Honeywell, Panasonic, Pelco, Samsung, Sanyo, Sony, Videotec, Vivotek and etc.<\/li>\n<li class=\"ql-align-justify\">ONVIF Versi\u00f3n 2.4.<\/li>\n<li class=\"ql-align-justify\">Dimensiones 2U, 440mm x 451.5mm x 95mm<\/li>\n<li class=\"ql-align-justify\">Peso Neto 7 Kg (Sin HDD)<\/li>\n<li class=\"ql-align-justify\">Peso Bruto 9.5 Kg (Sin HDD)<\/li>\n<li class=\"ql-align-justify\">Instalaci\u00f3n Montado en Rack.<\/li>\n<\/ul>\n","protected":false},"excerpt":{"rendered":"<p class=\"text\" data-v-5fe8c490=\"\" data-gtm-vis-has-fired-10552706_181=\"1\" data-gtm-vis-has-fired-10552706_195=\"1\" data-gtm-vis-first-on-screen-10552706_196=\"150895\" data-gtm-vis-first-on-screen-10552706_193=\"150898\" data-gtm-vis-first-on-screen-10552706_217=\"150900\" data-gtm-vis-first-on-screen-10552706_194=\"150901\" data-gtm-vis-first-on-screen-10552706_192=\"150908\" data-gtm-vis-first-on-screen-10552706_184=\"150909\" data-gtm-vis-recent-on-screen-10552706_196=\"1316190\" data-gtm-vis-total-visible-time-10552706_196=\"100\" data-gtm-vis-has-fired-10552706_196=\"1\" data-gtm-vis-recent-on-screen-10552706_217=\"1316192\" data-gtm-vis-total-visible-time-10552706_217=\"100\" data-gtm-vis-has-fired-10552706_217=\"1\" data-gtm-vis-recent-on-screen-10552706_184=\"1316195\" data-gtm-vis-total-visible-time-10552706_184=\"100\" data-gtm-vis-has-fired-10552706_184=\"1\" data-gtm-vis-recent-on-screen-10552706_194=\"1316196\" data-gtm-vis-total-visible-time-10552706_194=\"100\" data-gtm-vis-has-fired-10552706_194=\"1\" data-gtm-vis-recent-on-screen-10552706_192=\"1316207\" data-gtm-vis-total-visible-time-10552706_192=\"100\" data-gtm-vis-has-fired-10552706_192=\"1\" data-gtm-vis-recent-on-screen-10552706_193=\"1316220\" data-gtm-vis-total-visible-time-10552706_193=\"100\" data-gtm-vis-has-fired-10552706_193=\"1\"><span>16\/32\/64 canales 2U 8HDDs 16PoE 4K &amp; H.265 Pro Network Video Recorder<\/span><\/p>\n<div data-v-5fe8c490=\"\">\n<ul>\n<li data-gtm-vis-first-on-screen-10552706_184=\"267945\" data-gtm-vis-first-on-screen-10552706_217=\"267963\" data-gtm-vis-recent-on-screen-10552706_217=\"1316054\" data-gtm-vis-total-visible-time-10552706_217=\"100\" data-gtm-vis-has-fired-10552706_217=\"1\" data-gtm-vis-recent-on-screen-10552706_184=\"1316056\" data-gtm-vis-total-visible-time-10552706_184=\"100\" data-gtm-vis-has-fired-10552706_184=\"1\"><span>Acceso a video IP de 16\/32\/64 canales<\/span><\/li>\n<li data-gtm-vis-first-on-screen-10552706_184=\"267947\" data-gtm-vis-first-on-screen-10552706_217=\"267964\" data-gtm-vis-recent-on-screen-10552706_217=\"1316055\" data-gtm-vis-total-visible-time-10552706_217=\"100\" data-gtm-vis-has-fired-10552706_217=\"1\" data-gtm-vis-recent-on-screen-10552706_184=\"1316056\" data-gtm-vis-total-visible-time-10552706_184=\"100\" data-gtm-vis-has-fired-10552706_184=\"1\"><span>Smart H.265 + \/ Smart H.264 + \/ H.265 \/ H.264 \/ MJPEG;\u00a0Detector magn\u00e9tico H.265<\/span><\/li>\n<li data-gtm-vis-first-on-screen-10552706_184=\"267958\" data-gtm-vis-first-on-screen-10552706_217=\"267965\" data-gtm-vis-recent-on-screen-10552706_217=\"1316037\" data-gtm-vis-total-visible-time-10552706_217=\"100\" data-gtm-vis-has-fired-10552706_217=\"1\" data-gtm-vis-recent-on-screen-10552706_184=\"1316040\" data-gtm-vis-total-visible-time-10552706_184=\"100\" data-gtm-vis-has-fired-10552706_184=\"1\"><span>Ancho de banda entrante m\u00e1ximo de 320 Mbps<\/span><\/li>\n<li data-gtm-vis-first-on-screen-10552706_184=\"267959\" data-gtm-vis-first-on-screen-10552706_217=\"267974\" data-gtm-vis-recent-on-screen-10552706_217=\"1316038\" data-gtm-vis-total-visible-time-10552706_217=\"100\" data-gtm-vis-has-fired-10552706_217=\"1\" data-gtm-vis-recent-on-screen-10552706_184=\"1316041\" data-gtm-vis-total-visible-time-10552706_184=\"100\" data-gtm-vis-has-fired-10552706_184=\"1\"><span>Resoluci\u00f3n de hasta 24MP para visualizaci\u00f3n en vivo y reproducci\u00f3n<\/span><\/li>\n<li data-gtm-vis-first-on-screen-10552706_184=\"267960\" data-gtm-vis-first-on-screen-10552706_217=\"267980\" data-gtm-vis-recent-on-screen-10552706_217=\"1316691\" data-gtm-vis-total-visible-time-10552706_217=\"100\" data-gtm-vis-has-fired-10552706_217=\"1\" data-gtm-vis-recent-on-screen-10552706_184=\"1316692\" data-gtm-vis-total-visible-time-10552706_184=\"100\" data-gtm-vis-has-fired-10552706_184=\"1\"><span>Dewarping de ojo de pez de 1 canal (AI por NVR)<\/span><\/li>\n<li data-gtm-vis-first-on-screen-10552706_184=\"267962\" data-gtm-vis-first-on-screen-10552706_217=\"267998\" data-gtm-vis-recent-on-screen-10552706_217=\"1316705\" data-gtm-vis-total-visible-time-10552706_217=\"100\" data-gtm-vis-has-fired-10552706_217=\"1\" data-gtm-vis-recent-on-screen-10552706_184=\"1316706\" data-gtm-vis-total-visible-time-10552706_184=\"100\" data-gtm-vis-has-fired-10552706_184=\"1\"><span>AI por c\u00e1mara: protecci\u00f3n perimetral;\u00a0detecci\u00f3n y reconocimiento de rostros;\u00a0SMD Plus;\u00a0metadatos de video;\u00a0ANPR;\u00a0contando personas;\u00a0estereoan\u00e1lisis;\u00a0distribuci\u00f3n de masas;\u00a0mapa de calor<\/span><\/li>\n<li data-gtm-vis-first-on-screen-10552706_217=\"642955\" data-gtm-vis-first-on-screen-10552706_184=\"642958\" data-gtm-vis-recent-on-screen-10552706_217=\"1316738\" data-gtm-vis-total-visible-time-10552706_217=\"100\" data-gtm-vis-has-fired-10552706_217=\"1\" data-gtm-vis-recent-on-screen-10552706_184=\"1316739\" data-gtm-vis-total-visible-time-10552706_184=\"100\" data-gtm-vis-has-fired-10552706_184=\"1\"><span>Soporta IPC UPnP, 16 puertos PoE<\/span><\/li>\n<\/ul>\n<\/div>\n","protected":false},"featured_media":37853,"comment_status":"open","ping_status":"closed","template":"","meta":{"_et_pb_use_builder":"","_et_pb_old_content":"","_et_gb_content_width":""},"product_brand":[],"product_cat":[521,522,549,554],"product_tag":[909,835,834,890,971,833,880],"class_list":{"0":"post-37852","1":"product","2":"type-product","3":"status-publish","4":"has-post-thumbnail","6":"product_cat-cctv","7":"product_cat-ip","8":"product_cat-nvr","9":"product_cat-554","10":"product_tag-4k","11":"product_tag-cctv","12":"product_tag-dahua","13":"product_tag-hasta-8mp","14":"product_tag-nvr","15":"product_tag-seguridad","16":"product_tag-videograbador","18":"first","19":"instock","20":"taxable","21":"shipping-taxable","22":"product-type-simple"},"_links":{"self":[{"href":"https:\/\/arxisdemexico.com.mx\/arxis\/wp-json\/wp\/v2\/product\/37852","targetHints":{"allow":["GET"]}}],"collection":[{"href":"https:\/\/arxisdemexico.com.mx\/arxis\/wp-json\/wp\/v2\/product"}],"about":[{"href":"https:\/\/arxisdemexico.com.mx\/arxis\/wp-json\/wp\/v2\/types\/product"}],"replies":[{"embeddable":true,"href":"https:\/\/arxisdemexico.com.mx\/arxis\/wp-json\/wp\/v2\/comments?post=37852"}],"wp:featuredmedia":[{"embeddable":true,"href":"https:\/\/arxisdemexico.com.mx\/arxis\/wp-json\/wp\/v2\/media\/37853"}],"wp:attachment":[{"href":"https:\/\/arxisdemexico.com.mx\/arxis\/wp-json\/wp\/v2\/media?parent=37852"}],"wp:term":[{"taxonomy":"product_brand","embeddable":true,"href":"https:\/\/arxisdemexico.com.mx\/arxis\/wp-json\/wp\/v2\/product_brand?post=37852"},{"taxonomy":"product_cat","embeddable":true,"href":"https:\/\/arxisdemexico.com.mx\/arxis\/wp-json\/wp\/v2\/product_cat?post=37852"},{"taxonomy":"product_tag","embeddable":true,"href":"https:\/\/arxisdemexico.com.mx\/arxis\/wp-json\/wp\/v2\/product_tag?post=37852"}],"curies":[{"name":"wp","href":"https:\/\/api.w.org\/{rel}","templated":true}]}}