{"id":37828,"date":"2021-11-03T16:37:52","date_gmt":"2021-11-03T22:37:52","guid":{"rendered":"https:\/\/www.arxisdemexico.com.mx\/arxis\/?post_type=product&#038;p=37828"},"modified":"2021-11-03T16:53:12","modified_gmt":"2021-11-03T22:53:12","slug":"dahua-nvr2104-2108hs-w-4ks2-nvr-4-canales-de-video-ip-wifi-2-4ghz-h265-80-mbps-grabacion-hdmi-4k-vga-1-interfaz-sata-grabacion-hasta-4k-p2p","status":"publish","type":"product","link":"https:\/\/arxisdemexico.com.mx\/arxis\/producto\/dahua-nvr2104-2108hs-w-4ks2-nvr-4-canales-de-video-ip-wifi-2-4ghz-h265-80-mbps-grabacion-hdmi-4k-vga-1-interfaz-sata-grabacion-hasta-4k-p2p\/","title":{"rendered":"DAHUA NVR2104 \/ 2108HS-W-4KS2 &#8211; NVR 4 Canales de video IP WiFi \/ 2.4GHZ \/ H265+ \/ 80 Mbps Grabacion \/ HDMI 4K \/ VGA \/ 1 Interfaz SATA \/ Grabacion hasta 4K \/ P2P"},"content":{"rendered":"<ul>\n<li>Hasta 4 canales de c\u00e1maras IP.<\/li>\n<li class=\"ql-align-justify\">Compresi\u00f3n de video H.265+ \/ H.265 \/ H.264+ \/ H.264.<\/li>\n<li class=\"ql-align-justify\">M\u00e1x. ancho de banda de entrada 80Mbps.<\/li>\n<li class=\"ql-align-justify\">Frecuencia 2.4GHz.<\/li>\n<li class=\"ql-align-justify\">Salida de video HDMI\/VGA.<\/li>\n<li class=\"ql-align-justify\">Soporta m\u00faltiples marcas de c\u00e1maras IP:\u00a0Dahua, Arecont Vision, AXIS, Bosch, Brickcom, Canon, CP Plus, Dynacolor, Honeywell, Panasonic, Pelco, Samsung, Sanyo, Sony, Videotec, Vivotek y m\u00e1s.<\/li>\n<li class=\"ql-align-justify\">ONVIF versi\u00f3n 2.4, CGI Conformance.<\/li>\n<li class=\"ql-align-justify\">1 puerto SATA III, capacidad de hasta 4TB para disco duro (disco duro no incluido).<\/li>\n<li class=\"ql-align-justify\">2 puertos USB2.0.<\/li>\n<li class=\"ql-align-justify\">1 puerto RJ-45 (10\/100 Mbps).<\/li>\n<li class=\"ql-align-justify\">Fuente de alimentaci\u00f3n 12V CD \/ 2A.<\/li>\n<li class=\"ql-align-justify\">Consumo de energ\u00eda\u00a06W.<\/li>\n<li class=\"ql-align-justify\">Condiciones de operaci\u00f3n\u00a0-0 \u00b0 C ~ +\u00a040 \u00b0 C.<\/li>\n<li class=\"ql-align-justify\">Condiciones de almacenaje\u00a0-20 \u00b0 C ~ + 70 \u00b0 C.<\/li>\n<li class=\"ql-align-justify\">Dimensiones\u00a0226 mm x 226.9 mm x 40.4mm.<\/li>\n<li>Peso neto 2 kg.<\/li>\n<\/ul>\n","protected":false},"excerpt":{"rendered":"<div class=\"desc\" data-v-3cf4982a=\"\">\n<p data-v-3cf4982a=\"\" data-gtm-vis-first-on-screen-10552706_184=\"254795\" data-gtm-vis-first-on-screen-10552706_217=\"254799\" data-gtm-vis-recent-on-screen-10552706_217=\"285883\" data-gtm-vis-total-visible-time-10552706_217=\"100\" data-gtm-vis-has-fired-10552706_217=\"1\" data-gtm-vis-recent-on-screen-10552706_184=\"285883\" data-gtm-vis-total-visible-time-10552706_184=\"100\" data-gtm-vis-has-fired-10552706_184=\"1\">Grabador de v\u00eddeo en red inal\u00e1mbrico compacto 1U Lite 4K H.265 de 4\/8 canales<\/p>\n<\/div>\n<ul>\n<li data-gtm-vis-first-on-screen-10552706_184=\"254796\" data-gtm-vis-first-on-screen-10552706_217=\"254800\" data-gtm-vis-recent-on-screen-10552706_184=\"285879\" data-gtm-vis-total-visible-time-10552706_184=\"100\" data-gtm-vis-has-fired-10552706_184=\"1\" data-gtm-vis-recent-on-screen-10552706_217=\"285881\" data-gtm-vis-total-visible-time-10552706_217=\"100\" data-gtm-vis-has-fired-10552706_217=\"1\">Admite IEEE802.11b \/ g \/ n (2,4 GHz)<br \/>\nAdmite dos antenas para fortalecer la se\u00f1al Wi-Fi<br \/>\nDecodificaci\u00f3n de c\u00f3dec H.265 + \/ H.264 +<br \/>\nAncho de banda entrante de cable m\u00e1ximo de 80 Mbps<br \/>\nAncho de banda entrante inal\u00e1mbrico m\u00e1ximo de 24 Mbps &gt; Decodificaci\u00f3n de hasta 1 canal a 8MP \/ 4 canales a 1080P<\/li>\n<\/ul>\n","protected":false},"featured_media":37829,"comment_status":"open","ping_status":"closed","template":"","meta":{"_et_pb_use_builder":"","_et_pb_old_content":"","_et_gb_content_width":""},"product_brand":[],"product_cat":[521,522,549,550],"product_tag":[996,995,909,835,834,890,971,833,880],"class_list":{"0":"post-37828","1":"product","2":"type-product","3":"status-publish","4":"has-post-thumbnail","6":"product_cat-cctv","7":"product_cat-ip","8":"product_cat-nvr","9":"product_cat-4-ch","10":"product_tag-1-interfaz-sata","11":"product_tag-4-canales-de-video-ip-wifi","12":"product_tag-4k","13":"product_tag-cctv","14":"product_tag-dahua","15":"product_tag-hasta-8mp","16":"product_tag-nvr","17":"product_tag-seguridad","18":"product_tag-videograbador","20":"first","21":"instock","22":"taxable","23":"shipping-taxable","24":"product-type-simple"},"_links":{"self":[{"href":"https:\/\/arxisdemexico.com.mx\/arxis\/wp-json\/wp\/v2\/product\/37828","targetHints":{"allow":["GET"]}}],"collection":[{"href":"https:\/\/arxisdemexico.com.mx\/arxis\/wp-json\/wp\/v2\/product"}],"about":[{"href":"https:\/\/arxisdemexico.com.mx\/arxis\/wp-json\/wp\/v2\/types\/product"}],"replies":[{"embeddable":true,"href":"https:\/\/arxisdemexico.com.mx\/arxis\/wp-json\/wp\/v2\/comments?post=37828"}],"wp:featuredmedia":[{"embeddable":true,"href":"https:\/\/arxisdemexico.com.mx\/arxis\/wp-json\/wp\/v2\/media\/37829"}],"wp:attachment":[{"href":"https:\/\/arxisdemexico.com.mx\/arxis\/wp-json\/wp\/v2\/media?parent=37828"}],"wp:term":[{"taxonomy":"product_brand","embeddable":true,"href":"https:\/\/arxisdemexico.com.mx\/arxis\/wp-json\/wp\/v2\/product_brand?post=37828"},{"taxonomy":"product_cat","embeddable":true,"href":"https:\/\/arxisdemexico.com.mx\/arxis\/wp-json\/wp\/v2\/product_cat?post=37828"},{"taxonomy":"product_tag","embeddable":true,"href":"https:\/\/arxisdemexico.com.mx\/arxis\/wp-json\/wp\/v2\/product_tag?post=37828"}],"curies":[{"name":"wp","href":"https:\/\/api.w.org\/{rel}","templated":true}]}}