{"id":37810,"date":"2021-11-03T14:04:30","date_gmt":"2021-11-03T20:04:30","guid":{"rendered":"https:\/\/www.arxisdemexico.com.mx\/arxis\/?post_type=product&#038;p=37810"},"modified":"2021-11-03T14:10:47","modified_gmt":"2021-11-03T20:10:47","slug":"dahua-nvr5216-16p-i-nvr-16-canales-ip-4k-con-inteligencia-artificial-reconocimiento-facial-ia-h265-rendimiento-320-mbps-hdmi-vga-16-puertos-poe-soporta-2-hdd","status":"publish","type":"product","link":"https:\/\/arxisdemexico.com.mx\/arxis\/producto\/dahua-nvr5216-16p-i-nvr-16-canales-ip-4k-con-inteligencia-artificial-reconocimiento-facial-ia-h265-rendimiento-320-mbps-hdmi-vga-16-puertos-poe-soporta-2-hdd\/","title":{"rendered":"DAHUA NVR5216-16P-I &#8211; NVR 16 Canales IP \/ 4K con inteligencia artificial \/ Reconocimiento facial \/ IA \/ H265+ \/ Rendimiento 320 Mbps \/ HDMI \/ VGA \/ 16 Puertos PoE \/ Soporta 2 HDD"},"content":{"rendered":"<ul>\n<li>16 canales IP.<\/li>\n<li>Protecci\u00f3n perimetral de hasta 16 canales.<\/li>\n<li>Reconocimiento facial de hasta 4 canales.<\/li>\n<li>Compresi\u00f3n de video Smart H.265+\/H.265\/Smart H.264+\/H.264\/MJPEG<\/li>\n<li>Velocidad de Grabaci\u00f3n 320Mbps (160Mbps con funci\u00f3n IA activada)<\/li>\n<li>Salida simult\u00e1nea HDMI\/VGA: 3840 \u00d7 2160 , 1920 \u00d7 1080 , 1280 \u00d7 1024, 1280 \u00d7 720 , 1024 \u00d7 768.<\/li>\n<li>Soporta m\u00faltiples marcas de c\u00e1maras IP:\u00a0Dahua, Arecont Vision, AXIS, Bosch, Brickcom, Canon, CP Plus, Dynacolor, Honeywell, Panasonic, Pelco, Samsung, Sanyo, Sony, Videotec, y m\u00e1s.<\/li>\n<li>Interoperabilidad ONVIF 2.4, SDK, CGI<\/li>\n<li>M\u00e1x. acceso de usuarios: 128.<\/li>\n<li>2 puerto sata lll (hasta 8Tb).<\/li>\n<li>2 puertos USB (1 trasero USB 3.0 , 1 delantero USB 2.0 ).<\/li>\n<li>16 puertos (IEEE802.3af\/at)<\/li>\n<li>Puertos 1-8 ports support ePoE &amp; EoC<\/li>\n<li>1 puerto rj-45\u00a0(10\/100\/1000Mbps).<\/li>\n<li>Fuente de alimentaci\u00f3n AC100V ~ 240V, 50 ~ 60 Hz.<\/li>\n<li>Consumo de energ\u00eda NVR: &lt;16.5W(Sin disco duro)<\/li>\n<li>Consumo de energ\u00eda POE: Max 25.5W por puerto 130W total rated power, 80% control por protecci\u00f3n<\/li>\n<li>Condiciones de operaci\u00f3n -10\u00baC a 55\u00baC.<\/li>\n<li>Dimensiones\u00a0Smart 1U, 375mm x 327.3mm x 53mm ;(14.8&#8243; x 12.9&#8243; x 2.1&#8243;)<\/li>\n<li>Peso 2.7kg.<\/li>\n<\/ul>\n","protected":false},"excerpt":{"rendered":"<p class=\"text\" data-v-5fe8c490=\"\" data-gtm-vis-has-fired-10552706_195=\"1\" data-gtm-vis-has-fired-10552706_181=\"1\" data-gtm-vis-recent-on-screen-10552706_193=\"16569\" data-gtm-vis-first-on-screen-10552706_193=\"16569\" data-gtm-vis-total-visible-time-10552706_193=\"100\" data-gtm-vis-has-fired-10552706_193=\"1\" data-gtm-vis-recent-on-screen-10552706_194=\"16573\" data-gtm-vis-first-on-screen-10552706_194=\"16573\" data-gtm-vis-total-visible-time-10552706_194=\"100\" data-gtm-vis-has-fired-10552706_194=\"1\" data-gtm-vis-recent-on-screen-10552706_217=\"16582\" data-gtm-vis-first-on-screen-10552706_217=\"16582\" data-gtm-vis-total-visible-time-10552706_217=\"100\" data-gtm-vis-has-fired-10552706_217=\"1\" data-gtm-vis-recent-on-screen-10552706_196=\"16585\" data-gtm-vis-first-on-screen-10552706_196=\"16585\" data-gtm-vis-total-visible-time-10552706_196=\"100\" data-gtm-vis-has-fired-10552706_196=\"1\" data-gtm-vis-recent-on-screen-10552706_192=\"16591\" data-gtm-vis-first-on-screen-10552706_192=\"16591\" data-gtm-vis-total-visible-time-10552706_192=\"100\" data-gtm-vis-has-fired-10552706_192=\"1\" data-gtm-vis-recent-on-screen-10552706_184=\"16602\" data-gtm-vis-first-on-screen-10552706_184=\"16602\" data-gtm-vis-total-visible-time-10552706_184=\"100\" data-gtm-vis-has-fired-10552706_184=\"1\">Grabador de video en red WizMind de 16 canales 1U 2 HDD de 16 PoE<\/p>\n<div data-v-5fe8c490=\"\">\n<ul>\n<li>Acceso a video IP de 16 canales<\/li>\n<li>Inteligente H.265 + \/ H.265 \/ Inteligente H.264 + \/ H.264 \/ MJPEG<\/li>\n<li>Protecci\u00f3n perimetral de hasta 16 canales<\/li>\n<li>Reconocimiento facial de transmisi\u00f3n de video de hasta 4 canales<\/li>\n<li>Procesamiento de hasta 22 im\u00e1genes faciales \/ seg.<\/li>\n<li>Hasta 20 bases de datos de rostros con 100.000 im\u00e1genes de rostros en total<\/li>\n<li>1-8 puertos PoE compatibles con ePoE y EoC<\/li>\n<\/ul>\n<\/div>\n","protected":false},"featured_media":37811,"comment_status":"open","ping_status":"closed","template":"","meta":{"_et_pb_use_builder":"","_et_pb_old_content":"","_et_gb_content_width":""},"product_brand":[],"product_cat":[521,522,549,552],"product_tag":[909,835,834,890,932,971,882,833,880],"class_list":{"0":"post-37810","1":"product","2":"type-product","3":"status-publish","4":"has-post-thumbnail","6":"product_cat-cctv","7":"product_cat-ip","8":"product_cat-nvr","9":"product_cat-16-ch","10":"product_tag-4k","11":"product_tag-cctv","12":"product_tag-dahua","13":"product_tag-hasta-8mp","14":"product_tag-inteligencia-artificial","15":"product_tag-nvr","16":"product_tag-reconocimiento-facial","17":"product_tag-seguridad","18":"product_tag-videograbador","20":"first","21":"instock","22":"taxable","23":"shipping-taxable","24":"product-type-simple"},"_links":{"self":[{"href":"https:\/\/arxisdemexico.com.mx\/arxis\/wp-json\/wp\/v2\/product\/37810","targetHints":{"allow":["GET"]}}],"collection":[{"href":"https:\/\/arxisdemexico.com.mx\/arxis\/wp-json\/wp\/v2\/product"}],"about":[{"href":"https:\/\/arxisdemexico.com.mx\/arxis\/wp-json\/wp\/v2\/types\/product"}],"replies":[{"embeddable":true,"href":"https:\/\/arxisdemexico.com.mx\/arxis\/wp-json\/wp\/v2\/comments?post=37810"}],"wp:featuredmedia":[{"embeddable":true,"href":"https:\/\/arxisdemexico.com.mx\/arxis\/wp-json\/wp\/v2\/media\/37811"}],"wp:attachment":[{"href":"https:\/\/arxisdemexico.com.mx\/arxis\/wp-json\/wp\/v2\/media?parent=37810"}],"wp:term":[{"taxonomy":"product_brand","embeddable":true,"href":"https:\/\/arxisdemexico.com.mx\/arxis\/wp-json\/wp\/v2\/product_brand?post=37810"},{"taxonomy":"product_cat","embeddable":true,"href":"https:\/\/arxisdemexico.com.mx\/arxis\/wp-json\/wp\/v2\/product_cat?post=37810"},{"taxonomy":"product_tag","embeddable":true,"href":"https:\/\/arxisdemexico.com.mx\/arxis\/wp-json\/wp\/v2\/product_tag?post=37810"}],"curies":[{"name":"wp","href":"https:\/\/api.w.org\/{rel}","templated":true}]}}