{"id":37783,"date":"2021-11-01T16:43:22","date_gmt":"2021-11-01T22:43:22","guid":{"rendered":"https:\/\/www.arxisdemexico.com.mx\/arxis\/?post_type=product&#038;p=37783"},"modified":"2021-11-01T16:43:23","modified_gmt":"2021-11-01T22:43:23","slug":"dahua-psdw81642m-a360-camara-ip-panoramica-multisensor-8x2mp-ptz-40x-de-zoom-ptz-de-4-megapixeles-wizmind-ir-400-mts-smart-tracking-h-265-starlight-ip66-22-es-de-audio-73-es-de-alarma","status":"publish","type":"product","link":"https:\/\/arxisdemexico.com.mx\/arxis\/producto\/dahua-psdw81642m-a360-camara-ip-panoramica-multisensor-8x2mp-ptz-40x-de-zoom-ptz-de-4-megapixeles-wizmind-ir-400-mts-smart-tracking-h-265-starlight-ip66-22-es-de-audio-73-es-de-alarma\/","title":{"rendered":"DAHUA PSDW81642M-A360 &#8211; Camara IP Panoramica Multisensor 8x2MP+ PTZ 40x de ZOOM\/ PTZ de 4 Megapixeles\/ WizMind\/ IR 400 Mts\/ Smart Tracking\/ H.265\/ Starlight\/ IP66\/ 2&#038;2 E&#038;S de Audio\/ 7&#038;3 E&#038;S de Alarma"},"content":{"rendered":"<ul>\n<li>C\u00e1mara panor\u00e1mica: ocho CMOS de barrido progresivo de 1 \/ 1.8 \u00bb y 2 megap\u00edxeles<\/li>\n<li>C\u00e1mara PTZ: Un CMOS de barrido progresivo de 4 megap\u00edxeles y 1 \/ 1.8 \u00bb<\/li>\n<li>Admite vista panor\u00e1mica de 360 \u200b\u200bgrados<\/li>\n<li>Tecnolog\u00eda Starlight +<\/li>\n<li>Admite codificaci\u00f3n Smart H265 + \/ H264 +<\/li>\n<li>D\u00eda \/ Noche (ICR); 3D NR; AWB; AGC; BLC<\/li>\n<li>Distancia IR hasta 400 m<\/li>\n<li>Seguimiento inteligente<\/li>\n<li>Tripwire<\/li>\n<li>Intrusi\u00f3n<\/li>\n<li>Mapa de multitudes<\/li>\n<\/ul>\n","protected":false},"excerpt":{"rendered":"<p class=\"text\" data-v-5fe8c490=\"\" data-gtm-vis-has-fired-10552706_195=\"1\" data-gtm-vis-has-fired-10552706_181=\"1\" data-gtm-vis-recent-on-screen-10552706_194=\"14023\" data-gtm-vis-first-on-screen-10552706_194=\"14023\" data-gtm-vis-total-visible-time-10552706_194=\"100\" data-gtm-vis-has-fired-10552706_194=\"1\" data-gtm-vis-recent-on-screen-10552706_196=\"14025\" data-gtm-vis-first-on-screen-10552706_196=\"14025\" data-gtm-vis-total-visible-time-10552706_196=\"100\" data-gtm-vis-has-fired-10552706_196=\"1\" data-gtm-vis-recent-on-screen-10552706_184=\"14027\" data-gtm-vis-first-on-screen-10552706_184=\"14027\" data-gtm-vis-total-visible-time-10552706_184=\"100\" data-gtm-vis-has-fired-10552706_184=\"1\" data-gtm-vis-recent-on-screen-10552706_192=\"14032\" data-gtm-vis-first-on-screen-10552706_192=\"14032\" data-gtm-vis-total-visible-time-10552706_192=\"100\" data-gtm-vis-has-fired-10552706_192=\"1\" data-gtm-vis-recent-on-screen-10552706_217=\"14034\" data-gtm-vis-first-on-screen-10552706_217=\"14034\" data-gtm-vis-total-visible-time-10552706_217=\"100\" data-gtm-vis-has-fired-10552706_217=\"1\" data-gtm-vis-recent-on-screen-10552706_193=\"14035\" data-gtm-vis-first-on-screen-10552706_193=\"14035\" data-gtm-vis-total-visible-time-10552706_193=\"100\" data-gtm-vis-has-fired-10552706_193=\"1\"><span>C\u00e1mara de red WizMind Multi-Sensor Panor\u00e1mica + PTZ de 8 \u00d7 2MP<\/span><\/p>\n<div data-v-5fe8c490=\"\">\n<ul>\n<li><span>C\u00e1mara panor\u00e1mica: ocho CMOS de barrido progresivo de 1 \/ 1.8 \u00bb y 2 megap\u00edxeles<\/span><\/li>\n<li><span>C\u00e1mara PTZ: Un CMOS de escaneo progresivo de 4 megap\u00edxeles y 1 \/ 1.8 \u00bb<\/span><\/li>\n<li><span>Soporte de vista panor\u00e1mica de 360 \u200b\u200bgrados<\/span><\/li>\n<li><span>Tecnolog\u00eda Starlight +<\/span><\/li>\n<li><span>Admite codificaci\u00f3n Smart H265 + \/ H264 +<\/span><\/li>\n<li><span>D\u00eda \/ Noche (ICR); 3D NR;\u00a0AWB;\u00a0AGC;\u00a0BLC<\/span><\/li>\n<li><span>Distancia IR hasta 400 m<\/span><\/li>\n<li><span>Seguimiento inteligente<\/span><\/li>\n<li><span>Tripwire<\/span><\/li>\n<li><span>Intrusi\u00f3n<\/span><\/li>\n<li><span>Mapa de multitudes<\/span><\/li>\n<\/ul>\n<\/div>\n","protected":false},"featured_media":37784,"comment_status":"open","ping_status":"closed","template":"","meta":{"_et_pb_use_builder":"","_et_pb_old_content":"","_et_gb_content_width":""},"product_brand":[],"product_cat":[521,522,523,528],"product_tag":[954,853,908,831,835,834,951,833,955,895],"class_list":{"0":"post-37783","1":"product","2":"type-product","3":"status-publish","4":"has-post-thumbnail","6":"product_cat-cctv","7":"product_cat-ip","8":"product_cat-camaras","9":"product_cat-ptz","10":"product_tag-40x-de-zoom","11":"product_tag-4mp","12":"product_tag-audio","13":"product_tag-camara","14":"product_tag-cctv","15":"product_tag-dahua","16":"product_tag-ptz","17":"product_tag-seguridad","18":"product_tag-smart-tracking","19":"product_tag-wizmind","21":"first","22":"instock","23":"taxable","24":"shipping-taxable","25":"product-type-simple"},"_links":{"self":[{"href":"https:\/\/arxisdemexico.com.mx\/arxis\/wp-json\/wp\/v2\/product\/37783","targetHints":{"allow":["GET"]}}],"collection":[{"href":"https:\/\/arxisdemexico.com.mx\/arxis\/wp-json\/wp\/v2\/product"}],"about":[{"href":"https:\/\/arxisdemexico.com.mx\/arxis\/wp-json\/wp\/v2\/types\/product"}],"replies":[{"embeddable":true,"href":"https:\/\/arxisdemexico.com.mx\/arxis\/wp-json\/wp\/v2\/comments?post=37783"}],"wp:featuredmedia":[{"embeddable":true,"href":"https:\/\/arxisdemexico.com.mx\/arxis\/wp-json\/wp\/v2\/media\/37784"}],"wp:attachment":[{"href":"https:\/\/arxisdemexico.com.mx\/arxis\/wp-json\/wp\/v2\/media?parent=37783"}],"wp:term":[{"taxonomy":"product_brand","embeddable":true,"href":"https:\/\/arxisdemexico.com.mx\/arxis\/wp-json\/wp\/v2\/product_brand?post=37783"},{"taxonomy":"product_cat","embeddable":true,"href":"https:\/\/arxisdemexico.com.mx\/arxis\/wp-json\/wp\/v2\/product_cat?post=37783"},{"taxonomy":"product_tag","embeddable":true,"href":"https:\/\/arxisdemexico.com.mx\/arxis\/wp-json\/wp\/v2\/product_tag?post=37783"}],"curies":[{"name":"wp","href":"https:\/\/api.w.org\/{rel}","templated":true}]}}