{"id":37723,"date":"2021-10-30T14:11:53","date_gmt":"2021-10-30T19:11:53","guid":{"rendered":"https:\/\/www.arxisdemexico.com.mx\/arxis\/?post_type=product&#038;p=37723"},"modified":"2021-10-30T14:15:12","modified_gmt":"2021-10-30T19:15:12","slug":"dahua-ipc-hdbw2431e-s-s2-camara-ip-domo-antivandalica-de-4-megapixeles-lente-de-2-8mm-106-grados-de-apertura-ir-30-mts-wdr-real-ranura-para-microsd-ip67-ik10","status":"publish","type":"product","link":"https:\/\/arxisdemexico.com.mx\/arxis\/producto\/dahua-ipc-hdbw2431e-s-s2-camara-ip-domo-antivandalica-de-4-megapixeles-lente-de-2-8mm-106-grados-de-apertura-ir-30-mts-wdr-real-ranura-para-microsd-ip67-ik10\/","title":{"rendered":"DAHUA IPC-HDBW2431E-S-S2 &#8211; C\u00e1mara IP Domo Antivandalica de 4 Megapixeles\/ Lente de 2.8mm\/ 106 Grados de Apertura\/ IR 30 Mts\/ WDR Real\/ Ranura para MicroSD\/ IP67\/ IK10"},"content":{"rendered":"<ul>\n<li class=\"ql-align-justify\">C\u00e1mara IP domo 4 megap\u00edxeles.<\/li>\n<li class=\"ql-align-justify\">Compresi\u00f3n de video H.265\/H.264.<\/li>\n<li class=\"ql-align-justify\">Lente fijo 2.8 mm.<\/li>\n<li class=\"ql-align-justify\">\u00c1ngulo de visi\u00f3n H: 102\u00ba.<\/li>\n<li class=\"ql-align-justify\">Distancia de IR 30m.<\/li>\n<li class=\"ql-align-justify\">D\u00eda y Noche Auto(ICR) \/ Color \/ B\/W.<\/li>\n<li class=\"ql-align-justify\">Compensaci\u00f3n de contraluz BLC, HLC, WDR 120dB.<\/li>\n<li class=\"ql-align-justify\">Reducci\u00f3n de ruido 3D.<\/li>\n<li class=\"ql-align-justify\">lR inteligente soportado.<\/li>\n<li class=\"ql-align-justify\">Est\u00e1ndar de comunicaci\u00f3n ONVIF, PSIA, CGI.<\/li>\n<li class=\"ql-align-justify\">Ranura micro SD (hasta 256GB).<\/li>\n<li class=\"ql-align-justify\">Puerto ethernet RJ-45 (10\/100Base-T).<\/li>\n<li class=\"ql-align-justify\">Fuente de alimentaci\u00f3n 12V CD \u00f3 POE (802.3af)(Perfil G.T, S).<\/li>\n<li class=\"ql-align-justify\">Consumo de energ\u00eda m\u00e1x. &lt;5.2W.<\/li>\n<li class=\"ql-align-justify\">Condiciones de operaci\u00f3n -40\u00baC a 60\u00baC.<\/li>\n<li class=\"ql-align-justify\">\u00cdndice de protecci\u00f3n IP67.<\/li>\n<li class=\"ql-align-justify\">Resistencia antivand\u00e1lica IK10.<\/li>\n<li class=\"ql-align-justify\">Material metal.<\/li>\n<li class=\"ql-align-justify\">Dimensiones \u03c681mm\u00d7109mm.<\/li>\n<li class=\"ql-align-justify\">Peso neto 0.35kg.<\/li>\n<\/ul>\n","protected":false},"excerpt":{"rendered":"<p class=\"text\" data-v-5fe8c490=\"\" data-gtm-vis-has-fired-10552706_181=\"1\" data-gtm-vis-has-fired-10552706_195=\"1\" data-gtm-vis-recent-on-screen-10552706_193=\"26087\" data-gtm-vis-first-on-screen-10552706_193=\"26087\" data-gtm-vis-total-visible-time-10552706_193=\"100\" data-gtm-vis-has-fired-10552706_193=\"1\" data-gtm-vis-recent-on-screen-10552706_194=\"26102\" data-gtm-vis-first-on-screen-10552706_194=\"26102\" data-gtm-vis-total-visible-time-10552706_194=\"100\" data-gtm-vis-has-fired-10552706_194=\"1\" data-gtm-vis-recent-on-screen-10552706_217=\"26118\" data-gtm-vis-first-on-screen-10552706_217=\"26118\" data-gtm-vis-total-visible-time-10552706_217=\"100\" data-gtm-vis-has-fired-10552706_217=\"1\" data-gtm-vis-recent-on-screen-10552706_196=\"26120\" data-gtm-vis-first-on-screen-10552706_196=\"26120\" data-gtm-vis-total-visible-time-10552706_196=\"100\" data-gtm-vis-has-fired-10552706_196=\"1\" data-gtm-vis-recent-on-screen-10552706_192=\"26121\" data-gtm-vis-first-on-screen-10552706_192=\"26121\" data-gtm-vis-total-visible-time-10552706_192=\"100\" data-gtm-vis-has-fired-10552706_192=\"1\" data-gtm-vis-recent-on-screen-10552706_184=\"26135\" data-gtm-vis-first-on-screen-10552706_184=\"26135\" data-gtm-vis-total-visible-time-10552706_184=\"100\" data-gtm-vis-has-fired-10552706_184=\"1\">C\u00e1mara de red domo de focal fija con infrarrojos Lite de 4MP<\/p>\n<div data-v-5fe8c490=\"\">\n<ul>\n<li>Sensor de imagen CMOS de 4MP, 1\/3 \u201d, baja iluminaci\u00f3n, alta definici\u00f3n de imagen<\/li>\n<li>Salidas 4MP (2560 \u00d7 1440) @ 25\/30 fps, m\u00e1x. admite 4MP (2688 \u00d7 1520) a 20 fps<\/li>\n<li>C\u00f3dec H.265, alta tasa de compresi\u00f3n, tasa de bits ultrabaja<\/li>\n<li>LED de infrarrojos integrado, distancia m\u00e1xima de infrarrojos: 30 m<\/li>\n<li>ROI, SMART H.264 + \/ H.265 +, codificaci\u00f3n flexible, aplicable a varios entornos de almacenamiento y ancho de banda<\/li>\n<li>Modo de rotaci\u00f3n, WDR, 3D NR, HLC, BLC, marca de agua digital, aplicable a varias escenas de monitoreo<\/li>\n<li>Detecci\u00f3n inteligente: intrusi\u00f3n, cable trampa<\/li>\n<li>Detecci\u00f3n de anomal\u00edas: detecci\u00f3n de movimiento, manipulaci\u00f3n de video, sin tarjeta SD, tarjeta SD llena, error de tarjeta SD, red desconectada, conflicto de IP, acceso ilegal, detecci\u00f3n de voltaje<\/li>\n<li>Soporta max. Tarjeta Micro SD de 256 GB<\/li>\n<li>Fuente de alimentaci\u00f3n 12V DC \/ PoE<\/li>\n<li>Protecci\u00f3n IP67, IK10<\/li>\n<\/ul>\n<\/div>\n","protected":false},"featured_media":37724,"comment_status":"open","ping_status":"closed","template":"","meta":{"_et_pb_use_builder":"","_et_pb_old_content":"","_et_gb_content_width":""},"product_brand":[],"product_cat":[928,521,522,523],"product_tag":[853,906,831,835,834,896,833],"class_list":{"0":"post-37723","1":"product","2":"type-product","3":"status-publish","4":"has-post-thumbnail","6":"product_cat-domo","7":"product_cat-cctv","8":"product_cat-ip","9":"product_cat-camaras","10":"product_tag-4mp","11":"product_tag-antivandalica","12":"product_tag-camara","13":"product_tag-cctv","14":"product_tag-dahua","15":"product_tag-domo","16":"product_tag-seguridad","18":"first","19":"instock","20":"taxable","21":"shipping-taxable","22":"product-type-simple"},"_links":{"self":[{"href":"https:\/\/arxisdemexico.com.mx\/arxis\/wp-json\/wp\/v2\/product\/37723","targetHints":{"allow":["GET"]}}],"collection":[{"href":"https:\/\/arxisdemexico.com.mx\/arxis\/wp-json\/wp\/v2\/product"}],"about":[{"href":"https:\/\/arxisdemexico.com.mx\/arxis\/wp-json\/wp\/v2\/types\/product"}],"replies":[{"embeddable":true,"href":"https:\/\/arxisdemexico.com.mx\/arxis\/wp-json\/wp\/v2\/comments?post=37723"}],"wp:featuredmedia":[{"embeddable":true,"href":"https:\/\/arxisdemexico.com.mx\/arxis\/wp-json\/wp\/v2\/media\/37724"}],"wp:attachment":[{"href":"https:\/\/arxisdemexico.com.mx\/arxis\/wp-json\/wp\/v2\/media?parent=37723"}],"wp:term":[{"taxonomy":"product_brand","embeddable":true,"href":"https:\/\/arxisdemexico.com.mx\/arxis\/wp-json\/wp\/v2\/product_brand?post=37723"},{"taxonomy":"product_cat","embeddable":true,"href":"https:\/\/arxisdemexico.com.mx\/arxis\/wp-json\/wp\/v2\/product_cat?post=37723"},{"taxonomy":"product_tag","embeddable":true,"href":"https:\/\/arxisdemexico.com.mx\/arxis\/wp-json\/wp\/v2\/product_tag?post=37723"}],"curies":[{"name":"wp","href":"https:\/\/api.w.org\/{rel}","templated":true}]}}