{"id":37697,"date":"2021-10-27T16:34:26","date_gmt":"2021-10-27T21:34:26","guid":{"rendered":"https:\/\/www.arxisdemexico.com.mx\/arxis\/?post_type=product&#038;p=37697"},"modified":"2021-10-27T17:10:41","modified_gmt":"2021-10-27T22:10:41","slug":"camara-de-red-wizmind-bullet-varifocal-ir-de-2mp-cmos-de-barrido-progresivo-de-1-18-y-2-megapixeles-roi-smart-h-264-h-265-codificacion-flexible-aplicable-a-varios-entornos-d","status":"publish","type":"product","link":"https:\/\/arxisdemexico.com.mx\/arxis\/producto\/camara-de-red-wizmind-bullet-varifocal-ir-de-2mp-cmos-de-barrido-progresivo-de-1-18-y-2-megapixeles-roi-smart-h-264-h-265-codificacion-flexible-aplicable-a-varios-entornos-d\/","title":{"rendered":"DAHUA IPC-HFW5242E-ZE-MF &#8211; C\u00e1mara IP Bullet IA de 2 Megapixeles\/ Lente Mot. de 2.7 a 12\/ H.265\/ IR de 50 Mts\/ E&#038;S de Audio y Alarma\/ WDR\/ MicroSD\/ IP67\/ IK10\/ Detecci\u00f3n de Rostros"},"content":{"rendered":"<ul>\n<li>Sensor de imagen\u00a01\/1.8\u201d 2 Megap\u00edxel escaneo progresivo CMOS.<\/li>\n<li>Lente Motorizado 2.7 mm &#8211; 12 mm.<\/li>\n<li>Anal\u00edticos IVS: Tripwire, Intrusi\u00f3n, Detecci\u00f3n Estacionamiento, Merodeo.<\/li>\n<li>Detecci\u00f3n Facial, Conteo de Personas, Metadada de Video, B\u00fasqueda Inteligente.<\/li>\n<li>D\u00eda\/ Noche Auto(ICR) \/ Color \/ B\/ N.<\/li>\n<li>Contraluz\u00a0BLC \/ HLC \/ WDR(140dB).<\/li>\n<li>Reducci\u00f3n de ruido 3D DNR.<\/li>\n<li>Compresi\u00f3n de video H.265+ \/H.265\/H.264+\/H.264.<\/li>\n<li>Ethernet RJ-45 (10\/100 Base-T).<\/li>\n<li>Ranura de memoria microSD, m\u00e1s 256gb (no incluida).<\/li>\n<li>Alarma\u00a02 canales de entrada, 1 canales de salida.<\/li>\n<li>Fuente de alimentaci\u00f3n\u00a0DC12V +-30%, PoE(802.3af).<\/li>\n<li>Consumo de energ\u00eda &lt;10.9W.<\/li>\n<li>Ambiente de trabajo -30\u00b0C +60\u00b0C.<\/li>\n<li>IP67, IK10.<\/li>\n<li>Material metal + Pl\u00e1stico.<\/li>\n<li>Dimensiones\u00a0237 mm\u00d7 95mm\u00d7 95mm.<\/li>\n<\/ul>\n","protected":false},"excerpt":{"rendered":"<p class=\"text\" data-v-5fe8c490=\"\" data-gtm-vis-has-fired-10552706_181=\"1\" data-gtm-vis-has-fired-10552706_195=\"1\" data-gtm-vis-first-on-screen-10552706_192=\"8355\" data-gtm-vis-first-on-screen-10552706_193=\"8358\" data-gtm-vis-first-on-screen-10552706_184=\"8359\" data-gtm-vis-first-on-screen-10552706_196=\"8360\" data-gtm-vis-first-on-screen-10552706_217=\"8367\" data-gtm-vis-first-on-screen-10552706_194=\"8368\" data-gtm-vis-recent-on-screen-10552706_192=\"48155\" data-gtm-vis-total-visible-time-10552706_192=\"100\" data-gtm-vis-has-fired-10552706_192=\"1\" data-gtm-vis-recent-on-screen-10552706_217=\"48156\" data-gtm-vis-total-visible-time-10552706_217=\"100\" data-gtm-vis-has-fired-10552706_217=\"1\" data-gtm-vis-recent-on-screen-10552706_184=\"48158\" data-gtm-vis-total-visible-time-10552706_184=\"100\" data-gtm-vis-has-fired-10552706_184=\"1\" data-gtm-vis-recent-on-screen-10552706_196=\"48159\" data-gtm-vis-total-visible-time-10552706_196=\"100\" data-gtm-vis-has-fired-10552706_196=\"1\" data-gtm-vis-recent-on-screen-10552706_194=\"48160\" data-gtm-vis-total-visible-time-10552706_194=\"100\" data-gtm-vis-has-fired-10552706_194=\"1\" data-gtm-vis-recent-on-screen-10552706_193=\"48225\" data-gtm-vis-total-visible-time-10552706_193=\"100\" data-gtm-vis-has-fired-10552706_193=\"1\">C\u00e1mara de red WizMind Bullet Varifocal IR de 2MP<\/p>\n<div data-v-5fe8c490=\"\">\n<ul>\n<li>CMOS de barrido progresivo de 1 \/ 1,8 \u201dy 2 megap\u00edxeles<\/li>\n<li>ROI, SMART H.264 + \/ H.265 +, codificaci\u00f3n flexible, aplicable a varios entornos de almacenamiento y ancho de banda \u00b7<\/li>\n<li>50\/60 fps @ 1080P (1920 \u00d7 1080)<\/li>\n<li>WDR (140 dB), d\u00eda \/ noche (ICR), 3D DNR, AWB, AGC, BLC<\/li>\n<li>Monitoreo de m\u00faltiples redes: visor web, CMS (DSS \/ PSS) y DMSS<\/li>\n<li>Lente motorizada de 2,7 mm a 12,0 mm<\/li>\n<li>2\/1 entrada \/ salida de alarma, 1\/1 entrada \/ salida de audio<\/li>\n<li>M\u00e1x. LED de infrarrojos Longitud 50 m<\/li>\n<li>Memoria Micro SD, IP67, IK10<\/li>\n<\/ul>\n<\/div>\n","protected":false},"featured_media":37698,"comment_status":"open","ping_status":"closed","template":"","meta":{"_et_pb_use_builder":"","_et_pb_old_content":"","_et_gb_content_width":""},"product_brand":[],"product_cat":[929,521,522,523],"product_tag":[862,892,908,831,835,834,937,896,920,845,833],"class_list":{"0":"post-37697","1":"product","2":"type-product","3":"status-publish","4":"has-post-thumbnail","6":"product_cat-bala","7":"product_cat-cctv","8":"product_cat-ip","9":"product_cat-camaras","10":"product_tag-2mp","11":"product_tag-alarma","12":"product_tag-audio","13":"product_tag-camara","14":"product_tag-cctv","15":"product_tag-dahua","16":"product_tag-deteccion-de-rostros","17":"product_tag-domo","18":"product_tag-ip","19":"product_tag-lente-motorizado","20":"product_tag-seguridad","22":"first","23":"instock","24":"taxable","25":"shipping-taxable","26":"product-type-simple"},"_links":{"self":[{"href":"https:\/\/arxisdemexico.com.mx\/arxis\/wp-json\/wp\/v2\/product\/37697","targetHints":{"allow":["GET"]}}],"collection":[{"href":"https:\/\/arxisdemexico.com.mx\/arxis\/wp-json\/wp\/v2\/product"}],"about":[{"href":"https:\/\/arxisdemexico.com.mx\/arxis\/wp-json\/wp\/v2\/types\/product"}],"replies":[{"embeddable":true,"href":"https:\/\/arxisdemexico.com.mx\/arxis\/wp-json\/wp\/v2\/comments?post=37697"}],"wp:featuredmedia":[{"embeddable":true,"href":"https:\/\/arxisdemexico.com.mx\/arxis\/wp-json\/wp\/v2\/media\/37698"}],"wp:attachment":[{"href":"https:\/\/arxisdemexico.com.mx\/arxis\/wp-json\/wp\/v2\/media?parent=37697"}],"wp:term":[{"taxonomy":"product_brand","embeddable":true,"href":"https:\/\/arxisdemexico.com.mx\/arxis\/wp-json\/wp\/v2\/product_brand?post=37697"},{"taxonomy":"product_cat","embeddable":true,"href":"https:\/\/arxisdemexico.com.mx\/arxis\/wp-json\/wp\/v2\/product_cat?post=37697"},{"taxonomy":"product_tag","embeddable":true,"href":"https:\/\/arxisdemexico.com.mx\/arxis\/wp-json\/wp\/v2\/product_tag?post=37697"}],"curies":[{"name":"wp","href":"https:\/\/api.w.org\/{rel}","templated":true}]}}