{"id":37687,"date":"2021-10-27T15:03:48","date_gmt":"2021-10-27T20:03:48","guid":{"rendered":"https:\/\/www.arxisdemexico.com.mx\/arxis\/?post_type=product&#038;p=37687"},"modified":"2021-10-27T15:03:51","modified_gmt":"2021-10-27T20:03:51","slug":"dahua-ipc-hfw5241e-z12e-camara-zoom-ip-bullet-de-2-megapixeles-wizmind-zoom-optico-de-12x-ir-de-150-mts-videoanaliticos-con-deteccion-de-rostros-y-smd-plus-21-es-de-alarma-es-audio-ranura","status":"publish","type":"product","link":"https:\/\/arxisdemexico.com.mx\/arxis\/producto\/dahua-ipc-hfw5241e-z12e-camara-zoom-ip-bullet-de-2-megapixeles-wizmind-zoom-optico-de-12x-ir-de-150-mts-videoanaliticos-con-deteccion-de-rostros-y-smd-plus-21-es-de-alarma-es-audio-ranura\/","title":{"rendered":"DAHUA IPC-HFW5241E-Z12E &#8211; Camara Zoom IP Bullet de 2 Megapixeles\/ Wizmind\/ Zoom Optico de 12X\/ IR de 150 Mts\/ Videoanaliticos con Detecci\u00f3n de Rostros y SMD Plus\/ 2&#038;1 E&#038;S de Alarma\/ E&#038;S Audio\/ Ranura MicroSD\/ IP67\/ IK10\/ WDR Real"},"content":{"rendered":"<ul>\n<li>Sensor de imagen\u00a01\/2.8\u201d 2 Megap\u00edxel.<\/li>\n<li>Sensor STARVIS.<\/li>\n<li>Resoluci\u00f3n m\u00e1xima 1920 x 1080.<\/li>\n<li>Lente Motorizado 5.3mm &#8211; 64 mm.<\/li>\n<li>Anal\u00edticos IVS: Tripwire, Intrusi\u00f3n, Detecci\u00f3n Estacionamiento, Merodeo.<\/li>\n<li>Detecci\u00f3n Facial, Conteo de Personas, Metadada de Video,Protecci\u00f3n de Per\u00edmetro, B\u00fasqueda Inteligente.<\/li>\n<li>D\u00eda\/ Noche Auto(ICR) \/ Color \/ B\/ N.<\/li>\n<li>Contraluz\u00a0BLC \/ HLC \/ WDR(120dB).<\/li>\n<li>Reducci\u00f3n de ruido 3D DNR.<\/li>\n<li>Compresi\u00f3n de video H.265+ \/H.265\/H.264+\/H.264.<\/li>\n<li>Ethernet RJ-45 (10\/100Base-T).<\/li>\n<li>Ranura de memoria microSD, m\u00e1ximo 256Gb (no incluida).<\/li>\n<li>Fuente de alimentaci\u00f3n\u00a0DC12V, AC24V, PoE(802.3af).<\/li>\n<li>Consumo de energ\u00eda &lt;10.3W.<\/li>\n<li>Ambiente de trabajo -30\u00b0C +60\u00b0C.<\/li>\n<li>IP67, IK10.<\/li>\n<li>Material metal + Pl\u00e1stico.<\/li>\n<li>Dimensiones\u00a0273.2 mm \u00d7 95.0 mm \u00d7 95.0 mm.<\/li>\n<\/ul>\n","protected":false},"excerpt":{"rendered":"<p class=\"text\" data-v-5fe8c490=\"\" data-gtm-vis-has-fired-10552706_181=\"1\" data-gtm-vis-has-fired-10552706_195=\"1\" data-gtm-vis-first-on-screen-10552706_196=\"10927\" data-gtm-vis-first-on-screen-10552706_193=\"10929\" data-gtm-vis-first-on-screen-10552706_217=\"10958\" data-gtm-vis-first-on-screen-10552706_192=\"10968\" data-gtm-vis-first-on-screen-10552706_184=\"10971\" data-gtm-vis-first-on-screen-10552706_194=\"10974\" data-gtm-vis-recent-on-screen-10552706_196=\"11206\" data-gtm-vis-total-visible-time-10552706_196=\"100\" data-gtm-vis-has-fired-10552706_196=\"1\" data-gtm-vis-recent-on-screen-10552706_193=\"11207\" data-gtm-vis-total-visible-time-10552706_193=\"100\" data-gtm-vis-has-fired-10552706_193=\"1\" data-gtm-vis-recent-on-screen-10552706_194=\"11227\" data-gtm-vis-total-visible-time-10552706_194=\"100\" data-gtm-vis-has-fired-10552706_194=\"1\" data-gtm-vis-recent-on-screen-10552706_217=\"11229\" data-gtm-vis-total-visible-time-10552706_217=\"100\" data-gtm-vis-has-fired-10552706_217=\"1\" data-gtm-vis-recent-on-screen-10552706_192=\"11233\" data-gtm-vis-total-visible-time-10552706_192=\"100\" data-gtm-vis-has-fired-10552706_192=\"1\" data-gtm-vis-recent-on-screen-10552706_184=\"11234\" data-gtm-vis-total-visible-time-10552706_184=\"100\" data-gtm-vis-has-fired-10552706_184=\"1\"><span>C\u00e1mara de red WizMind Bullet Varifocal IR de 2MP<\/span><\/p>\n<div data-v-5fe8c490=\"\">\n<ul>\n<li><span>CMOS STARVIS \u2122 de barrido progresivo de 1 \/ 2,8 \u201dy 2 megap\u00edxeles<\/span><\/li>\n<li><span>ROI, SMART H.264 + \/ H.265 +, codificaci\u00f3n flexible, aplicable a varios entornos de almacenamiento y ancho de banda<\/span><\/li>\n<li><span>25\/30 fps @ 1080P (1920 \u00d7 1080)<\/span><\/li>\n<li><span>WDR (120 dB), d\u00eda \/ noche (ICR), 3D DNR, AWB, AGC, BLC<\/span><\/li>\n<li><span>Monitoreo de m\u00faltiples redes: visor web, CMS (DSS \/ PSS) y DMSS<\/span><\/li>\n<li><span>Lente motorizada de 5,3 mm a 64,0 mm<\/span><\/li>\n<li><span>2\/1 entrada \/ salida de alarma, 1\/1 entrada \/ salida de audio<\/span><\/li>\n<li><span>M\u00e1x. LED de infrarrojos Longitud 150 m<\/span><\/li>\n<li><span>Memoria Micro SD, IP67, IK10<\/span><\/li>\n<\/ul>\n<\/div>\n","protected":false},"featured_media":37688,"comment_status":"open","ping_status":"closed","template":"","meta":{"_et_pb_use_builder":"","_et_pb_old_content":"","_et_gb_content_width":""},"product_brand":[],"product_cat":[929,521,522,523],"product_tag":[862,892,908,831,835,834,896,920,833,930,936],"class_list":{"0":"post-37687","1":"product","2":"type-product","3":"status-publish","4":"has-post-thumbnail","6":"product_cat-bala","7":"product_cat-cctv","8":"product_cat-ip","9":"product_cat-camaras","10":"product_tag-2mp","11":"product_tag-alarma","12":"product_tag-audio","13":"product_tag-camara","14":"product_tag-cctv","15":"product_tag-dahua","16":"product_tag-domo","17":"product_tag-ip","18":"product_tag-seguridad","19":"product_tag-videoanaliticos","20":"product_tag-zoom-optico","22":"first","23":"instock","24":"taxable","25":"shipping-taxable","26":"product-type-simple"},"_links":{"self":[{"href":"https:\/\/arxisdemexico.com.mx\/arxis\/wp-json\/wp\/v2\/product\/37687","targetHints":{"allow":["GET"]}}],"collection":[{"href":"https:\/\/arxisdemexico.com.mx\/arxis\/wp-json\/wp\/v2\/product"}],"about":[{"href":"https:\/\/arxisdemexico.com.mx\/arxis\/wp-json\/wp\/v2\/types\/product"}],"replies":[{"embeddable":true,"href":"https:\/\/arxisdemexico.com.mx\/arxis\/wp-json\/wp\/v2\/comments?post=37687"}],"wp:featuredmedia":[{"embeddable":true,"href":"https:\/\/arxisdemexico.com.mx\/arxis\/wp-json\/wp\/v2\/media\/37688"}],"wp:attachment":[{"href":"https:\/\/arxisdemexico.com.mx\/arxis\/wp-json\/wp\/v2\/media?parent=37687"}],"wp:term":[{"taxonomy":"product_brand","embeddable":true,"href":"https:\/\/arxisdemexico.com.mx\/arxis\/wp-json\/wp\/v2\/product_brand?post=37687"},{"taxonomy":"product_cat","embeddable":true,"href":"https:\/\/arxisdemexico.com.mx\/arxis\/wp-json\/wp\/v2\/product_cat?post=37687"},{"taxonomy":"product_tag","embeddable":true,"href":"https:\/\/arxisdemexico.com.mx\/arxis\/wp-json\/wp\/v2\/product_tag?post=37687"}],"curies":[{"name":"wp","href":"https:\/\/api.w.org\/{rel}","templated":true}]}}