{"id":37652,"date":"2021-10-25T13:58:02","date_gmt":"2021-10-25T18:58:02","guid":{"rendered":"https:\/\/www.arxisdemexico.com.mx\/arxis\/?post_type=product&#038;p=37652"},"modified":"2021-10-25T13:59:31","modified_gmt":"2021-10-25T18:59:31","slug":"dahua-ipc-hfw1435s-w-s2-camara-ip-bullet-4-megapixeles-wifi-lente-2-8-mm-angulo-de-vision-97-grados-luz-ir-30-metros-hlc-ip67-onvif-ranura-para-microsd","status":"publish","type":"product","link":"https:\/\/arxisdemexico.com.mx\/arxis\/producto\/dahua-ipc-hfw1435s-w-s2-camara-ip-bullet-4-megapixeles-wifi-lente-2-8-mm-angulo-de-vision-97-grados-luz-ir-30-metros-hlc-ip67-onvif-ranura-para-microsd\/","title":{"rendered":"DAHUA IPC-HFW1435S-W-S2 &#8211; Camara IP bullet 4 megapixeles WiFi \/ Lente 2.8 mm \/ Angulo de vision 97 grados \/ Luz ir 30 metros \/ HLC \/ IP67 \/ ONVIF \/ Ranura para MicroSD"},"content":{"rendered":"<ul>\n<li class=\"ql-align-justify\">Sensor\u00a01\/3\u201d4Megapixel CMOS.<\/li>\n<li class=\"ql-align-justify\">Compresi\u00f3n de video H.265\/H.264.<\/li>\n<li class=\"ql-align-justify\">Lente fijo 2.8 mm.<\/li>\n<li class=\"ql-align-justify\">\u00c1ngulo de visi\u00f3n\u00a0Horizontal: 97\u00b0 Vertical: 52\u00b0 Diagonal: 116\u00b0<\/li>\n<li class=\"ql-align-justify\">Distancia de IR 30m.<\/li>\n<li class=\"ql-align-justify\">D\u00eda y Noche Auto(ICR) \/ Color \/ B\/W.<\/li>\n<li class=\"ql-align-justify\">Compensaci\u00f3n de contraluz BLC, HLC, DWDR<\/li>\n<li class=\"ql-align-justify\">Reducci\u00f3n de ruido 3D DNR.<\/li>\n<li class=\"ql-align-justify\">Est\u00e1ndar de comunicaci\u00f3n\u00a0ONVIF (Profile T\/Profile S\/Profile G); CGI.<\/li>\n<li class=\"ql-align-justify\">Ranura micro SD (hasta 256GB).<\/li>\n<li class=\"ql-align-justify\">Puerto ethernet RJ-45 (10\/100Base-T).<\/li>\n<li class=\"ql-align-justify\">Fuente de alimentaci\u00f3n 12V dc<\/li>\n<li class=\"ql-align-justify\">Consumo de energ\u00eda m\u00e1x. &lt;5.39 W.<\/li>\n<li class=\"ql-align-justify\">Condiciones de operaci\u00f3n -40\u00baC a 60\u00baC.<\/li>\n<li class=\"ql-align-justify\">\u00cdndice de protecci\u00f3n IP67.<\/li>\n<li class=\"ql-align-justify\">Material metal.<\/li>\n<li class=\"ql-align-justify\">Dimensiones\u00a0164.9 mm \u00d7 70 mm \u00d7 125.2 mm (L \u00d7 W \u00d7 H)<\/li>\n<li class=\"ql-align-justify\">Peso neto\u00a0431 g.<\/li>\n<\/ul>\n","protected":false},"excerpt":{"rendered":"<p class=\"text\" data-v-5fe8c490=\"\">C\u00e1mara Wi-Fi tipo Bullet de 4 MP<\/p>\n<div data-v-5fe8c490=\"\">\n<ul>\n<li>Sensor de imagen CMOS de 4MP, 1\/3 \u201d, baja iluminaci\u00f3n, alta definici\u00f3n de imagen<\/li>\n<li>Salidas m\u00e1x. 4MP (2560 \u00d7 1440) a 20 fps<\/li>\n<li>C\u00f3dec H.265, alta tasa de compresi\u00f3n, tasa de bits ultrabaja<\/li>\n<li>M\u00e1x. IR distancia: 30 m<\/li>\n<li>ROI, SMART H.264 \/ H.265, codificaci\u00f3n flexible, aplicable a varios entornos de almacenamiento y ancho de banda<\/li>\n<li>Modo de rotaci\u00f3n, WDR, 3D DNR, HLC, BLC, marca de agua digital, aplicable a varias escenas de monitoreo<\/li>\n<li>Admite tarjeta Micro SD de 256 G<\/li>\n<li>Fuente de alimentaci\u00f3n de 12 V CC, f\u00e1cil de instalar<\/li>\n<li>Protecci\u00f3n IP67<\/li>\n<li>Soporta Wi-Fi<\/li>\n<\/ul>\n<\/div>\n","protected":false},"featured_media":37654,"comment_status":"open","ping_status":"closed","template":"","meta":{"_et_pb_use_builder":"","_et_pb_old_content":"","_et_gb_content_width":""},"product_brand":[],"product_cat":[929,521,522,523,530],"product_tag":[853,831,835,834,896,920,833],"class_list":{"0":"post-37652","1":"product","2":"type-product","3":"status-publish","4":"has-post-thumbnail","6":"product_cat-bala","7":"product_cat-cctv","8":"product_cat-ip","9":"product_cat-camaras","10":"product_cat-inalambricas","11":"product_tag-4mp","12":"product_tag-camara","13":"product_tag-cctv","14":"product_tag-dahua","15":"product_tag-domo","16":"product_tag-ip","17":"product_tag-seguridad","19":"first","20":"instock","21":"taxable","22":"shipping-taxable","23":"product-type-simple"},"_links":{"self":[{"href":"https:\/\/arxisdemexico.com.mx\/arxis\/wp-json\/wp\/v2\/product\/37652","targetHints":{"allow":["GET"]}}],"collection":[{"href":"https:\/\/arxisdemexico.com.mx\/arxis\/wp-json\/wp\/v2\/product"}],"about":[{"href":"https:\/\/arxisdemexico.com.mx\/arxis\/wp-json\/wp\/v2\/types\/product"}],"replies":[{"embeddable":true,"href":"https:\/\/arxisdemexico.com.mx\/arxis\/wp-json\/wp\/v2\/comments?post=37652"}],"wp:featuredmedia":[{"embeddable":true,"href":"https:\/\/arxisdemexico.com.mx\/arxis\/wp-json\/wp\/v2\/media\/37654"}],"wp:attachment":[{"href":"https:\/\/arxisdemexico.com.mx\/arxis\/wp-json\/wp\/v2\/media?parent=37652"}],"wp:term":[{"taxonomy":"product_brand","embeddable":true,"href":"https:\/\/arxisdemexico.com.mx\/arxis\/wp-json\/wp\/v2\/product_brand?post=37652"},{"taxonomy":"product_cat","embeddable":true,"href":"https:\/\/arxisdemexico.com.mx\/arxis\/wp-json\/wp\/v2\/product_cat?post=37652"},{"taxonomy":"product_tag","embeddable":true,"href":"https:\/\/arxisdemexico.com.mx\/arxis\/wp-json\/wp\/v2\/product_tag?post=37652"}],"curies":[{"name":"wp","href":"https:\/\/api.w.org\/{rel}","templated":true}]}}