{"id":37601,"date":"2021-10-20T14:19:11","date_gmt":"2021-10-20T19:19:11","guid":{"rendered":"https:\/\/www.arxisdemexico.com.mx\/arxis\/?post_type=product&#038;p=37601"},"modified":"2021-11-18T17:54:01","modified_gmt":"2021-11-18T23:54:01","slug":"dahua-hac-hdw1239t-a-led-camara-domo-hdcvi-full-color-1080p-microfono-integrado-metalica-leds-40-mts-lente-de-3-6mm-ip67-starlight","status":"publish","type":"product","link":"https:\/\/arxisdemexico.com.mx\/arxis\/producto\/dahua-hac-hdw1239t-a-led-camara-domo-hdcvi-full-color-1080p-microfono-integrado-metalica-leds-40-mts-lente-de-3-6mm-ip67-starlight\/","title":{"rendered":"DAHUA HAC-HDW1239T (-A) -LED &#8211; Camara Domo HDCVI Full Color 1080p\/ Microfono Integrado\/ Metalica\/ Leds 40 Mts\/ Lente de 3.6mm\/ IP67\/ Starlight"},"content":{"rendered":"<ul>\n<li class=\"ql-align-justify\">1 \/ 2.8 \u00bb CMOS<\/li>\n<li class=\"ql-align-justify\">M\u00e1x Distancia IR LEDs 40m.<\/li>\n<li class=\"ql-align-justify\">Lente 3.6mm.<\/li>\n<li class=\"ql-align-justify\">\u00c1ngulo de Visi\u00f3n 103.6\u00b0x86.9\u00b0x46.3\u00b0 (diagonal\/horizontal\/vertical)<\/li>\n<li class=\"ql-align-justify\">Zoom: Digital 16x.<\/li>\n<li class=\"ql-align-justify\">Fuente de alimentaci\u00f3n 12V DC +-30%.<\/li>\n<li class=\"ql-align-justify\">Consumo de energ\u00eda\u00a05W (IR encendidos).<\/li>\n<li class=\"ql-align-justify\">Condiciones de Trabajo -40\u00b0 C ~ +60\u00b0 C \/ menos de 95% RH<\/li>\n<li class=\"ql-align-justify\">\u00cdndice de protecci\u00f3n IP67.<\/li>\n<li class=\"ql-align-justify\">Micr\u00f3fono embebido.<\/li>\n<li class=\"ql-align-justify\">Peso 0.46kg.<\/li>\n<li class=\"ql-align-justify\">Material Metal<\/li>\n<\/ul>\n","protected":false},"excerpt":{"rendered":"<p class=\"text\" data-v-5fe8c490=\"\" data-gtm-vis-has-fired-10552706_181=\"1\" data-gtm-vis-has-fired-10552706_195=\"1\" data-gtm-vis-first-on-screen-10552706_193=\"6307\" data-gtm-vis-first-on-screen-10552706_217=\"6309\" data-gtm-vis-first-on-screen-10552706_192=\"6313\" data-gtm-vis-first-on-screen-10552706_196=\"6315\" data-gtm-vis-first-on-screen-10552706_194=\"6316\" data-gtm-vis-first-on-screen-10552706_184=\"6318\" data-gtm-vis-recent-on-screen-10552706_196=\"10302\" data-gtm-vis-total-visible-time-10552706_196=\"100\" data-gtm-vis-has-fired-10552706_196=\"1\" data-gtm-vis-recent-on-screen-10552706_193=\"10304\" data-gtm-vis-total-visible-time-10552706_193=\"100\" data-gtm-vis-has-fired-10552706_193=\"1\" data-gtm-vis-recent-on-screen-10552706_217=\"10305\" data-gtm-vis-total-visible-time-10552706_217=\"100\" data-gtm-vis-has-fired-10552706_217=\"1\" data-gtm-vis-recent-on-screen-10552706_192=\"10306\" data-gtm-vis-total-visible-time-10552706_192=\"100\" data-gtm-vis-has-fired-10552706_192=\"1\" data-gtm-vis-recent-on-screen-10552706_194=\"10308\" data-gtm-vis-total-visible-time-10552706_194=\"100\" data-gtm-vis-has-fired-10552706_194=\"1\" data-gtm-vis-recent-on-screen-10552706_184=\"10314\" data-gtm-vis-total-visible-time-10552706_184=\"100\" data-gtm-vis-has-fired-10552706_184=\"1\"><span>C\u00e1mara ocular HDCVI a todo color de 2MP<\/span>.<\/p>\n<div data-v-5fe8c490=\"\">\n<ul>\n<li><span>Im\u00e1genes en color 24 horas al d\u00eda, 7 d\u00edas a la semana, m\u00e1x. 30 fps a 1080p<\/span><\/li>\n<li><span>40 m de distancia de iluminaci\u00f3n<\/span><\/li>\n<li><span>Super Adapt, WDR real de 130 dB, 3D NR<\/span><\/li>\n<li><span>Micr\u00f3fono incorporado (-A)<\/span><\/li>\n<li><span>Lente fija de 3.6 mm (2.8 mm opcional)<\/span><\/li>\n<li><span>CVI \/ CVBS \/ AHD \/ TVI conmutable<\/span><\/li>\n<li><span>IP67, DC 12 V<\/span><\/li>\n<\/ul>\n<\/div>\n","protected":false},"featured_media":37602,"comment_status":"open","ping_status":"closed","template":"","meta":{"_et_pb_use_builder":"","_et_pb_old_content":"","_et_gb_content_width":""},"product_brand":[],"product_cat":[1015,521,548,559],"product_tag":[862,831,835,834,896,846,850,833],"class_list":{"0":"post-37601","1":"product","2":"type-product","3":"status-publish","4":"has-post-thumbnail","6":"product_cat-domo-camaras-ahd","7":"product_cat-cctv","8":"product_cat-ahd","9":"product_cat-camaras-ahd","10":"product_tag-2mp","11":"product_tag-camara","12":"product_tag-cctv","13":"product_tag-dahua","14":"product_tag-domo","15":"product_tag-full-color","16":"product_tag-microfono-integrado","17":"product_tag-seguridad","19":"first","20":"instock","21":"taxable","22":"shipping-taxable","23":"product-type-simple"},"_links":{"self":[{"href":"https:\/\/arxisdemexico.com.mx\/arxis\/wp-json\/wp\/v2\/product\/37601","targetHints":{"allow":["GET"]}}],"collection":[{"href":"https:\/\/arxisdemexico.com.mx\/arxis\/wp-json\/wp\/v2\/product"}],"about":[{"href":"https:\/\/arxisdemexico.com.mx\/arxis\/wp-json\/wp\/v2\/types\/product"}],"replies":[{"embeddable":true,"href":"https:\/\/arxisdemexico.com.mx\/arxis\/wp-json\/wp\/v2\/comments?post=37601"}],"wp:featuredmedia":[{"embeddable":true,"href":"https:\/\/arxisdemexico.com.mx\/arxis\/wp-json\/wp\/v2\/media\/37602"}],"wp:attachment":[{"href":"https:\/\/arxisdemexico.com.mx\/arxis\/wp-json\/wp\/v2\/media?parent=37601"}],"wp:term":[{"taxonomy":"product_brand","embeddable":true,"href":"https:\/\/arxisdemexico.com.mx\/arxis\/wp-json\/wp\/v2\/product_brand?post=37601"},{"taxonomy":"product_cat","embeddable":true,"href":"https:\/\/arxisdemexico.com.mx\/arxis\/wp-json\/wp\/v2\/product_cat?post=37601"},{"taxonomy":"product_tag","embeddable":true,"href":"https:\/\/arxisdemexico.com.mx\/arxis\/wp-json\/wp\/v2\/product_tag?post=37601"}],"curies":[{"name":"wp","href":"https:\/\/api.w.org\/{rel}","templated":true}]}}