{"id":37578,"date":"2021-10-18T15:29:44","date_gmt":"2021-10-18T20:29:44","guid":{"rendered":"https:\/\/www.arxisdemexico.com.mx\/arxis\/?post_type=product&#038;p=37578"},"modified":"2021-11-18T17:57:37","modified_gmt":"2021-11-18T23:57:37","slug":"dahua-hac-hdw1500tlq-a-camara-domo-de-5-megapixeles-microfono-integrado-lente-de-2-8mm-ir-de-30-mts-ip67-starlight-cvi-cvbs-ahd-tvi","status":"publish","type":"product","link":"https:\/\/arxisdemexico.com.mx\/arxis\/producto\/dahua-hac-hdw1500tlq-a-camara-domo-de-5-megapixeles-microfono-integrado-lente-de-2-8mm-ir-de-30-mts-ip67-starlight-cvi-cvbs-ahd-tvi\/","title":{"rendered":"DAHUA HAC-HDW1500TLQ-A &#8211; Camara Domo de 5 Megapixeles\/ Microfono Integrado\/ Lente de 2.8mm\/ IR de 30 Mts\/ IP67\/ Starlight\/ CVI\/CVBS\/AHD\/TVI"},"content":{"rendered":"<ul>\n<li>Sensor CMOS 1\/2.7\u201d 5MP<\/li>\n<li>Resoluci\u00f3n m\u00e1xima 2880 (H) x 1620 (V)<\/li>\n<li>Iluminaci\u00f3n m\u00ednima 0.01Lux\/F1.6 IR apagado; 0 Lux IR encendido.<\/li>\n<li>1 LED IR Hasta 30m.<\/li>\n<li>Lente fijo 2.8mm.<\/li>\n<li>D\u00eda y noche autom\u00e1tico switcheo filtro ICR.<\/li>\n<li>BLC\/HLC\/DWDR, 2D NR.<\/li>\n<li>Micr\u00f3fono Inter construido.<\/li>\n<li>Entrada de voltaje 12V DC \u00b130%.<\/li>\n<li>Consumo m\u00e1ximo 3.2W<\/li>\n<li>Condiciones de operaci\u00f3n -40\u00b0C a 60\u00b0C, humedad relativa 95%.<\/li>\n<\/ul>\n","protected":false},"excerpt":{"rendered":"<p>C\u00e1mara Eyeball IR Starlight HDCVI de 5MP de instalaci\u00f3n r\u00e1pida<\/p>\n<ul>\n<li><span style=\"font-size: 14px;\">M\u00e1x.25 fps @ 5MP (salida de video 16: 9)<\/span><\/li>\n<li>CVI \/ CVBS \/ AHD \/ TVI conmutable<\/li>\n<li>Globo ocular de instalaci\u00f3n r\u00e1pida que ahorra tiempo de instalaci\u00f3n<\/li>\n<li>Lente fija de 3,6 mm (2,8 mm opcional)<\/li>\n<li>Micr\u00f3fono incorporado<\/li>\n<li>M\u00e1x. IR longitud 30 m, IR inteligente<\/li>\n<li>IP67, DC12V<\/li>\n<\/ul>\n","protected":false},"featured_media":37579,"comment_status":"open","ping_status":"closed","template":"","meta":{"_et_pb_use_builder":"","_et_pb_old_content":"","_et_gb_content_width":""},"product_brand":[],"product_cat":[1015,521,548,559],"product_tag":[855,831,835,834,896,850,833],"class_list":{"0":"post-37578","1":"product","2":"type-product","3":"status-publish","4":"has-post-thumbnail","6":"product_cat-domo-camaras-ahd","7":"product_cat-cctv","8":"product_cat-ahd","9":"product_cat-camaras-ahd","10":"product_tag-5mp","11":"product_tag-camara","12":"product_tag-cctv","13":"product_tag-dahua","14":"product_tag-domo","15":"product_tag-microfono-integrado","16":"product_tag-seguridad","18":"first","19":"instock","20":"taxable","21":"shipping-taxable","22":"product-type-simple"},"_links":{"self":[{"href":"https:\/\/arxisdemexico.com.mx\/arxis\/wp-json\/wp\/v2\/product\/37578","targetHints":{"allow":["GET"]}}],"collection":[{"href":"https:\/\/arxisdemexico.com.mx\/arxis\/wp-json\/wp\/v2\/product"}],"about":[{"href":"https:\/\/arxisdemexico.com.mx\/arxis\/wp-json\/wp\/v2\/types\/product"}],"replies":[{"embeddable":true,"href":"https:\/\/arxisdemexico.com.mx\/arxis\/wp-json\/wp\/v2\/comments?post=37578"}],"wp:featuredmedia":[{"embeddable":true,"href":"https:\/\/arxisdemexico.com.mx\/arxis\/wp-json\/wp\/v2\/media\/37579"}],"wp:attachment":[{"href":"https:\/\/arxisdemexico.com.mx\/arxis\/wp-json\/wp\/v2\/media?parent=37578"}],"wp:term":[{"taxonomy":"product_brand","embeddable":true,"href":"https:\/\/arxisdemexico.com.mx\/arxis\/wp-json\/wp\/v2\/product_brand?post=37578"},{"taxonomy":"product_cat","embeddable":true,"href":"https:\/\/arxisdemexico.com.mx\/arxis\/wp-json\/wp\/v2\/product_cat?post=37578"},{"taxonomy":"product_tag","embeddable":true,"href":"https:\/\/arxisdemexico.com.mx\/arxis\/wp-json\/wp\/v2\/product_tag?post=37578"}],"curies":[{"name":"wp","href":"https:\/\/api.w.org\/{rel}","templated":true}]}}