{"id":37576,"date":"2021-10-18T15:18:25","date_gmt":"2021-10-18T20:18:25","guid":{"rendered":"https:\/\/www.arxisdemexico.com.mx\/arxis\/?post_type=product&#038;p=37576"},"modified":"2021-11-18T17:57:51","modified_gmt":"2021-11-18T23:57:51","slug":"dahua-hac-hdw1231tmq-a-camara-domo-1080p-super-adapt-lente-de-2-8mm-107-grados-de-apertura-microfono-integrado-ir-de-60-mts-wdr-real-de-130-db-ip67-instalacion-rapida-soporta-cvi-cvbs-ahd-t","status":"publish","type":"product","link":"https:\/\/arxisdemexico.com.mx\/arxis\/producto\/dahua-hac-hdw1231tmq-a-camara-domo-1080p-super-adapt-lente-de-2-8mm-107-grados-de-apertura-microfono-integrado-ir-de-60-mts-wdr-real-de-130-db-ip67-instalacion-rapida-soporta-cvi-cvbs-ahd-t\/","title":{"rendered":"DAHUA HAC-HDW1231TMQ-A &#8211; Camara Domo 1080p Super Adapt\/ Lente de 2.8mm\/ 107 Grados de Apertura\/ Microfono Integrado\/ IR de 60 mts\/ WDR Real de 130 dB\/ IP67\/ Instalaci\u00f3n R\u00e1pida\/ Soporta: CVI\/CVBS\/AHD\/TVI"},"content":{"rendered":"<ul>\n<li>M\u00e1ximo 30 fps a 1080p<\/li>\n<li>Starlight, WDR verdadero de 130 dB, 3D NR<\/li>\n<li>Lente fija de 3,6 mm (2,8 mm, 6 mm opcional)<\/li>\n<li>CVI \/ CVBS \/ AHD \/ TVI conmutable<\/li>\n<li>Super Adapt<\/li>\n<li>Micr\u00f3fono incorporado<\/li>\n<li>M\u00e1x. IR longitud 60 m, IR inteligente<\/li>\n<li>IP67, CC 12 V<\/li>\n<li>La instalaci\u00f3n r\u00e1pida ahorra tiempo de instalaci\u00f3n<\/li>\n<li>Material: C\u00fapula de metal + cubierta de metal + anillo decorativo de pl\u00e1stico<\/li>\n<\/ul>\n","protected":false},"excerpt":{"rendered":"<p class=\"text\" data-v-5fe8c490=\"\" data-gtm-vis-has-fired-10552706_181=\"1\" data-gtm-vis-has-fired-10552706_195=\"1\" data-gtm-vis-first-on-screen-10552706_217=\"3623\" data-gtm-vis-first-on-screen-10552706_192=\"3751\" data-gtm-vis-first-on-screen-10552706_196=\"3808\" data-gtm-vis-first-on-screen-10552706_184=\"5078\" data-gtm-vis-first-on-screen-10552706_193=\"5164\" data-gtm-vis-first-on-screen-10552706_194=\"5416\" data-gtm-vis-recent-on-screen-10552706_217=\"6122\" data-gtm-vis-total-visible-time-10552706_217=\"100\" data-gtm-vis-has-fired-10552706_217=\"1\" data-gtm-vis-recent-on-screen-10552706_192=\"6123\" data-gtm-vis-total-visible-time-10552706_192=\"100\" data-gtm-vis-has-fired-10552706_192=\"1\" data-gtm-vis-recent-on-screen-10552706_196=\"6124\" data-gtm-vis-total-visible-time-10552706_196=\"100\" data-gtm-vis-has-fired-10552706_196=\"1\" data-gtm-vis-recent-on-screen-10552706_184=\"6149\" data-gtm-vis-total-visible-time-10552706_184=\"100\" data-gtm-vis-has-fired-10552706_184=\"1\" data-gtm-vis-recent-on-screen-10552706_193=\"6150\" data-gtm-vis-total-visible-time-10552706_193=\"100\" data-gtm-vis-has-fired-10552706_193=\"1\" data-gtm-vis-recent-on-screen-10552706_194=\"6151\" data-gtm-vis-total-visible-time-10552706_194=\"100\" data-gtm-vis-has-fired-10552706_194=\"1\">C\u00e1mara Eyeball Starlight HDCVI IR de 2MP de r\u00e1pida instalaci\u00f3n<\/p>\n<ul>\n<li>M\u00e1x.30 fps @ 1080p<br \/>\nStarlight, WDR real de 130 dB, 3D NR<br \/>\nLente fija de 3.6 mm (2.8 mm, 6 mm opcional)<br \/>\nCVI \/ CVBS \/ AHD \/ TVI conmutable<br \/>\nSuper Adapt<br \/>\nMicr\u00f3fono incorporado<br \/>\nMax. IR longitud 60 m, IR inteligente<br \/>\nIP67, 12 V CC<\/li>\n<\/ul>\n","protected":false},"featured_media":37577,"comment_status":"open","ping_status":"closed","template":"","meta":{"_et_pb_use_builder":"","_et_pb_old_content":"","_et_gb_content_width":""},"product_brand":[],"product_cat":[1015,521,548,559],"product_tag":[],"class_list":{"0":"post-37576","1":"product","2":"type-product","3":"status-publish","4":"has-post-thumbnail","6":"product_cat-domo-camaras-ahd","7":"product_cat-cctv","8":"product_cat-ahd","9":"product_cat-camaras-ahd","11":"first","12":"instock","13":"taxable","14":"shipping-taxable","15":"product-type-simple"},"_links":{"self":[{"href":"https:\/\/arxisdemexico.com.mx\/arxis\/wp-json\/wp\/v2\/product\/37576","targetHints":{"allow":["GET"]}}],"collection":[{"href":"https:\/\/arxisdemexico.com.mx\/arxis\/wp-json\/wp\/v2\/product"}],"about":[{"href":"https:\/\/arxisdemexico.com.mx\/arxis\/wp-json\/wp\/v2\/types\/product"}],"replies":[{"embeddable":true,"href":"https:\/\/arxisdemexico.com.mx\/arxis\/wp-json\/wp\/v2\/comments?post=37576"}],"wp:featuredmedia":[{"embeddable":true,"href":"https:\/\/arxisdemexico.com.mx\/arxis\/wp-json\/wp\/v2\/media\/37577"}],"wp:attachment":[{"href":"https:\/\/arxisdemexico.com.mx\/arxis\/wp-json\/wp\/v2\/media?parent=37576"}],"wp:term":[{"taxonomy":"product_brand","embeddable":true,"href":"https:\/\/arxisdemexico.com.mx\/arxis\/wp-json\/wp\/v2\/product_brand?post=37576"},{"taxonomy":"product_cat","embeddable":true,"href":"https:\/\/arxisdemexico.com.mx\/arxis\/wp-json\/wp\/v2\/product_cat?post=37576"},{"taxonomy":"product_tag","embeddable":true,"href":"https:\/\/arxisdemexico.com.mx\/arxis\/wp-json\/wp\/v2\/product_tag?post=37576"}],"curies":[{"name":"wp","href":"https:\/\/api.w.org\/{rel}","templated":true}]}}