{"id":28556,"date":"2019-01-08T14:22:24","date_gmt":"2019-01-08T20:22:24","guid":{"rendered":"http:\/\/www.arxisdemexico.com.mx\/arxis\/?post_type=product&#038;p=28556"},"modified":"2019-01-08T14:24:22","modified_gmt":"2019-01-08T20:24:22","slug":"chb2iw-x-inserto-ciego-blanco-internacional-pk-10","status":"publish","type":"product","link":"https:\/\/arxisdemexico.com.mx\/arxis\/producto\/chb2iw-x-inserto-ciego-blanco-internacional-pk-10\/","title":{"rendered":"CHB2IW-X INSERTO CIEGO, BLANCO INTERNACIONAL, PK\/10"},"content":{"rendered":"<p>Inserto vac\u00edo de 1\/2 de tama\u00f1o. Espacio adicional para mejoras futuras, hueso.<\/p>\n<div class=\"productcontainer\">\n<div id=\"content_specs\" class=\"specstable\">\n<table border=\"0\" width=\"100%\" align=\"left\">\n<tbody>\n<tr>\n<td>Tipo de Producto<\/td>\n<td>Inserto vac\u00edo<\/td>\n<\/tr>\n<tr>\n<td>Tipo de m\u00f3dulo<\/td>\n<td>Mini-Com<\/td>\n<\/tr>\n<tr>\n<td>Tipo de etiqueta<\/td>\n<td>NA<\/td>\n<\/tr>\n<tr>\n<td>Tama\u00f1o inserto modular<\/td>\n<td>1\/2<\/td>\n<\/tr>\n<tr>\n<td>Color<\/td>\n<td>Hueso<\/td>\n<\/tr>\n<tr>\n<td>Estilo inserto modular<\/td>\n<td>Vac\u00edo<\/td>\n<\/tr>\n<tr>\n<td>Estatus de conformidad con RoHS<\/td>\n<td>Compliant<\/td>\n<\/tr>\n<tr>\n<td>OM Cantidad pedido m\u00ednimo<\/td>\n<td>10<\/td>\n<\/tr>\n<\/tbody>\n<\/table>\n<\/div>\n<div class=\"btt\"><a class=\"back-to-top\" href=\"http:\/\/www.panduit.com\/es\/product\/CHB2IW-X#\" target=\"_blank\" rel=\"noopener\">Back to Top<\/a><\/div>\n<\/div>\n","protected":false},"excerpt":{"rendered":"<p>Inserto vac\u00edo de 1\/2 de tama\u00f1o. Espacio adicional para mejoras futuras, hueso. Tipo de Producto Inserto vac\u00edo Tipo de m\u00f3dulo Mini-Com Tipo de etiqueta NA Tama\u00f1o inserto modular 1\/2 Color [&hellip;]<\/p>\n","protected":false},"featured_media":28557,"comment_status":"open","ping_status":"closed","template":"","meta":{"_et_pb_use_builder":"","_et_pb_old_content":"","_et_gb_content_width":""},"product_brand":[],"product_cat":[708,709,713],"product_tag":[496],"class_list":{"0":"post-28556","1":"product","2":"type-product","3":"status-publish","4":"has-post-thumbnail","6":"product_cat-infraestructura","7":"product_cat-cableado-estructurado","8":"product_cat-placas","9":"product_tag-panduit","11":"first","12":"instock","13":"taxable","14":"shipping-taxable","15":"product-type-simple"},"_links":{"self":[{"href":"https:\/\/arxisdemexico.com.mx\/arxis\/wp-json\/wp\/v2\/product\/28556","targetHints":{"allow":["GET"]}}],"collection":[{"href":"https:\/\/arxisdemexico.com.mx\/arxis\/wp-json\/wp\/v2\/product"}],"about":[{"href":"https:\/\/arxisdemexico.com.mx\/arxis\/wp-json\/wp\/v2\/types\/product"}],"replies":[{"embeddable":true,"href":"https:\/\/arxisdemexico.com.mx\/arxis\/wp-json\/wp\/v2\/comments?post=28556"}],"wp:featuredmedia":[{"embeddable":true,"href":"https:\/\/arxisdemexico.com.mx\/arxis\/wp-json\/wp\/v2\/media\/28557"}],"wp:attachment":[{"href":"https:\/\/arxisdemexico.com.mx\/arxis\/wp-json\/wp\/v2\/media?parent=28556"}],"wp:term":[{"taxonomy":"product_brand","embeddable":true,"href":"https:\/\/arxisdemexico.com.mx\/arxis\/wp-json\/wp\/v2\/product_brand?post=28556"},{"taxonomy":"product_cat","embeddable":true,"href":"https:\/\/arxisdemexico.com.mx\/arxis\/wp-json\/wp\/v2\/product_cat?post=28556"},{"taxonomy":"product_tag","embeddable":true,"href":"https:\/\/arxisdemexico.com.mx\/arxis\/wp-json\/wp\/v2\/product_tag?post=28556"}],"curies":[{"name":"wp","href":"https:\/\/api.w.org\/{rel}","templated":true}]}}