{"id":28082,"date":"2018-11-06T14:55:14","date_gmt":"2018-11-06T20:55:14","guid":{"rendered":"http:\/\/www.arxisdemexico.com.mx\/arxis\/?post_type=product&#038;p=28082"},"modified":"2018-11-06T14:55:14","modified_gmt":"2018-11-06T20:55:14","slug":"abrazadera-de-8-con-herraje-tangente-ophaab8achej","status":"publish","type":"product","link":"https:\/\/arxisdemexico.com.mx\/arxis\/producto\/abrazadera-de-8-con-herraje-tangente-ophaab8achej\/","title":{"rendered":"ABRAZADERA DE 8\u00bb CON HERRAJE TANGENTE OPHAAB8ACHEJ"},"content":{"rendered":"<p>La abrazadera es de acero galvanizado, disponible con ojillo de forja de 5\/8&#8242;, herraje tangente o herraje tipo &#8216;J&#8217; debido a su vers\u00e1til dise\u00f1o no requiere de flejes para su instalaci\u00f3n en postes de madera o concreto.<\/p>\n","protected":false},"excerpt":{"rendered":"<p>La abrazadera es de acero galvanizado, disponible con ojillo de forja de 5\/8&#8242;, herraje tangente o herraje tipo &#8216;J&#8217; debido a su vers\u00e1til dise\u00f1o no requiere de flejes para su [&hellip;]<\/p>\n","protected":false},"featured_media":28085,"comment_status":"open","ping_status":"closed","template":"","meta":{"_et_pb_use_builder":"","_et_pb_old_content":"","_et_gb_content_width":""},"product_brand":[],"product_cat":[659],"product_tag":[515],"class_list":{"0":"post-28082","1":"product","2":"type-product","3":"status-publish","4":"has-post-thumbnail","6":"product_cat-fibra-optica-cables","7":"product_tag-optronics","9":"first","10":"instock","11":"taxable","12":"shipping-taxable","13":"product-type-simple"},"_links":{"self":[{"href":"https:\/\/arxisdemexico.com.mx\/arxis\/wp-json\/wp\/v2\/product\/28082","targetHints":{"allow":["GET"]}}],"collection":[{"href":"https:\/\/arxisdemexico.com.mx\/arxis\/wp-json\/wp\/v2\/product"}],"about":[{"href":"https:\/\/arxisdemexico.com.mx\/arxis\/wp-json\/wp\/v2\/types\/product"}],"replies":[{"embeddable":true,"href":"https:\/\/arxisdemexico.com.mx\/arxis\/wp-json\/wp\/v2\/comments?post=28082"}],"wp:featuredmedia":[{"embeddable":true,"href":"https:\/\/arxisdemexico.com.mx\/arxis\/wp-json\/wp\/v2\/media\/28085"}],"wp:attachment":[{"href":"https:\/\/arxisdemexico.com.mx\/arxis\/wp-json\/wp\/v2\/media?parent=28082"}],"wp:term":[{"taxonomy":"product_brand","embeddable":true,"href":"https:\/\/arxisdemexico.com.mx\/arxis\/wp-json\/wp\/v2\/product_brand?post=28082"},{"taxonomy":"product_cat","embeddable":true,"href":"https:\/\/arxisdemexico.com.mx\/arxis\/wp-json\/wp\/v2\/product_cat?post=28082"},{"taxonomy":"product_tag","embeddable":true,"href":"https:\/\/arxisdemexico.com.mx\/arxis\/wp-json\/wp\/v2\/product_tag?post=28082"}],"curies":[{"name":"wp","href":"https:\/\/api.w.org\/{rel}","templated":true}]}}