{"id":27952,"date":"2018-10-24T17:55:03","date_gmt":"2018-10-24T22:55:03","guid":{"rendered":"http:\/\/www.arxisdemexico.com.mx\/arxis\/?post_type=product&#038;p=27952"},"modified":"2018-10-24T17:55:04","modified_gmt":"2018-10-24T22:55:04","slug":"cable-icev","status":"publish","type":"product","link":"https:\/\/arxisdemexico.com.mx\/arxis\/producto\/cable-icev\/","title":{"rendered":"CABLE ICEV"},"content":{"rendered":"<p>Descripci\u00f3n:<br \/>\n\u2022 Conductor de cobre suave s\u00f3lido 22<br \/>\nAWG.<br \/>\n\u2022 Aislamiento de polipropileno.<br \/>\n\u2022 Conductores pareados.<br \/>\n\u2022 Cubierta exterior de PVC retardante<br \/>\na la flama<\/p>\n<p>Aplicaci\u00f3n:<br \/>\n\u2022 Conexi\u00f3n de l\u00ednea telef\u00f3nica en interior.<br \/>\n\u2022 Conexi\u00f3n de l\u00ednea telef\u00f3nica en exterior, solo en<br \/>\nzonas no inundadas.<br \/>\n\u2022 Conexi\u00f3n en sistemas de intercomunicaci\u00f3n.<\/p>\n<p>Especificaciones:<br \/>\n\u2022 TELMEX 1001223<\/p>\n<p>Certificaci\u00f3n:<br \/>\n\u2022 Sistema de Calidad ISO 9001:2008<br \/>\n\u2022 Producto listado bajo UL &amp; ETL<\/p>\n","protected":false},"excerpt":{"rendered":"<p>Descripci\u00f3n: \u2022 Conductor de cobre suave s\u00f3lido 22 AWG. \u2022 Aislamiento de polipropileno. \u2022 Conductores pareados. \u2022 Cubierta exterior de PVC retardante a la flama Aplicaci\u00f3n: \u2022 Conexi\u00f3n de l\u00ednea [&hellip;]<\/p>\n","protected":false},"featured_media":27953,"comment_status":"open","ping_status":"closed","template":"","meta":{"_et_pb_use_builder":"","_et_pb_old_content":"","_et_gb_content_width":""},"product_brand":[],"product_cat":[648,671,675],"product_tag":[507],"class_list":{"0":"post-27952","1":"product","2":"type-product","3":"status-publish","4":"has-post-thumbnail","6":"product_cat-cables","7":"product_cat-utp-cables","8":"product_cat-telefonico","9":"product_tag-condumex","11":"first","12":"instock","13":"taxable","14":"shipping-taxable","15":"product-type-simple"},"_links":{"self":[{"href":"https:\/\/arxisdemexico.com.mx\/arxis\/wp-json\/wp\/v2\/product\/27952","targetHints":{"allow":["GET"]}}],"collection":[{"href":"https:\/\/arxisdemexico.com.mx\/arxis\/wp-json\/wp\/v2\/product"}],"about":[{"href":"https:\/\/arxisdemexico.com.mx\/arxis\/wp-json\/wp\/v2\/types\/product"}],"replies":[{"embeddable":true,"href":"https:\/\/arxisdemexico.com.mx\/arxis\/wp-json\/wp\/v2\/comments?post=27952"}],"wp:featuredmedia":[{"embeddable":true,"href":"https:\/\/arxisdemexico.com.mx\/arxis\/wp-json\/wp\/v2\/media\/27953"}],"wp:attachment":[{"href":"https:\/\/arxisdemexico.com.mx\/arxis\/wp-json\/wp\/v2\/media?parent=27952"}],"wp:term":[{"taxonomy":"product_brand","embeddable":true,"href":"https:\/\/arxisdemexico.com.mx\/arxis\/wp-json\/wp\/v2\/product_brand?post=27952"},{"taxonomy":"product_cat","embeddable":true,"href":"https:\/\/arxisdemexico.com.mx\/arxis\/wp-json\/wp\/v2\/product_cat?post=27952"},{"taxonomy":"product_tag","embeddable":true,"href":"https:\/\/arxisdemexico.com.mx\/arxis\/wp-json\/wp\/v2\/product_tag?post=27952"}],"curies":[{"name":"wp","href":"https:\/\/api.w.org\/{rel}","templated":true}]}}