{"id":27950,"date":"2018-10-24T17:53:01","date_gmt":"2018-10-24T22:53:01","guid":{"rendered":"http:\/\/www.arxisdemexico.com.mx\/arxis\/?post_type=product&#038;p=27950"},"modified":"2018-10-24T17:53:02","modified_gmt":"2018-10-24T22:53:02","slug":"cordon-distribuidor","status":"publish","type":"product","link":"https:\/\/arxisdemexico.com.mx\/arxis\/producto\/cordon-distribuidor\/","title":{"rendered":"CORD\u00d3N DISTRIBUIDOR"},"content":{"rendered":"<p>Descripci\u00f3n:<br \/>\n\u2022 Conductores s\u00f3lidos de cobre suave esta\u00f1ado.<br \/>\n\u2022 Aislamiento de PVC semir\u00edgido.<br \/>\n\u2022 Formaci\u00f3n de conductores torcidos.<\/p>\n<p>Aplicaci\u00f3n:<br \/>\n\u2022 Conexi\u00f3n en cajas y tablero de distribuci\u00f3n<br \/>\ntelef\u00f3nica.<\/p>\n<p>Especificaciones:<br \/>\n\u2022 TELMEX 26 7055-5 a 26 7133-8<br \/>\n\u2022 NMX-I-236-NYCE\/01<\/p>\n<p>Certificaci\u00f3n:<br \/>\n\u2022 Sistema de Calidad ISO 9001:2008<br \/>\n\u2022 Producto listado bajo UL &amp; ETL<\/p>\n","protected":false},"excerpt":{"rendered":"<p>Descripci\u00f3n: \u2022 Conductores s\u00f3lidos de cobre suave esta\u00f1ado. \u2022 Aislamiento de PVC semir\u00edgido. \u2022 Formaci\u00f3n de conductores torcidos. Aplicaci\u00f3n: \u2022 Conexi\u00f3n en cajas y tablero de distribuci\u00f3n telef\u00f3nica. Especificaciones: \u2022 [&hellip;]<\/p>\n","protected":false},"featured_media":27951,"comment_status":"open","ping_status":"closed","template":"","meta":{"_et_pb_use_builder":"","_et_pb_old_content":"","_et_gb_content_width":""},"product_brand":[],"product_cat":[648,785],"product_tag":[507],"class_list":{"0":"post-27950","1":"product","2":"type-product","3":"status-publish","4":"has-post-thumbnail","6":"product_cat-cables","7":"product_cat-accesorios-cables","8":"product_tag-condumex","10":"first","11":"instock","12":"taxable","13":"shipping-taxable","14":"product-type-simple"},"_links":{"self":[{"href":"https:\/\/arxisdemexico.com.mx\/arxis\/wp-json\/wp\/v2\/product\/27950","targetHints":{"allow":["GET"]}}],"collection":[{"href":"https:\/\/arxisdemexico.com.mx\/arxis\/wp-json\/wp\/v2\/product"}],"about":[{"href":"https:\/\/arxisdemexico.com.mx\/arxis\/wp-json\/wp\/v2\/types\/product"}],"replies":[{"embeddable":true,"href":"https:\/\/arxisdemexico.com.mx\/arxis\/wp-json\/wp\/v2\/comments?post=27950"}],"wp:featuredmedia":[{"embeddable":true,"href":"https:\/\/arxisdemexico.com.mx\/arxis\/wp-json\/wp\/v2\/media\/27951"}],"wp:attachment":[{"href":"https:\/\/arxisdemexico.com.mx\/arxis\/wp-json\/wp\/v2\/media?parent=27950"}],"wp:term":[{"taxonomy":"product_brand","embeddable":true,"href":"https:\/\/arxisdemexico.com.mx\/arxis\/wp-json\/wp\/v2\/product_brand?post=27950"},{"taxonomy":"product_cat","embeddable":true,"href":"https:\/\/arxisdemexico.com.mx\/arxis\/wp-json\/wp\/v2\/product_cat?post=27950"},{"taxonomy":"product_tag","embeddable":true,"href":"https:\/\/arxisdemexico.com.mx\/arxis\/wp-json\/wp\/v2\/product_tag?post=27950"}],"curies":[{"name":"wp","href":"https:\/\/api.w.org\/{rel}","templated":true}]}}