{"id":27948,"date":"2018-10-24T17:47:44","date_gmt":"2018-10-24T22:47:44","guid":{"rendered":"http:\/\/www.arxisdemexico.com.mx\/arxis\/?post_type=product&#038;p=27948"},"modified":"2018-10-24T17:47:45","modified_gmt":"2018-10-24T22:47:45","slug":"cable-optico-dielectrico","status":"publish","type":"product","link":"https:\/\/arxisdemexico.com.mx\/arxis\/producto\/cable-optico-dielectrico\/","title":{"rendered":"CABLE \u00d3PTICO DIEL\u00c9CTRICO"},"content":{"rendered":"<p>Descripci\u00f3n:<br \/>\n\u2022 Fibras \u00d3pticas: Unimodo, acorde a ITU-T G.652.D<br \/>\n\u2022 Fibras \u00d3pticas: Multimodo 50\u03bcm OM2<br \/>\n\u2022 Tubos Holgados Rellenos de compuesto tipo gel<br \/>\nno higrosc\u00f3pico<br \/>\n\u2022 Elemento Central de Refuerzo Diel\u00e9ctrico<br \/>\n\u2022 N\u00facleo \u00d3ptico Seco Cableado S-Z (Sujeto con<br \/>\nbinders bloqueadores de humedad).<br \/>\n\u2022 Refuerzo textil de Fibra de Vidrio.<br \/>\n\u2022 Cordones de rasgado para la Cubierta.<br \/>\n\u2022 Cubierta exterior de PE Media Densidad<\/p>\n<p>Aplicaci\u00f3n:<br \/>\n\u2022 Instalaci\u00f3n en Ducto.<br \/>\n\u2022 Auto Soportado Lasheado (sujeto a mensajero<br \/>\nde acero).<\/p>\n<p>Propiedades:<br \/>\n\u2022 Cable totalmente Diel\u00e9ctrico, sin problemas de<br \/>\ninducci\u00f3n en campos el\u00e9ctricos.<br \/>\n\u2022 Dise\u00f1o de di\u00e1metro reducido, lo que facilita el<br \/>\nmanejo e instalaci\u00f3n.<\/p>\n<p>Especificaciones:<br \/>\n\u2022 ITU-T G.652.D<br \/>\n\u2022 TIA\/EIA 492AAAC-B<br \/>\n\u2022 ISO\/IEC OM2<\/p>\n<p>Certificaci\u00f3n:<br \/>\n\u2022 Sistema de Calidad ISO 9001:2008<\/p>\n","protected":false},"excerpt":{"rendered":"<p>Descripci\u00f3n: \u2022 Fibras \u00d3pticas: Unimodo, acorde a ITU-T G.652.D \u2022 Fibras \u00d3pticas: Multimodo 50\u03bcm OM2 \u2022 Tubos Holgados Rellenos de compuesto tipo gel no higrosc\u00f3pico \u2022 Elemento Central de Refuerzo [&hellip;]<\/p>\n","protected":false},"featured_media":27943,"comment_status":"open","ping_status":"closed","template":"","meta":{"_et_pb_use_builder":"","_et_pb_old_content":"","_et_gb_content_width":""},"product_brand":[],"product_cat":[648,659,660],"product_tag":[507],"class_list":{"0":"post-27948","1":"product","2":"type-product","3":"status-publish","4":"has-post-thumbnail","6":"product_cat-cables","7":"product_cat-fibra-optica-cables","8":"product_cat-cable","9":"product_tag-condumex","11":"first","12":"instock","13":"taxable","14":"shipping-taxable","15":"product-type-simple"},"_links":{"self":[{"href":"https:\/\/arxisdemexico.com.mx\/arxis\/wp-json\/wp\/v2\/product\/27948","targetHints":{"allow":["GET"]}}],"collection":[{"href":"https:\/\/arxisdemexico.com.mx\/arxis\/wp-json\/wp\/v2\/product"}],"about":[{"href":"https:\/\/arxisdemexico.com.mx\/arxis\/wp-json\/wp\/v2\/types\/product"}],"replies":[{"embeddable":true,"href":"https:\/\/arxisdemexico.com.mx\/arxis\/wp-json\/wp\/v2\/comments?post=27948"}],"wp:featuredmedia":[{"embeddable":true,"href":"https:\/\/arxisdemexico.com.mx\/arxis\/wp-json\/wp\/v2\/media\/27943"}],"wp:attachment":[{"href":"https:\/\/arxisdemexico.com.mx\/arxis\/wp-json\/wp\/v2\/media?parent=27948"}],"wp:term":[{"taxonomy":"product_brand","embeddable":true,"href":"https:\/\/arxisdemexico.com.mx\/arxis\/wp-json\/wp\/v2\/product_brand?post=27948"},{"taxonomy":"product_cat","embeddable":true,"href":"https:\/\/arxisdemexico.com.mx\/arxis\/wp-json\/wp\/v2\/product_cat?post=27948"},{"taxonomy":"product_tag","embeddable":true,"href":"https:\/\/arxisdemexico.com.mx\/arxis\/wp-json\/wp\/v2\/product_tag?post=27948"}],"curies":[{"name":"wp","href":"https:\/\/api.w.org\/{rel}","templated":true}]}}