{"id":27775,"date":"2018-10-17T12:01:47","date_gmt":"2018-10-17T17:01:47","guid":{"rendered":"http:\/\/www.arxisdemexico.com.mx\/arxis\/?post_type=product&#038;p=27775"},"modified":"2018-11-23T12:31:08","modified_gmt":"2018-11-23T18:31:08","slug":"ivp-5001-pet-shield-sensor-infrarrojo-pasivo","status":"publish","type":"product","link":"https:\/\/arxisdemexico.com.mx\/arxis\/producto\/ivp-5001-pet-shield-sensor-infrarrojo-pasivo\/","title":{"rendered":"IVP 5001 PET SHIELD Sensor infrarrojo pasivo"},"content":{"rendered":"<h3><\/h3>\n<h6><span style=\"color: #000000;\">El sensor IVP 5001 PET SHIELD es la versi\u00f3n del IVP 5001 PET con tecnolog\u00eda Intelbras SHIELD.\u00a0Algunos aparatos comunes como l\u00e1mparas, routers y tel\u00e9fonos inal\u00e1mbricos, a veces emiten ondas electromagn\u00e9ticas o radiofrecuencias que pueden causar disparos falsos en la mayor\u00eda de los sensores de alarma disponibles en el mercado.\u00a0Con el blindaje Intelbras SHIELD, el sensor queda inmune a estas interferencias, haci\u00e9ndose mucho m\u00e1s preciso.<\/span><\/h6>\n<h6><span style=\"color: #000000;\">Intelbras SHIELD: el blindaje met\u00e1lico ,dise\u00f1ado para ser inmune a interferencias electromagn\u00e9ticas y radiofrecuencia, el IVP 5001 PET SHIELD cuenta con un escudo en su circuito electr\u00f3nico que lo protege contra la irradiaci\u00f3n de frecuencias enemigas.<\/span><\/h6>\n","protected":false},"excerpt":{"rendered":"<p>El sensor IVP 5001 PET SHIELD es la versi\u00f3n del IVP 5001 PET con tecnolog\u00eda Intelbras SHIELD.\u00a0Algunos aparatos comunes como l\u00e1mparas, routers y tel\u00e9fonos inal\u00e1mbricos, a veces emiten ondas electromagn\u00e9ticas [&hellip;]<\/p>\n","protected":false},"featured_media":27778,"comment_status":"open","ping_status":"closed","template":"","meta":{"_et_pb_use_builder":"","_et_pb_old_content":"","_et_gb_content_width":""},"product_brand":[],"product_cat":[687,690,677],"product_tag":[491],"class_list":{"0":"post-27775","1":"product","2":"type-product","3":"status-publish","4":"has-post-thumbnail","6":"product_cat-sensores","7":"product_cat-de-movimiento","8":"product_cat-intrusion","9":"product_tag-intelbras","11":"first","12":"instock","13":"taxable","14":"shipping-taxable","15":"product-type-simple"},"_links":{"self":[{"href":"https:\/\/arxisdemexico.com.mx\/arxis\/wp-json\/wp\/v2\/product\/27775","targetHints":{"allow":["GET"]}}],"collection":[{"href":"https:\/\/arxisdemexico.com.mx\/arxis\/wp-json\/wp\/v2\/product"}],"about":[{"href":"https:\/\/arxisdemexico.com.mx\/arxis\/wp-json\/wp\/v2\/types\/product"}],"replies":[{"embeddable":true,"href":"https:\/\/arxisdemexico.com.mx\/arxis\/wp-json\/wp\/v2\/comments?post=27775"}],"wp:featuredmedia":[{"embeddable":true,"href":"https:\/\/arxisdemexico.com.mx\/arxis\/wp-json\/wp\/v2\/media\/27778"}],"wp:attachment":[{"href":"https:\/\/arxisdemexico.com.mx\/arxis\/wp-json\/wp\/v2\/media?parent=27775"}],"wp:term":[{"taxonomy":"product_brand","embeddable":true,"href":"https:\/\/arxisdemexico.com.mx\/arxis\/wp-json\/wp\/v2\/product_brand?post=27775"},{"taxonomy":"product_cat","embeddable":true,"href":"https:\/\/arxisdemexico.com.mx\/arxis\/wp-json\/wp\/v2\/product_cat?post=27775"},{"taxonomy":"product_tag","embeddable":true,"href":"https:\/\/arxisdemexico.com.mx\/arxis\/wp-json\/wp\/v2\/product_tag?post=27775"}],"curies":[{"name":"wp","href":"https:\/\/api.w.org\/{rel}","templated":true}]}}