{"id":27447,"date":"2018-10-12T11:13:50","date_gmt":"2018-10-12T16:13:50","guid":{"rendered":"http:\/\/www.arxisdemexico.com.mx\/arxis\/?post_type=product&#038;p=27447"},"modified":"2018-10-12T11:13:51","modified_gmt":"2018-10-12T16:13:51","slug":"punto-de-acceso-doble-banda-gwn7600","status":"publish","type":"product","link":"https:\/\/arxisdemexico.com.mx\/arxis\/producto\/punto-de-acceso-doble-banda-gwn7600\/","title":{"rendered":"Punto de Acceso Doble Banda GWN7600"},"content":{"rendered":"<ul>\n<li>Rendimiento inal\u00e1mbrico de 1.27Gbps y 2x Gigabit wireline puertos<\/li>\n<li>MU-MIMO de doble banda 2&#215;2: 2 con tecnolog\u00eda de formaci\u00f3n de haz<\/li>\n<li>Soporte 802.3af Power-over-Ethernet (PoE)<\/li>\n<li>Soporta m\u00e1s de 450 dispositivos cliente WiFi simult\u00e1neos<\/li>\n<li>QoS avanzada para garantizar el rendimiento en tiempo real de las aplicaciones de baja latencia<\/li>\n<li>Alcance de cobertura de hasta 165 metros.<\/li>\n<li>Arranque seguro anti-pirater\u00eda y bloqueo de datos cr\u00edticos \/ control a trav\u00e9s de firmas digitales, certificado de seguridad \u00fanico \/ contrase\u00f1a predeterminada aleatoria por dispositivo<\/li>\n<li>El controlador incorporado permite que el GWN7600 descubra autom\u00e1ticamente, aprovisione autom\u00e1ticamente y administre hasta 30 GWN7600 en una red<\/li>\n<\/ul>\n","protected":false},"excerpt":{"rendered":"<p>Dise\u00f1ado para peque\u00f1as y medianas empresas, oficinas de m\u00faltiples pisos, ubicaciones comerciales y sucursales, el GWN7600 es un punto de acceso WiFi 802.11ac Wave-2 de nivel medio. Admite hasta 1.27GBps, m\u00e1s de 450 clientes WiFi simult\u00e1neos y un rango de cobertura de hasta 165 metros. Para garantizar una instalaci\u00f3n y administraci\u00f3n f\u00e1ciles, el GWN7600 utiliza un dise\u00f1o de administraci\u00f3n de red distribuida sin controlador en el que el controlador est\u00e1 integrado dentro de la interfaz de usuario web del producto.<\/p>\n","protected":false},"featured_media":27448,"comment_status":"open","ping_status":"closed","template":"","meta":{"_et_pb_use_builder":"","_et_pb_old_content":"","_et_gb_content_width":""},"product_brand":[],"product_cat":[750,752],"product_tag":[794],"class_list":{"0":"post-27447","1":"product","2":"type-product","3":"status-publish","4":"has-post-thumbnail","6":"product_cat-enlaces","7":"product_cat-access-points","8":"product_tag-grandstream","10":"first","11":"instock","12":"taxable","13":"shipping-taxable","14":"product-type-simple"},"_links":{"self":[{"href":"https:\/\/arxisdemexico.com.mx\/arxis\/wp-json\/wp\/v2\/product\/27447","targetHints":{"allow":["GET"]}}],"collection":[{"href":"https:\/\/arxisdemexico.com.mx\/arxis\/wp-json\/wp\/v2\/product"}],"about":[{"href":"https:\/\/arxisdemexico.com.mx\/arxis\/wp-json\/wp\/v2\/types\/product"}],"replies":[{"embeddable":true,"href":"https:\/\/arxisdemexico.com.mx\/arxis\/wp-json\/wp\/v2\/comments?post=27447"}],"wp:featuredmedia":[{"embeddable":true,"href":"https:\/\/arxisdemexico.com.mx\/arxis\/wp-json\/wp\/v2\/media\/27448"}],"wp:attachment":[{"href":"https:\/\/arxisdemexico.com.mx\/arxis\/wp-json\/wp\/v2\/media?parent=27447"}],"wp:term":[{"taxonomy":"product_brand","embeddable":true,"href":"https:\/\/arxisdemexico.com.mx\/arxis\/wp-json\/wp\/v2\/product_brand?post=27447"},{"taxonomy":"product_cat","embeddable":true,"href":"https:\/\/arxisdemexico.com.mx\/arxis\/wp-json\/wp\/v2\/product_cat?post=27447"},{"taxonomy":"product_tag","embeddable":true,"href":"https:\/\/arxisdemexico.com.mx\/arxis\/wp-json\/wp\/v2\/product_tag?post=27447"}],"curies":[{"name":"wp","href":"https:\/\/api.w.org\/{rel}","templated":true}]}}