{"id":27366,"date":"2018-10-11T17:03:20","date_gmt":"2018-10-11T22:03:20","guid":{"rendered":"http:\/\/www.arxisdemexico.com.mx\/arxis\/?post_type=product&#038;p=27366"},"modified":"2018-10-11T17:03:20","modified_gmt":"2018-10-11T22:03:20","slug":"gateway-de-16-puertos-gxw4216","status":"publish","type":"product","link":"https:\/\/arxisdemexico.com.mx\/arxis\/producto\/gateway-de-16-puertos-gxw4216\/","title":{"rendered":"Gateway de 16 puertos GXW4216"},"content":{"rendered":"<ul>\n<li>Interfaces telef\u00f3nicas GXW4216\/4224\/4232: 16\/24\/32 x RJ11 puertos FXS y 1\/1\/2 conectores Telco de 50- pin GXW4248: 2 conectores Telco de 50-pin.<\/li>\n<li>Interfaces de red Un (1) puerto con detecci\u00f3n autom\u00e1tica de 10M\/100M\/1000Mbp (RJ45).<\/li>\n<li>Indicadores LED Enlace LAN, actividad LAN, conexi\u00f3n por puerto telef\u00f3nico.<\/li>\n<li>Pantalla LCD Pantalla gr\u00e1fica LCD retroiluminada de 128&#215;32 con soporte de diversas lenguas.<\/li>\n<li>Voz-sobre-paquetes de capacidades.<\/li>\n<li>Cancelaci\u00f3n de eco en la l\u00ednea propuesta por ventanas, b\u00fafer de fluctuaci\u00f3n din\u00e1- mica, detecci\u00f3n de modem &amp; auto conexi\u00f3n a G,711 Compresi\u00f3n de voz G,711, G,723,1, G,726 (40\/32\/24\/16), G,729 A\/B, iLBC.<\/li>\n<li>Fax sobre IP Rel\u00e9 de fax conforme a T,38, grupo 3 hasta 14,4 kbps y auto conmutaci\u00f3n en G,711 por intercomunicaci\u00f3n fax ,Fax Datapump V,17, V,21, V,27ter, V,29 por T,38 rel\u00e9 fax.<\/li>\n<li>Funciones de telefon\u00eda: Visualizaci\u00f3n o bloqueo del identificador de llamada, llamada en espera, ciego o transferencia de llamadas, desv\u00edo de llamadas, no molestar, conferencia de 3 v\u00edas, retorno de la \u00faltima llamada, paginaci\u00f3n, indicador de mensaje en espera LED (LED NEON) y tono intermitente, marcaci\u00f3n autom\u00e1tica QoS DiffServ, TOS, 802,1P\/Q VLAN tagging.<\/li>\n<li>Protocolos de red TCP\/UDP, RTP\/RTCP, HTTP\/HTTPS, ARP, ICMP, DNS, DHCP, NTP, TFTP, PPPoE, STUN, LLDP (pendiente).<\/li>\n<li>M\u00e9todo DTMF M\u00e9todos flexibles de transmisi\u00f3n DTMF incluyendo audio de entrada, RFC2833, y\/o INFO SIP.<\/li>\n<li>Se\u00f1alizaci\u00f3n SIP (RFC 3261) sobre UDP\/TCP\/TLS.<\/li>\n<li>Perfiles de servidores SIP &amp; cuentas por sistema 4 perfiles de servidores SIP por sistema y cuenta independiente SIP por puerto.<\/li>\n<\/ul>\n","protected":false},"excerpt":{"rendered":"<p>El GXW4216 es la nueva generaci\u00f3n de Gateway VoIP de alto rendimiento y alta densidad de puertos an\u00e1logos. Son totalmente compatibles con los est\u00e1ndares SIP y ampliamente interoperables con diversos sistemas de VoIP, PBX anal\u00f3gica y tel\u00e9fonos en el mercado. Cuenta con m\u00faltiples puertos FXS anal\u00f3gicos de telefon\u00eda (16), calidad de voz extraordinaria.<\/p>\n","protected":false},"featured_media":27367,"comment_status":"open","ping_status":"closed","template":"","meta":{"_et_pb_use_builder":"","_et_pb_old_content":"","_et_gb_content_width":""},"product_brand":[],"product_cat":[745,755,758],"product_tag":[794],"class_list":{"0":"post-27366","1":"product","2":"type-product","3":"status-publish","4":"has-post-thumbnail","6":"product_cat-redes-2","7":"product_cat-ruteadores-y-aps","8":"product_cat-gateways","9":"product_tag-grandstream","11":"first","12":"instock","13":"taxable","14":"shipping-taxable","15":"product-type-simple"},"_links":{"self":[{"href":"https:\/\/arxisdemexico.com.mx\/arxis\/wp-json\/wp\/v2\/product\/27366","targetHints":{"allow":["GET"]}}],"collection":[{"href":"https:\/\/arxisdemexico.com.mx\/arxis\/wp-json\/wp\/v2\/product"}],"about":[{"href":"https:\/\/arxisdemexico.com.mx\/arxis\/wp-json\/wp\/v2\/types\/product"}],"replies":[{"embeddable":true,"href":"https:\/\/arxisdemexico.com.mx\/arxis\/wp-json\/wp\/v2\/comments?post=27366"}],"wp:featuredmedia":[{"embeddable":true,"href":"https:\/\/arxisdemexico.com.mx\/arxis\/wp-json\/wp\/v2\/media\/27367"}],"wp:attachment":[{"href":"https:\/\/arxisdemexico.com.mx\/arxis\/wp-json\/wp\/v2\/media?parent=27366"}],"wp:term":[{"taxonomy":"product_brand","embeddable":true,"href":"https:\/\/arxisdemexico.com.mx\/arxis\/wp-json\/wp\/v2\/product_brand?post=27366"},{"taxonomy":"product_cat","embeddable":true,"href":"https:\/\/arxisdemexico.com.mx\/arxis\/wp-json\/wp\/v2\/product_cat?post=27366"},{"taxonomy":"product_tag","embeddable":true,"href":"https:\/\/arxisdemexico.com.mx\/arxis\/wp-json\/wp\/v2\/product_tag?post=27366"}],"curies":[{"name":"wp","href":"https:\/\/api.w.org\/{rel}","templated":true}]}}