{"id":27224,"date":"2018-10-09T10:41:15","date_gmt":"2018-10-09T15:41:15","guid":{"rendered":"http:\/\/www.arxisdemexico.com.mx\/arxis\/?post_type=product&#038;p=27224"},"modified":"2018-10-25T14:36:54","modified_gmt":"2018-10-25T19:36:54","slug":"xpe-1013-plus-portero-electronico-universal-de-13-teclas","status":"publish","type":"product","link":"https:\/\/arxisdemexico.com.mx\/arxis\/producto\/xpe-1013-plus-portero-electronico-universal-de-13-teclas\/","title":{"rendered":"Portero electr\u00f3nico universal de 13 teclas XPE 1013 PLUS"},"content":{"rendered":"<p>Universal, puede ser usado en cualquier posici\u00f3n de extensi\u00f3n de central est\u00e1ndar ANATEL. Su dise\u00f1o exclusivo, posee f\u00e1cil instalaci\u00f3n, con abertura de cerradura a trav\u00e9s del departamento o clave personal. Uso para comunicaci\u00f3n directa con el departamento a partir del port\u00f3n del condominio.Salida para cerradura electromagn\u00e9tica (12 V) y contacto seco<\/p>\n<ul>\n<li>Fuente interna llaveada Full Range autom\u00e1tica de 90 a 240 VAC (autom\u00e1tica)<\/li>\n<li>Capacidad para fuente externa 12 VDC, 500 mA (no incluida)<\/li>\n<li>Apertura de cerradura por clave individual (externo)<\/li>\n<li>Clave general para bloqueo de programaciones<\/li>\n<li>Programaci\u00f3n de hasta 10 d\u00edgitos<\/li>\n<li>Ajuste de audio interno<\/li>\n<li>Marcaci\u00f3n DTMF<\/li>\n<li>Sin p\u00e9rdida de programaci\u00f3n en caso de falla en la energ\u00eda el\u00e9ctrica<\/li>\n<li>Apertura de cerradura por botonera (interno)<\/li>\n<li>Capacidad para integraci\u00f3n y control de dispositivos de seguridad<\/li>\n<li>Apertura de cerradura por tel\u00e9fono (MF)<\/li>\n<\/ul>\n","protected":false},"excerpt":{"rendered":"<p>Universal, puede ser usado en cualquier posici\u00f3n de extensi\u00f3n de central est\u00e1ndar ANATEL. Su dise\u00f1o exclusivo, posee f\u00e1cil instalaci\u00f3n, con abertura de cerradura a trav\u00e9s del departamento o clave personal. [&hellip;]<\/p>\n","protected":false},"featured_media":27227,"comment_status":"open","ping_status":"closed","template":"","meta":{"_et_pb_use_builder":"","_et_pb_old_content":"","_et_gb_content_width":""},"product_brand":[],"product_cat":[593,594,603],"product_tag":[491],"class_list":{"0":"post-27224","1":"product","2":"type-product","3":"status-publish","4":"has-post-thumbnail","6":"product_cat-acceso-y-asistencia","7":"product_cat-videoporteros","8":"product_cat-videoporteros-analogicos","9":"product_tag-intelbras","11":"first","12":"instock","13":"taxable","14":"shipping-taxable","15":"product-type-simple"},"_links":{"self":[{"href":"https:\/\/arxisdemexico.com.mx\/arxis\/wp-json\/wp\/v2\/product\/27224","targetHints":{"allow":["GET"]}}],"collection":[{"href":"https:\/\/arxisdemexico.com.mx\/arxis\/wp-json\/wp\/v2\/product"}],"about":[{"href":"https:\/\/arxisdemexico.com.mx\/arxis\/wp-json\/wp\/v2\/types\/product"}],"replies":[{"embeddable":true,"href":"https:\/\/arxisdemexico.com.mx\/arxis\/wp-json\/wp\/v2\/comments?post=27224"}],"wp:featuredmedia":[{"embeddable":true,"href":"https:\/\/arxisdemexico.com.mx\/arxis\/wp-json\/wp\/v2\/media\/27227"}],"wp:attachment":[{"href":"https:\/\/arxisdemexico.com.mx\/arxis\/wp-json\/wp\/v2\/media?parent=27224"}],"wp:term":[{"taxonomy":"product_brand","embeddable":true,"href":"https:\/\/arxisdemexico.com.mx\/arxis\/wp-json\/wp\/v2\/product_brand?post=27224"},{"taxonomy":"product_cat","embeddable":true,"href":"https:\/\/arxisdemexico.com.mx\/arxis\/wp-json\/wp\/v2\/product_cat?post=27224"},{"taxonomy":"product_tag","embeddable":true,"href":"https:\/\/arxisdemexico.com.mx\/arxis\/wp-json\/wp\/v2\/product_tag?post=27224"}],"curies":[{"name":"wp","href":"https:\/\/api.w.org\/{rel}","templated":true}]}}