{"id":26043,"date":"2018-03-17T11:16:39","date_gmt":"2018-03-17T17:16:39","guid":{"rendered":"http:\/\/www.arxisdemexico.com.mx\/arxis\/?post_type=product&#038;p=26043"},"modified":"2018-10-23T18:16:12","modified_gmt":"2018-10-23T23:16:12","slug":"portero-ip-dw-v-axt","status":"publish","type":"product","link":"https:\/\/arxisdemexico.com.mx\/arxis\/producto\/portero-ip-dw-v-axt\/","title":{"rendered":"Portero IP DW-V-AXT"},"content":{"rendered":"<p>Led angular y led ir para visi\u00f3n nocturna imagen de v\u00eddeo 320x240p apertura remota hasta 2 puertas micr\u00f3fono parlante integrado unidad externa a prueba de agua IP55 se integra con todos los tel\u00e9fonos<\/p>\n","protected":false},"excerpt":{"rendered":"<p>Led angular y led ir para visi\u00f3n nocturna imagen de v\u00eddeo 320x240p apertura remota hasta 2 puertas micr\u00f3fono parlante integrado unidad externa a prueba de agua IP55 se integra con [&hellip;]<\/p>\n","protected":false},"featured_media":26044,"comment_status":"open","ping_status":"closed","template":"","meta":{"_et_pb_use_builder":"","_et_pb_old_content":"","_et_gb_content_width":""},"product_brand":[],"product_cat":[593,594,604],"product_tag":[504],"class_list":{"0":"post-26043","1":"product","2":"type-product","3":"status-publish","4":"has-post-thumbnail","6":"product_cat-acceso-y-asistencia","7":"product_cat-videoporteros","8":"product_cat-videoporteros-videoporteros","9":"product_tag-denwa","11":"first","12":"instock","13":"taxable","14":"shipping-taxable","15":"product-type-simple"},"_links":{"self":[{"href":"https:\/\/arxisdemexico.com.mx\/arxis\/wp-json\/wp\/v2\/product\/26043","targetHints":{"allow":["GET"]}}],"collection":[{"href":"https:\/\/arxisdemexico.com.mx\/arxis\/wp-json\/wp\/v2\/product"}],"about":[{"href":"https:\/\/arxisdemexico.com.mx\/arxis\/wp-json\/wp\/v2\/types\/product"}],"replies":[{"embeddable":true,"href":"https:\/\/arxisdemexico.com.mx\/arxis\/wp-json\/wp\/v2\/comments?post=26043"}],"wp:featuredmedia":[{"embeddable":true,"href":"https:\/\/arxisdemexico.com.mx\/arxis\/wp-json\/wp\/v2\/media\/26044"}],"wp:attachment":[{"href":"https:\/\/arxisdemexico.com.mx\/arxis\/wp-json\/wp\/v2\/media?parent=26043"}],"wp:term":[{"taxonomy":"product_brand","embeddable":true,"href":"https:\/\/arxisdemexico.com.mx\/arxis\/wp-json\/wp\/v2\/product_brand?post=26043"},{"taxonomy":"product_cat","embeddable":true,"href":"https:\/\/arxisdemexico.com.mx\/arxis\/wp-json\/wp\/v2\/product_cat?post=26043"},{"taxonomy":"product_tag","embeddable":true,"href":"https:\/\/arxisdemexico.com.mx\/arxis\/wp-json\/wp\/v2\/product_tag?post=26043"}],"curies":[{"name":"wp","href":"https:\/\/api.w.org\/{rel}","templated":true}]}}