{"id":25982,"date":"2018-03-13T14:27:35","date_gmt":"2018-03-13T20:27:35","guid":{"rendered":"http:\/\/www.arxisdemexico.com.mx\/arxis\/?post_type=product&#038;p=25982"},"modified":"2019-11-22T10:13:54","modified_gmt":"2019-11-22T16:13:54","slug":"switch-j9774a","status":"publish","type":"product","link":"https:\/\/arxisdemexico.com.mx\/arxis\/producto\/switch-j9774a\/","title":{"rendered":"Switch HP J9774A"},"content":{"rendered":"<ul>\n<li>Aruba 2530 8G PoE + Switch. La serie de conmutadores Aruba 2530 ofrece:<\/li>\n<li>seguridad, confiabilidad y facilidad de uso para implementaciones empresariales de borde, sucursal y SMB.<\/li>\n<li>Los switches completamente administrados brindan capacidades de Capa 2 con PoE + opcional, enlaces ascendentes de 10GbE opcionales, seguridad de acceso mejorada, priorizaci\u00f3n de tr\u00e1fico, soporte de host de sFlow, IPv6 y ahorro de energ\u00eda.<\/li>\n<\/ul>\n","protected":false},"excerpt":{"rendered":"<p>Aruba 2530 8G PoE + Switch. La serie de conmutadores Aruba 2530 ofrece: seguridad, confiabilidad y facilidad de uso para implementaciones empresariales de borde, sucursal y SMB. Los switches completamente [&hellip;]<\/p>\n","protected":false},"featured_media":25983,"comment_status":"open","ping_status":"closed","template":"","meta":{"_et_pb_use_builder":"","_et_pb_old_content":"","_et_gb_content_width":""},"product_brand":[],"product_cat":[745,760,762],"product_tag":[517],"class_list":{"0":"post-25982","1":"product","2":"type-product","3":"status-publish","4":"has-post-thumbnail","6":"product_cat-redes-2","7":"product_cat-switches-redes-2","8":"product_cat-switches-poe","9":"product_tag-hp","11":"first","12":"instock","13":"taxable","14":"shipping-taxable","15":"product-type-simple"},"_links":{"self":[{"href":"https:\/\/arxisdemexico.com.mx\/arxis\/wp-json\/wp\/v2\/product\/25982","targetHints":{"allow":["GET"]}}],"collection":[{"href":"https:\/\/arxisdemexico.com.mx\/arxis\/wp-json\/wp\/v2\/product"}],"about":[{"href":"https:\/\/arxisdemexico.com.mx\/arxis\/wp-json\/wp\/v2\/types\/product"}],"replies":[{"embeddable":true,"href":"https:\/\/arxisdemexico.com.mx\/arxis\/wp-json\/wp\/v2\/comments?post=25982"}],"wp:featuredmedia":[{"embeddable":true,"href":"https:\/\/arxisdemexico.com.mx\/arxis\/wp-json\/wp\/v2\/media\/25983"}],"wp:attachment":[{"href":"https:\/\/arxisdemexico.com.mx\/arxis\/wp-json\/wp\/v2\/media?parent=25982"}],"wp:term":[{"taxonomy":"product_brand","embeddable":true,"href":"https:\/\/arxisdemexico.com.mx\/arxis\/wp-json\/wp\/v2\/product_brand?post=25982"},{"taxonomy":"product_cat","embeddable":true,"href":"https:\/\/arxisdemexico.com.mx\/arxis\/wp-json\/wp\/v2\/product_cat?post=25982"},{"taxonomy":"product_tag","embeddable":true,"href":"https:\/\/arxisdemexico.com.mx\/arxis\/wp-json\/wp\/v2\/product_tag?post=25982"}],"curies":[{"name":"wp","href":"https:\/\/api.w.org\/{rel}","templated":true}]}}