{"id":25941,"date":"2018-03-12T14:25:09","date_gmt":"2018-03-12T20:25:09","guid":{"rendered":"http:\/\/www.arxisdemexico.com.mx\/arxis\/?post_type=product&#038;p=25941"},"modified":"2018-09-19T11:51:00","modified_gmt":"2018-09-19T16:51:00","slug":"access-point-ews871ap","status":"publish","type":"product","link":"https:\/\/arxisdemexico.com.mx\/arxis\/producto\/access-point-ews871ap\/","title":{"rendered":"Access Point EWS871AP"},"content":{"rendered":"<ul>\n<li>CARACTERISTICAS<\/li>\n<li>Velocidades Gigabit Over-the-Air a 2.5 Gbps<\/li>\n<li>La carcasa con clasificaci\u00f3n IP67 de grado industrial resiste entornos dif\u00edciles<\/li>\n<li>Dual-Radio MU-MIMO mejora el rendimiento y ampl\u00eda las capacidades<\/li>\n<li>(8) antenas omnidireccionales desmontables RP-SMA<\/li>\n<li>(2) Los puertos Gigabit PoE + ofrecen opciones de energ\u00eda flexibles para conectar c\u00e1maras IP o puentes<\/li>\n<\/ul>\n","protected":false},"excerpt":{"rendered":"<p>CARACTERISTICAS Velocidades Gigabit Over-the-Air a 2.5 Gbps La carcasa con clasificaci\u00f3n IP67 de grado industrial resiste entornos dif\u00edciles Dual-Radio MU-MIMO mejora el rendimiento y ampl\u00eda las capacidades (8) antenas omnidireccionales [&hellip;]<\/p>\n","protected":false},"featured_media":25942,"comment_status":"open","ping_status":"closed","template":"","meta":{"_et_pb_use_builder":"","_et_pb_old_content":"","_et_gb_content_width":""},"product_brand":[],"product_cat":[752,755,756],"product_tag":[501],"class_list":{"0":"post-25941","1":"product","2":"type-product","3":"status-publish","4":"has-post-thumbnail","6":"product_cat-access-points","7":"product_cat-ruteadores-y-aps","8":"product_cat-access-points-ruteadores-y-aps","9":"product_tag-engenius","11":"first","12":"instock","13":"taxable","14":"shipping-taxable","15":"product-type-simple"},"_links":{"self":[{"href":"https:\/\/arxisdemexico.com.mx\/arxis\/wp-json\/wp\/v2\/product\/25941","targetHints":{"allow":["GET"]}}],"collection":[{"href":"https:\/\/arxisdemexico.com.mx\/arxis\/wp-json\/wp\/v2\/product"}],"about":[{"href":"https:\/\/arxisdemexico.com.mx\/arxis\/wp-json\/wp\/v2\/types\/product"}],"replies":[{"embeddable":true,"href":"https:\/\/arxisdemexico.com.mx\/arxis\/wp-json\/wp\/v2\/comments?post=25941"}],"wp:featuredmedia":[{"embeddable":true,"href":"https:\/\/arxisdemexico.com.mx\/arxis\/wp-json\/wp\/v2\/media\/25942"}],"wp:attachment":[{"href":"https:\/\/arxisdemexico.com.mx\/arxis\/wp-json\/wp\/v2\/media?parent=25941"}],"wp:term":[{"taxonomy":"product_brand","embeddable":true,"href":"https:\/\/arxisdemexico.com.mx\/arxis\/wp-json\/wp\/v2\/product_brand?post=25941"},{"taxonomy":"product_cat","embeddable":true,"href":"https:\/\/arxisdemexico.com.mx\/arxis\/wp-json\/wp\/v2\/product_cat?post=25941"},{"taxonomy":"product_tag","embeddable":true,"href":"https:\/\/arxisdemexico.com.mx\/arxis\/wp-json\/wp\/v2\/product_tag?post=25941"}],"curies":[{"name":"wp","href":"https:\/\/api.w.org\/{rel}","templated":true}]}}