{"id":25719,"date":"2018-03-08T17:35:12","date_gmt":"2018-03-08T23:35:12","guid":{"rendered":"http:\/\/www.arxisdemexico.com.mx\/arxis\/?post_type=product&#038;p=25719"},"modified":"2018-09-19T11:56:15","modified_gmt":"2018-09-19T16:56:15","slug":"inalambrico-dect-lcd-en-blanco-kx-tg6821meb","status":"publish","type":"product","link":"https:\/\/arxisdemexico.com.mx\/arxis\/producto\/inalambrico-dect-lcd-en-blanco-kx-tg6821meb\/","title":{"rendered":"Tel\u00e9fono Inal\u00e1mbrico DECT, LCD en blanco KX-TG6821MEB"},"content":{"rendered":"<p>Inal\u00e1mbrico DECT, LCD en blanco, contestadora digital, tecla de funci\u00f3n inteligente, caller ID, respaldo de alimentaci\u00f3n cuando falla electricidad, modo Eco y nocturno, bloqueo de llamadas<\/p>\n","protected":false},"excerpt":{"rendered":"<p>Inal\u00e1mbrico DECT, LCD en blanco, contestadora digital, tecla de funci\u00f3n inteligente, caller ID, respaldo de alimentaci\u00f3n cuando falla electricidad, modo Eco y nocturno, bloqueo de llamadas<\/p>\n","protected":false},"featured_media":25739,"comment_status":"open","ping_status":"closed","template":"","meta":{"_et_pb_use_builder":"","_et_pb_old_content":"","_et_gb_content_width":""},"product_brand":[],"product_cat":[767,770],"product_tag":[490],"class_list":{"0":"post-25719","1":"product","2":"type-product","3":"status-publish","4":"has-post-thumbnail","6":"product_cat-telefonia","7":"product_cat-conmutadores-pbx","8":"product_tag-panasonic","10":"first","11":"instock","12":"taxable","13":"shipping-taxable","14":"product-type-simple"},"_links":{"self":[{"href":"https:\/\/arxisdemexico.com.mx\/arxis\/wp-json\/wp\/v2\/product\/25719","targetHints":{"allow":["GET"]}}],"collection":[{"href":"https:\/\/arxisdemexico.com.mx\/arxis\/wp-json\/wp\/v2\/product"}],"about":[{"href":"https:\/\/arxisdemexico.com.mx\/arxis\/wp-json\/wp\/v2\/types\/product"}],"replies":[{"embeddable":true,"href":"https:\/\/arxisdemexico.com.mx\/arxis\/wp-json\/wp\/v2\/comments?post=25719"}],"wp:featuredmedia":[{"embeddable":true,"href":"https:\/\/arxisdemexico.com.mx\/arxis\/wp-json\/wp\/v2\/media\/25739"}],"wp:attachment":[{"href":"https:\/\/arxisdemexico.com.mx\/arxis\/wp-json\/wp\/v2\/media?parent=25719"}],"wp:term":[{"taxonomy":"product_brand","embeddable":true,"href":"https:\/\/arxisdemexico.com.mx\/arxis\/wp-json\/wp\/v2\/product_brand?post=25719"},{"taxonomy":"product_cat","embeddable":true,"href":"https:\/\/arxisdemexico.com.mx\/arxis\/wp-json\/wp\/v2\/product_cat?post=25719"},{"taxonomy":"product_tag","embeddable":true,"href":"https:\/\/arxisdemexico.com.mx\/arxis\/wp-json\/wp\/v2\/product_tag?post=25719"}],"curies":[{"name":"wp","href":"https:\/\/api.w.org\/{rel}","templated":true}]}}