{"id":25717,"date":"2018-03-08T17:05:35","date_gmt":"2018-03-08T23:05:35","guid":{"rendered":"http:\/\/www.arxisdemexico.com.mx\/arxis\/?post_type=product&#038;p=25717"},"modified":"2018-09-19T11:57:11","modified_gmt":"2018-09-19T16:57:11","slug":"inalambrico-premium-wi-fi-smartphone-connect-enlaza-hasta-4-tablets-smartphones-comparte-directorio-y-ring-tones-kx-prw110mew","status":"publish","type":"product","link":"https:\/\/arxisdemexico.com.mx\/arxis\/producto\/inalambrico-premium-wi-fi-smartphone-connect-enlaza-hasta-4-tablets-smartphones-comparte-directorio-y-ring-tones-kx-prw110mew\/","title":{"rendered":"Tel\u00e9fono Inal\u00e1mbrico Premium Wi-Fi (Smartphone Connect) KX-PRW110MEW"},"content":{"rendered":"<ul class=\"item-desc\">\n<li>Tel\u00e9fono inal\u00e1mbrico premium con tecnolog\u00eda Wi-fi para conexi\u00f3n a Smartphone o Tablet<\/li>\n<li>Enlaza hasta 4 dispositivos para hacerlos extensi\u00f3n de la l\u00ednea fija<\/li>\n<li>Identificador de Llamadas *<\/li>\n<li>Funci\u00f3n de Baby monito<\/li>\n<\/ul>\n","protected":false},"excerpt":{"rendered":"<p>Tel\u00e9fono inal\u00e1mbrico premium con tecnolog\u00eda Wi-fi para conexi\u00f3n a Smartphone o Tablet Enlaza hasta 4 dispositivos para hacerlos extensi\u00f3n de la l\u00ednea fija Identificador de Llamadas * Funci\u00f3n de Baby [&hellip;]<\/p>\n","protected":false},"featured_media":25718,"comment_status":"open","ping_status":"closed","template":"","meta":{"_et_pb_use_builder":"","_et_pb_old_content":"","_et_gb_content_width":""},"product_brand":[],"product_cat":[767,770],"product_tag":[490],"class_list":{"0":"post-25717","1":"product","2":"type-product","3":"status-publish","4":"has-post-thumbnail","6":"product_cat-telefonia","7":"product_cat-conmutadores-pbx","8":"product_tag-panasonic","10":"first","11":"instock","12":"taxable","13":"shipping-taxable","14":"product-type-simple"},"_links":{"self":[{"href":"https:\/\/arxisdemexico.com.mx\/arxis\/wp-json\/wp\/v2\/product\/25717","targetHints":{"allow":["GET"]}}],"collection":[{"href":"https:\/\/arxisdemexico.com.mx\/arxis\/wp-json\/wp\/v2\/product"}],"about":[{"href":"https:\/\/arxisdemexico.com.mx\/arxis\/wp-json\/wp\/v2\/types\/product"}],"replies":[{"embeddable":true,"href":"https:\/\/arxisdemexico.com.mx\/arxis\/wp-json\/wp\/v2\/comments?post=25717"}],"wp:featuredmedia":[{"embeddable":true,"href":"https:\/\/arxisdemexico.com.mx\/arxis\/wp-json\/wp\/v2\/media\/25718"}],"wp:attachment":[{"href":"https:\/\/arxisdemexico.com.mx\/arxis\/wp-json\/wp\/v2\/media?parent=25717"}],"wp:term":[{"taxonomy":"product_brand","embeddable":true,"href":"https:\/\/arxisdemexico.com.mx\/arxis\/wp-json\/wp\/v2\/product_brand?post=25717"},{"taxonomy":"product_cat","embeddable":true,"href":"https:\/\/arxisdemexico.com.mx\/arxis\/wp-json\/wp\/v2\/product_cat?post=25717"},{"taxonomy":"product_tag","embeddable":true,"href":"https:\/\/arxisdemexico.com.mx\/arxis\/wp-json\/wp\/v2\/product_tag?post=25717"}],"curies":[{"name":"wp","href":"https:\/\/api.w.org\/{rel}","templated":true}]}}