{"id":25550,"date":"2018-03-08T12:26:30","date_gmt":"2018-03-08T18:26:30","guid":{"rendered":"http:\/\/www.arxisdemexico.com.mx\/arxis\/?post_type=product&#038;p=25550"},"modified":"2018-10-22T17:28:10","modified_gmt":"2018-10-22T22:28:10","slug":"base-p-rematar-jack-y-pelador-utp","status":"publish","type":"product","link":"https:\/\/arxisdemexico.com.mx\/arxis\/producto\/base-p-rematar-jack-y-pelador-utp\/","title":{"rendered":"BASE P\/REMATAR JACK Y PELADOR UTP"},"content":{"rendered":"<p>Ideal para la terminaci\u00f3n del Jack en Cat5e y Cat6. Puede ser usado en la terminaci\u00f3n del Jack Optronics angular 90\u00b0 y 180\u00b0. Incluye pelador econ\u00f3mico para remover la cubierta de los cables. Este conjunto es perfecto para su uso en campo, gracias a su dise\u00f1o pr\u00e1ctico y de bolsillo.<\/p>\n","protected":false},"excerpt":{"rendered":"<p>Ideal para la terminaci\u00f3n del Jack en Cat5e y Cat6. Puede ser usado en la terminaci\u00f3n del Jack Optronics angular 90\u00b0 y 180\u00b0. Incluye pelador econ\u00f3mico para remover la cubierta [&hellip;]<\/p>\n","protected":false},"featured_media":25562,"comment_status":"open","ping_status":"closed","template":"","meta":{"_et_pb_use_builder":"","_et_pb_old_content":"","_et_gb_content_width":""},"product_brand":[],"product_cat":[648,785],"product_tag":[515],"class_list":{"0":"post-25550","1":"product","2":"type-product","3":"status-publish","4":"has-post-thumbnail","6":"product_cat-cables","7":"product_cat-accesorios-cables","8":"product_tag-optronics","10":"first","11":"instock","12":"taxable","13":"shipping-taxable","14":"product-type-simple"},"_links":{"self":[{"href":"https:\/\/arxisdemexico.com.mx\/arxis\/wp-json\/wp\/v2\/product\/25550","targetHints":{"allow":["GET"]}}],"collection":[{"href":"https:\/\/arxisdemexico.com.mx\/arxis\/wp-json\/wp\/v2\/product"}],"about":[{"href":"https:\/\/arxisdemexico.com.mx\/arxis\/wp-json\/wp\/v2\/types\/product"}],"replies":[{"embeddable":true,"href":"https:\/\/arxisdemexico.com.mx\/arxis\/wp-json\/wp\/v2\/comments?post=25550"}],"wp:featuredmedia":[{"embeddable":true,"href":"https:\/\/arxisdemexico.com.mx\/arxis\/wp-json\/wp\/v2\/media\/25562"}],"wp:attachment":[{"href":"https:\/\/arxisdemexico.com.mx\/arxis\/wp-json\/wp\/v2\/media?parent=25550"}],"wp:term":[{"taxonomy":"product_brand","embeddable":true,"href":"https:\/\/arxisdemexico.com.mx\/arxis\/wp-json\/wp\/v2\/product_brand?post=25550"},{"taxonomy":"product_cat","embeddable":true,"href":"https:\/\/arxisdemexico.com.mx\/arxis\/wp-json\/wp\/v2\/product_cat?post=25550"},{"taxonomy":"product_tag","embeddable":true,"href":"https:\/\/arxisdemexico.com.mx\/arxis\/wp-json\/wp\/v2\/product_tag?post=25550"}],"curies":[{"name":"wp","href":"https:\/\/api.w.org\/{rel}","templated":true}]}}