{"id":25516,"date":"2018-03-08T11:43:07","date_gmt":"2018-03-08T17:43:07","guid":{"rendered":"http:\/\/www.arxisdemexico.com.mx\/arxis\/?post_type=product&#038;p=25516"},"modified":"2018-09-19T13:33:01","modified_gmt":"2018-09-19T18:33:01","slug":"cortador-con-punta-de-diamante","status":"publish","type":"product","link":"https:\/\/arxisdemexico.com.mx\/arxis\/producto\/cortador-con-punta-de-diamante\/","title":{"rendered":"CORTADOR CON PUNTA DE DIAMANTE"},"content":{"rendered":"<p>Dise\u00f1o tipo bol\u00edgrafo, ideal para trabajos en campo, contiene una punta retr\u00e1ctil de diamante. Estas puntas han sido dise\u00f1adas especialmente para hacer trazos en fibra \u00f3ptica y aplicar la t\u00e9cnica de &#8216;traza y jala&#8217;. Su f\u00e1cil manejo ofrece mayor precisi\u00f3n y calidad. Punta tipo bol\u00edgrafo con clip de sujeci\u00f3n fabricada en acero inoxidable con forma c\u00f3nica o de cu\u00f1a. La forma de las puntas prolonga su filo y mejora el tipo de corte en la f\u00e9rula del conector.<\/p>\n","protected":false},"excerpt":{"rendered":"<p>Dise\u00f1o tipo bol\u00edgrafo, ideal para trabajos en campo, contiene una punta retr\u00e1ctil de diamante. Estas puntas han sido dise\u00f1adas especialmente para hacer trazos en fibra \u00f3ptica y aplicar la t\u00e9cnica [&hellip;]<\/p>\n","protected":false},"featured_media":25519,"comment_status":"open","ping_status":"closed","template":"","meta":{"_et_pb_use_builder":"","_et_pb_old_content":"","_et_gb_content_width":""},"product_brand":[],"product_cat":[659,724],"product_tag":[515],"class_list":{"0":"post-25516","1":"product","2":"type-product","3":"status-publish","4":"has-post-thumbnail","6":"product_cat-fibra-optica-cables","7":"product_cat-herramienta","8":"product_tag-optronics","10":"first","11":"instock","12":"taxable","13":"shipping-taxable","14":"product-type-simple"},"_links":{"self":[{"href":"https:\/\/arxisdemexico.com.mx\/arxis\/wp-json\/wp\/v2\/product\/25516","targetHints":{"allow":["GET"]}}],"collection":[{"href":"https:\/\/arxisdemexico.com.mx\/arxis\/wp-json\/wp\/v2\/product"}],"about":[{"href":"https:\/\/arxisdemexico.com.mx\/arxis\/wp-json\/wp\/v2\/types\/product"}],"replies":[{"embeddable":true,"href":"https:\/\/arxisdemexico.com.mx\/arxis\/wp-json\/wp\/v2\/comments?post=25516"}],"wp:featuredmedia":[{"embeddable":true,"href":"https:\/\/arxisdemexico.com.mx\/arxis\/wp-json\/wp\/v2\/media\/25519"}],"wp:attachment":[{"href":"https:\/\/arxisdemexico.com.mx\/arxis\/wp-json\/wp\/v2\/media?parent=25516"}],"wp:term":[{"taxonomy":"product_brand","embeddable":true,"href":"https:\/\/arxisdemexico.com.mx\/arxis\/wp-json\/wp\/v2\/product_brand?post=25516"},{"taxonomy":"product_cat","embeddable":true,"href":"https:\/\/arxisdemexico.com.mx\/arxis\/wp-json\/wp\/v2\/product_cat?post=25516"},{"taxonomy":"product_tag","embeddable":true,"href":"https:\/\/arxisdemexico.com.mx\/arxis\/wp-json\/wp\/v2\/product_tag?post=25516"}],"curies":[{"name":"wp","href":"https:\/\/api.w.org\/{rel}","templated":true}]}}