{"id":25480,"date":"2018-03-08T11:24:51","date_gmt":"2018-03-08T17:24:51","guid":{"rendered":"http:\/\/www.arxisdemexico.com.mx\/arxis\/?post_type=product&#038;p=25480"},"modified":"2018-09-19T14:25:12","modified_gmt":"2018-09-19T19:25:12","slug":"24-teclas-co-pantalla-de-3-lineas-lcd-kx-dt543x","status":"publish","type":"product","link":"https:\/\/arxisdemexico.com.mx\/arxis\/producto\/24-teclas-co-pantalla-de-3-lineas-lcd-kx-dt543x\/","title":{"rendered":"Tel\u00e9fono 24 Teclas CO, Pantalla de 3 Lineas LCD KX-DT543X"},"content":{"rendered":"<p>Tel\u00e9fono Digital Ejecutivo Panasonic<\/p>\n<p>LCD gr\u00e1fico de 3 l\u00edneas con retroiluminaci\u00f3n<br \/>\n24 teclas de funci\u00f3n programables<br \/>\nCompatible con diademas inal\u00e1mbricas (EHS) de Plantronics y GN Netcom Jabra<br \/>\nAltavoz, auricular y cascos full d\u00faplex<br \/>\nDisponible en color blanco y negro<\/p>\n","protected":false},"excerpt":{"rendered":"<p>Tel\u00e9fono Digital Ejecutivo Panasonic LCD gr\u00e1fico de 3 l\u00edneas con retroiluminaci\u00f3n 24 teclas de funci\u00f3n programables Compatible con diademas inal\u00e1mbricas (EHS) de Plantronics y GN Netcom Jabra Altavoz, auricular y [&hellip;]<\/p>\n","protected":false},"featured_media":25484,"comment_status":"open","ping_status":"closed","template":"","meta":{"_et_pb_use_builder":"","_et_pb_old_content":"","_et_gb_content_width":""},"product_brand":[],"product_cat":[767,768,770],"product_tag":[490],"class_list":{"0":"post-25480","1":"product","2":"type-product","3":"status-publish","4":"has-post-thumbnail","6":"product_cat-telefonia","7":"product_cat-accesorios-telefonia","8":"product_cat-conmutadores-pbx","9":"product_tag-panasonic","11":"first","12":"instock","13":"taxable","14":"shipping-taxable","15":"product-type-simple"},"_links":{"self":[{"href":"https:\/\/arxisdemexico.com.mx\/arxis\/wp-json\/wp\/v2\/product\/25480","targetHints":{"allow":["GET"]}}],"collection":[{"href":"https:\/\/arxisdemexico.com.mx\/arxis\/wp-json\/wp\/v2\/product"}],"about":[{"href":"https:\/\/arxisdemexico.com.mx\/arxis\/wp-json\/wp\/v2\/types\/product"}],"replies":[{"embeddable":true,"href":"https:\/\/arxisdemexico.com.mx\/arxis\/wp-json\/wp\/v2\/comments?post=25480"}],"wp:featuredmedia":[{"embeddable":true,"href":"https:\/\/arxisdemexico.com.mx\/arxis\/wp-json\/wp\/v2\/media\/25484"}],"wp:attachment":[{"href":"https:\/\/arxisdemexico.com.mx\/arxis\/wp-json\/wp\/v2\/media?parent=25480"}],"wp:term":[{"taxonomy":"product_brand","embeddable":true,"href":"https:\/\/arxisdemexico.com.mx\/arxis\/wp-json\/wp\/v2\/product_brand?post=25480"},{"taxonomy":"product_cat","embeddable":true,"href":"https:\/\/arxisdemexico.com.mx\/arxis\/wp-json\/wp\/v2\/product_cat?post=25480"},{"taxonomy":"product_tag","embeddable":true,"href":"https:\/\/arxisdemexico.com.mx\/arxis\/wp-json\/wp\/v2\/product_tag?post=25480"}],"curies":[{"name":"wp","href":"https:\/\/api.w.org\/{rel}","templated":true}]}}