{"id":24423,"date":"2018-03-01T13:55:09","date_gmt":"2018-03-01T19:55:09","guid":{"rendered":"http:\/\/www.arxisdemexico.com.mx\/arxis\/?post_type=product&#038;p=24423"},"modified":"2018-09-24T10:29:53","modified_gmt":"2018-09-24T15:29:53","slug":"sistema-escalable-de-telefono-inalambrico-freestyl-2","status":"publish","type":"product","link":"https:\/\/arxisdemexico.com.mx\/arxis\/producto\/sistema-escalable-de-telefono-inalambrico-freestyl-2\/","title":{"rendered":"Sistema escalable de tel\u00e9fono inal\u00e1mbrico FREESTYL 2"},"content":{"rendered":"<ul class=\"specs\">\n<li>\u00a0Es un sistema escalable de tel\u00e9fono inal\u00e1mbrico de 900 MHZ con una cobertura inal\u00e1mbrica extrema a largas distancias y en entornos complejos de varios pisos.<\/li>\n<li>Soporta hasta nueve (9) auriculares (se venden por separado).<\/li>\n<li>Alcance y conectividad inal\u00e1mbricos extremos.<\/li>\n<li>Intercomunicaci\u00f3n bidireccional, difusi\u00f3n simult\u00e1nea a varios tel\u00e9fonos.<\/li>\n<\/ul>\n","protected":false},"excerpt":{"rendered":"<p>\u00a0Es un sistema escalable de tel\u00e9fono inal\u00e1mbrico de 900 MHZ con una cobertura inal\u00e1mbrica extrema a largas distancias y en entornos complejos de varios pisos. Soporta hasta nueve (9) auriculares [&hellip;]<\/p>\n","protected":false},"featured_media":24430,"comment_status":"open","ping_status":"closed","template":"","meta":{"_et_pb_use_builder":"","_et_pb_old_content":"","_et_gb_content_width":""},"product_brand":[],"product_cat":[745,767],"product_tag":[501],"class_list":{"0":"post-24423","1":"product","2":"type-product","3":"status-publish","4":"has-post-thumbnail","6":"product_cat-redes-2","7":"product_cat-telefonia","8":"product_tag-engenius","10":"first","11":"instock","12":"taxable","13":"shipping-taxable","14":"product-type-simple"},"_links":{"self":[{"href":"https:\/\/arxisdemexico.com.mx\/arxis\/wp-json\/wp\/v2\/product\/24423","targetHints":{"allow":["GET"]}}],"collection":[{"href":"https:\/\/arxisdemexico.com.mx\/arxis\/wp-json\/wp\/v2\/product"}],"about":[{"href":"https:\/\/arxisdemexico.com.mx\/arxis\/wp-json\/wp\/v2\/types\/product"}],"replies":[{"embeddable":true,"href":"https:\/\/arxisdemexico.com.mx\/arxis\/wp-json\/wp\/v2\/comments?post=24423"}],"wp:featuredmedia":[{"embeddable":true,"href":"https:\/\/arxisdemexico.com.mx\/arxis\/wp-json\/wp\/v2\/media\/24430"}],"wp:attachment":[{"href":"https:\/\/arxisdemexico.com.mx\/arxis\/wp-json\/wp\/v2\/media?parent=24423"}],"wp:term":[{"taxonomy":"product_brand","embeddable":true,"href":"https:\/\/arxisdemexico.com.mx\/arxis\/wp-json\/wp\/v2\/product_brand?post=24423"},{"taxonomy":"product_cat","embeddable":true,"href":"https:\/\/arxisdemexico.com.mx\/arxis\/wp-json\/wp\/v2\/product_cat?post=24423"},{"taxonomy":"product_tag","embeddable":true,"href":"https:\/\/arxisdemexico.com.mx\/arxis\/wp-json\/wp\/v2\/product_tag?post=24423"}],"curies":[{"name":"wp","href":"https:\/\/api.w.org\/{rel}","templated":true}]}}