{"id":24389,"date":"2018-03-01T11:41:00","date_gmt":"2018-03-01T17:41:00","guid":{"rendered":"http:\/\/www.arxisdemexico.com.mx\/arxis\/?post_type=product&#038;p=24389"},"modified":"2018-09-22T13:52:48","modified_gmt":"2018-09-22T18:52:48","slug":"switch-tl-sg1016","status":"publish","type":"product","link":"https:\/\/arxisdemexico.com.mx\/arxis\/producto\/switch-tl-sg1016\/","title":{"rendered":"Switch TL-SG1016D"},"content":{"rendered":"<ul>\n<li>Switch de 16 puertos<\/li>\n<li>Integraci\u00f3n inteligente del hardware de 10 Mbps, 100 Mbps y 1000 Mbps gracias a la negociaci\u00f3n autom\u00e1tica de puertos.<\/li>\n<li>Soporta control de flujo IEEE 802.3x en\u00a0 modo Full Duplex y Back-Pressure en modo Half Duplex<\/li>\n<li>Arquitectura de switching sin bloqueos para el reenv\u00edo y filtrado de paquetes a la m\u00e1xima velocidad del cable para<\/li>\n<li>Obtener un rendimiento \u00f3ptimo.<\/li>\n<li>Capacidad de switching de 32 Gbps<\/li>\n<li>Incorpora 10 K de jumbo frame que mejora el rendimiento de las transferencias de archivos de gran tama\u00f1o<\/li>\n<\/ul>\n","protected":false},"excerpt":{"rendered":"<p>Switch de 16 puertos Integraci\u00f3n inteligente del hardware de 10 Mbps, 100 Mbps y 1000 Mbps gracias a la negociaci\u00f3n autom\u00e1tica de puertos. Soporta control de flujo IEEE 802.3x en\u00a0 [&hellip;]<\/p>\n","protected":false},"featured_media":24390,"comment_status":"open","ping_status":"closed","template":"","meta":{"_et_pb_use_builder":"","_et_pb_old_content":"","_et_gb_content_width":""},"product_brand":[],"product_cat":[745,760,761],"product_tag":[487],"class_list":{"0":"post-24389","1":"product","2":"type-product","3":"status-publish","4":"has-post-thumbnail","6":"product_cat-redes-2","7":"product_cat-switches-redes-2","8":"product_cat-switches-switches-redes-2","9":"product_tag-tp-link","11":"first","12":"instock","13":"taxable","14":"shipping-taxable","15":"product-type-simple"},"_links":{"self":[{"href":"https:\/\/arxisdemexico.com.mx\/arxis\/wp-json\/wp\/v2\/product\/24389","targetHints":{"allow":["GET"]}}],"collection":[{"href":"https:\/\/arxisdemexico.com.mx\/arxis\/wp-json\/wp\/v2\/product"}],"about":[{"href":"https:\/\/arxisdemexico.com.mx\/arxis\/wp-json\/wp\/v2\/types\/product"}],"replies":[{"embeddable":true,"href":"https:\/\/arxisdemexico.com.mx\/arxis\/wp-json\/wp\/v2\/comments?post=24389"}],"wp:featuredmedia":[{"embeddable":true,"href":"https:\/\/arxisdemexico.com.mx\/arxis\/wp-json\/wp\/v2\/media\/24390"}],"wp:attachment":[{"href":"https:\/\/arxisdemexico.com.mx\/arxis\/wp-json\/wp\/v2\/media?parent=24389"}],"wp:term":[{"taxonomy":"product_brand","embeddable":true,"href":"https:\/\/arxisdemexico.com.mx\/arxis\/wp-json\/wp\/v2\/product_brand?post=24389"},{"taxonomy":"product_cat","embeddable":true,"href":"https:\/\/arxisdemexico.com.mx\/arxis\/wp-json\/wp\/v2\/product_cat?post=24389"},{"taxonomy":"product_tag","embeddable":true,"href":"https:\/\/arxisdemexico.com.mx\/arxis\/wp-json\/wp\/v2\/product_tag?post=24389"}],"curies":[{"name":"wp","href":"https:\/\/api.w.org\/{rel}","templated":true}]}}