{"id":24141,"date":"2018-02-28T14:56:05","date_gmt":"2018-02-28T20:56:05","guid":{"rendered":"http:\/\/www.arxisdemexico.com.mx\/arxis\/?post_type=product&#038;p=24141"},"modified":"2018-09-22T10:30:03","modified_gmt":"2018-09-22T15:30:03","slug":"central-inalambrica-en-gabinete-kv-1-v3","status":"publish","type":"product","link":"https:\/\/arxisdemexico.com.mx\/arxis\/producto\/central-inalambrica-en-gabinete-kv-1-v3\/","title":{"rendered":"Central inal\u00e1mbrica en gabinete KV-1 V3"},"content":{"rendered":"<p>1\u00a0Central inal\u00e1mbrica en gabinete para intemperie con l\u00e1mpara luminosa intermitente, sirena de 110 dB, bater\u00eda de respaldo auto recargable.\u00a0 Capacidad m\u00e1xima de 20 transmisores inal\u00e1mbricos.<br \/>\n2\u00a0Transmisores inal\u00e1mbricos tipo llavero con bater\u00eda incluida Mod. LV-3 v3.<br \/>\n10\u00a0Metros de cable de uso rudo para conectar la central.<\/p>\n","protected":false},"excerpt":{"rendered":"<p>1\u00a0Central inal\u00e1mbrica en gabinete para intemperie con l\u00e1mpara luminosa intermitente, sirena de 110 dB, bater\u00eda de respaldo auto recargable.\u00a0 Capacidad m\u00e1xima de 20 transmisores inal\u00e1mbricos. 2\u00a0Transmisores inal\u00e1mbricos tipo llavero con [&hellip;]<\/p>\n","protected":false},"featured_media":24156,"comment_status":"open","ping_status":"closed","template":"","meta":{"_et_pb_use_builder":"","_et_pb_old_content":"","_et_gb_content_width":""},"product_brand":[],"product_cat":[677,679],"product_tag":[492],"class_list":{"0":"post-24141","1":"product","2":"type-product","3":"status-publish","4":"has-post-thumbnail","6":"product_cat-intrusion","7":"product_cat-centrales","8":"product_tag-intec","10":"first","11":"instock","12":"taxable","13":"shipping-taxable","14":"product-type-simple"},"_links":{"self":[{"href":"https:\/\/arxisdemexico.com.mx\/arxis\/wp-json\/wp\/v2\/product\/24141","targetHints":{"allow":["GET"]}}],"collection":[{"href":"https:\/\/arxisdemexico.com.mx\/arxis\/wp-json\/wp\/v2\/product"}],"about":[{"href":"https:\/\/arxisdemexico.com.mx\/arxis\/wp-json\/wp\/v2\/types\/product"}],"replies":[{"embeddable":true,"href":"https:\/\/arxisdemexico.com.mx\/arxis\/wp-json\/wp\/v2\/comments?post=24141"}],"wp:featuredmedia":[{"embeddable":true,"href":"https:\/\/arxisdemexico.com.mx\/arxis\/wp-json\/wp\/v2\/media\/24156"}],"wp:attachment":[{"href":"https:\/\/arxisdemexico.com.mx\/arxis\/wp-json\/wp\/v2\/media?parent=24141"}],"wp:term":[{"taxonomy":"product_brand","embeddable":true,"href":"https:\/\/arxisdemexico.com.mx\/arxis\/wp-json\/wp\/v2\/product_brand?post=24141"},{"taxonomy":"product_cat","embeddable":true,"href":"https:\/\/arxisdemexico.com.mx\/arxis\/wp-json\/wp\/v2\/product_cat?post=24141"},{"taxonomy":"product_tag","embeddable":true,"href":"https:\/\/arxisdemexico.com.mx\/arxis\/wp-json\/wp\/v2\/product_tag?post=24141"}],"curies":[{"name":"wp","href":"https:\/\/api.w.org\/{rel}","templated":true}]}}