{"id":23982,"date":"2018-02-28T10:50:24","date_gmt":"2018-02-28T16:50:24","guid":{"rendered":"http:\/\/www.arxisdemexico.com.mx\/arxis\/?post_type=product&#038;p=23982"},"modified":"2018-09-21T17:25:00","modified_gmt":"2018-09-21T22:25:00","slug":"tarjeta-de-red-inalambrica-tl-wn8200nd","status":"publish","type":"product","link":"https:\/\/arxisdemexico.com.mx\/arxis\/producto\/tarjeta-de-red-inalambrica-tl-wn8200nd\/","title":{"rendered":"Tarjeta de Red Inal\u00e1mbrica TL-WN8200ND"},"content":{"rendered":"<ul>\n<li>Tarjeta de Red Inalambrica USB, N 300Mbps en Alta Potencia<\/li>\n<li>Encriptaci\u00f3n sencilla de seguridad inal\u00e1mbrica con solo pulsar el bot\u00f3n WPS<\/li>\n<li>Incluye un cable de extensi\u00f3n USB de 1,5 metros para facilitar su instalaci\u00f3n<\/li>\n<li>Soporta Windows XP \/ Vista \/ 7<\/li>\n<li><\/li>\n<\/ul>\n","protected":false},"excerpt":{"rendered":"<p>Tarjeta de Red Inalambrica USB, N 300Mbps en Alta Potencia Encriptaci\u00f3n sencilla de seguridad inal\u00e1mbrica con solo pulsar el bot\u00f3n WPS Incluye un cable de extensi\u00f3n USB de 1,5 metros [&hellip;]<\/p>\n","protected":false},"featured_media":23983,"comment_status":"open","ping_status":"closed","template":"","meta":{"_et_pb_use_builder":"","_et_pb_old_content":"","_et_gb_content_width":""},"product_brand":[],"product_cat":[745],"product_tag":[487],"class_list":{"0":"post-23982","1":"product","2":"type-product","3":"status-publish","4":"has-post-thumbnail","6":"product_cat-redes-2","7":"product_tag-tp-link","9":"first","10":"instock","11":"taxable","12":"shipping-taxable","13":"product-type-simple"},"_links":{"self":[{"href":"https:\/\/arxisdemexico.com.mx\/arxis\/wp-json\/wp\/v2\/product\/23982","targetHints":{"allow":["GET"]}}],"collection":[{"href":"https:\/\/arxisdemexico.com.mx\/arxis\/wp-json\/wp\/v2\/product"}],"about":[{"href":"https:\/\/arxisdemexico.com.mx\/arxis\/wp-json\/wp\/v2\/types\/product"}],"replies":[{"embeddable":true,"href":"https:\/\/arxisdemexico.com.mx\/arxis\/wp-json\/wp\/v2\/comments?post=23982"}],"wp:featuredmedia":[{"embeddable":true,"href":"https:\/\/arxisdemexico.com.mx\/arxis\/wp-json\/wp\/v2\/media\/23983"}],"wp:attachment":[{"href":"https:\/\/arxisdemexico.com.mx\/arxis\/wp-json\/wp\/v2\/media?parent=23982"}],"wp:term":[{"taxonomy":"product_brand","embeddable":true,"href":"https:\/\/arxisdemexico.com.mx\/arxis\/wp-json\/wp\/v2\/product_brand?post=23982"},{"taxonomy":"product_cat","embeddable":true,"href":"https:\/\/arxisdemexico.com.mx\/arxis\/wp-json\/wp\/v2\/product_cat?post=23982"},{"taxonomy":"product_tag","embeddable":true,"href":"https:\/\/arxisdemexico.com.mx\/arxis\/wp-json\/wp\/v2\/product_tag?post=23982"}],"curies":[{"name":"wp","href":"https:\/\/api.w.org\/{rel}","templated":true}]}}