{"id":23866,"date":"2018-02-27T13:51:16","date_gmt":"2018-02-27T19:51:16","guid":{"rendered":"http:\/\/www.arxisdemexico.com.mx\/arxis\/?post_type=product&#038;p=23866"},"modified":"2018-09-21T16:00:17","modified_gmt":"2018-09-21T21:00:17","slug":"punto-de-acceso-eap115","status":"publish","type":"product","link":"https:\/\/arxisdemexico.com.mx\/arxis\/producto\/punto-de-acceso-eap115\/","title":{"rendered":"Punto de Acceso EAP115"},"content":{"rendered":"<ul>\n<li>Soporta PoE IEEE 802.3af para una instalaci\u00f3n c\u00f3moda y accesible<\/li>\n<li>Dise\u00f1o de montaje sencillo para facilitar la sujeci\u00f3n a una pared o en el techo<\/li>\n<li>Velocidad de datos inal\u00e1mbricos a 300 Mbps para conexiones inal\u00e1mbricas ininterrumpidas<\/li>\n<li>Compatible con productos 802.11 b \/ g \/ n<\/li>\n<\/ul>\n","protected":false},"excerpt":{"rendered":"<p>Soporta PoE IEEE 802.3af para una instalaci\u00f3n c\u00f3moda y accesible Dise\u00f1o de montaje sencillo para facilitar la sujeci\u00f3n a una pared o en el techo Velocidad de datos inal\u00e1mbricos a [&hellip;]<\/p>\n","protected":false},"featured_media":23868,"comment_status":"open","ping_status":"closed","template":"","meta":{"_et_pb_use_builder":"","_et_pb_old_content":"","_et_gb_content_width":""},"product_brand":[],"product_cat":[745,755,756],"product_tag":[487],"class_list":{"0":"post-23866","1":"product","2":"type-product","3":"status-publish","4":"has-post-thumbnail","6":"product_cat-redes-2","7":"product_cat-ruteadores-y-aps","8":"product_cat-access-points-ruteadores-y-aps","9":"product_tag-tp-link","11":"first","12":"instock","13":"taxable","14":"shipping-taxable","15":"product-type-simple"},"_links":{"self":[{"href":"https:\/\/arxisdemexico.com.mx\/arxis\/wp-json\/wp\/v2\/product\/23866","targetHints":{"allow":["GET"]}}],"collection":[{"href":"https:\/\/arxisdemexico.com.mx\/arxis\/wp-json\/wp\/v2\/product"}],"about":[{"href":"https:\/\/arxisdemexico.com.mx\/arxis\/wp-json\/wp\/v2\/types\/product"}],"replies":[{"embeddable":true,"href":"https:\/\/arxisdemexico.com.mx\/arxis\/wp-json\/wp\/v2\/comments?post=23866"}],"wp:featuredmedia":[{"embeddable":true,"href":"https:\/\/arxisdemexico.com.mx\/arxis\/wp-json\/wp\/v2\/media\/23868"}],"wp:attachment":[{"href":"https:\/\/arxisdemexico.com.mx\/arxis\/wp-json\/wp\/v2\/media?parent=23866"}],"wp:term":[{"taxonomy":"product_brand","embeddable":true,"href":"https:\/\/arxisdemexico.com.mx\/arxis\/wp-json\/wp\/v2\/product_brand?post=23866"},{"taxonomy":"product_cat","embeddable":true,"href":"https:\/\/arxisdemexico.com.mx\/arxis\/wp-json\/wp\/v2\/product_cat?post=23866"},{"taxonomy":"product_tag","embeddable":true,"href":"https:\/\/arxisdemexico.com.mx\/arxis\/wp-json\/wp\/v2\/product_tag?post=23866"}],"curies":[{"name":"wp","href":"https:\/\/api.w.org\/{rel}","templated":true}]}}