{"id":23320,"date":"2018-02-23T17:14:09","date_gmt":"2018-02-23T23:14:09","guid":{"rendered":"http:\/\/www.arxisdemexico.com.mx\/arxis\/?post_type=product&#038;p=23320"},"modified":"2018-09-21T13:52:54","modified_gmt":"2018-09-21T18:52:54","slug":"fuente-y-bloqueador-automatico-btc-10","status":"publish","type":"product","link":"https:\/\/arxisdemexico.com.mx\/arxis\/producto\/fuente-y-bloqueador-automatico-btc-10\/","title":{"rendered":"Fuente y bloqueador autom\u00e1tico BTC-10"},"content":{"rendered":"<p>Fuente y bloqueador autom\u00e1tico para intercomunicaci\u00f3n con frente, para aislar la comunicaci\u00f3n a la calle.<\/p>\n","protected":false},"excerpt":{"rendered":"<p>Fuente y bloqueador autom\u00e1tico para intercomunicaci\u00f3n con frente, para aislar la comunicaci\u00f3n a la calle.<\/p>\n","protected":false},"featured_media":23322,"comment_status":"open","ping_status":"closed","template":"","meta":{"_et_pb_use_builder":"","_et_pb_old_content":"","_et_gb_content_width":""},"product_brand":[],"product_cat":[593,594,602],"product_tag":[492],"class_list":{"0":"post-23320","1":"product","2":"type-product","3":"status-publish","4":"has-post-thumbnail","6":"product_cat-acceso-y-asistencia","7":"product_cat-videoporteros","8":"product_cat-accesorios-videoporteros","9":"product_tag-intec","11":"first","12":"instock","13":"taxable","14":"shipping-taxable","15":"product-type-simple"},"_links":{"self":[{"href":"https:\/\/arxisdemexico.com.mx\/arxis\/wp-json\/wp\/v2\/product\/23320","targetHints":{"allow":["GET"]}}],"collection":[{"href":"https:\/\/arxisdemexico.com.mx\/arxis\/wp-json\/wp\/v2\/product"}],"about":[{"href":"https:\/\/arxisdemexico.com.mx\/arxis\/wp-json\/wp\/v2\/types\/product"}],"replies":[{"embeddable":true,"href":"https:\/\/arxisdemexico.com.mx\/arxis\/wp-json\/wp\/v2\/comments?post=23320"}],"wp:featuredmedia":[{"embeddable":true,"href":"https:\/\/arxisdemexico.com.mx\/arxis\/wp-json\/wp\/v2\/media\/23322"}],"wp:attachment":[{"href":"https:\/\/arxisdemexico.com.mx\/arxis\/wp-json\/wp\/v2\/media?parent=23320"}],"wp:term":[{"taxonomy":"product_brand","embeddable":true,"href":"https:\/\/arxisdemexico.com.mx\/arxis\/wp-json\/wp\/v2\/product_brand?post=23320"},{"taxonomy":"product_cat","embeddable":true,"href":"https:\/\/arxisdemexico.com.mx\/arxis\/wp-json\/wp\/v2\/product_cat?post=23320"},{"taxonomy":"product_tag","embeddable":true,"href":"https:\/\/arxisdemexico.com.mx\/arxis\/wp-json\/wp\/v2\/product_tag?post=23320"}],"curies":[{"name":"wp","href":"https:\/\/api.w.org\/{rel}","templated":true}]}}