{"id":23211,"date":"2018-02-21T13:29:54","date_gmt":"2018-02-21T19:29:54","guid":{"rendered":"http:\/\/www.arxisdemexico.com.mx\/arxis\/?post_type=product&#038;p=23211"},"modified":"2018-09-20T13:37:16","modified_gmt":"2018-09-20T18:37:16","slug":"no-break-sbnb750","status":"publish","type":"product","link":"https:\/\/arxisdemexico.com.mx\/arxis\/producto\/no-break-sbnb750\/","title":{"rendered":"No Break SBNB750"},"content":{"rendered":"<ul>\n<li>UPS interactivo\u00a0de 750VA \/ 375W<\/li>\n<li>Mantiene energ\u00eda a sus equipos hasta por 35 Minutos*<\/li>\n<li>Suprime picos de voltaje.<\/li>\n<li>Regula la variaci\u00f3n de voltaje del suministro el\u00e9ctrico.<\/li>\n<li>6 contactos con regulaci\u00f3n, supresi\u00f3n y respaldo de bater\u00eda.<\/li>\n<li>Tomacorrientes NEMA 5-15R<\/li>\n<li>*El Tiempo de respaldo puede variar dependiendo la carga conectada al UPS.<\/li>\n<\/ul>\n","protected":false},"excerpt":{"rendered":"<p>UPS interactivo\u00a0de 750VA \/ 375W Mantiene energ\u00eda a sus equipos hasta por 35 Minutos* Suprime picos de voltaje. Regula la variaci\u00f3n de voltaje del suministro el\u00e9ctrico. 6 contactos con regulaci\u00f3n, [&hellip;]<\/p>\n","protected":false},"featured_media":23213,"comment_status":"open","ping_status":"closed","template":"","meta":{"_et_pb_use_builder":"","_et_pb_old_content":"","_et_gb_content_width":""},"product_brand":[],"product_cat":[772,777,778],"product_tag":[489],"class_list":{"0":"post-23211","1":"product","2":"type-product","3":"status-publish","4":"has-post-thumbnail","6":"product_cat-energia","7":"product_cat-respaldo","8":"product_cat-no-breaks","9":"product_tag-smartbitt","11":"first","12":"instock","13":"taxable","14":"shipping-taxable","15":"product-type-simple"},"_links":{"self":[{"href":"https:\/\/arxisdemexico.com.mx\/arxis\/wp-json\/wp\/v2\/product\/23211","targetHints":{"allow":["GET"]}}],"collection":[{"href":"https:\/\/arxisdemexico.com.mx\/arxis\/wp-json\/wp\/v2\/product"}],"about":[{"href":"https:\/\/arxisdemexico.com.mx\/arxis\/wp-json\/wp\/v2\/types\/product"}],"replies":[{"embeddable":true,"href":"https:\/\/arxisdemexico.com.mx\/arxis\/wp-json\/wp\/v2\/comments?post=23211"}],"wp:featuredmedia":[{"embeddable":true,"href":"https:\/\/arxisdemexico.com.mx\/arxis\/wp-json\/wp\/v2\/media\/23213"}],"wp:attachment":[{"href":"https:\/\/arxisdemexico.com.mx\/arxis\/wp-json\/wp\/v2\/media?parent=23211"}],"wp:term":[{"taxonomy":"product_brand","embeddable":true,"href":"https:\/\/arxisdemexico.com.mx\/arxis\/wp-json\/wp\/v2\/product_brand?post=23211"},{"taxonomy":"product_cat","embeddable":true,"href":"https:\/\/arxisdemexico.com.mx\/arxis\/wp-json\/wp\/v2\/product_cat?post=23211"},{"taxonomy":"product_tag","embeddable":true,"href":"https:\/\/arxisdemexico.com.mx\/arxis\/wp-json\/wp\/v2\/product_tag?post=23211"}],"curies":[{"name":"wp","href":"https:\/\/api.w.org\/{rel}","templated":true}]}}