{"id":23166,"date":"2018-02-20T15:46:27","date_gmt":"2018-02-20T21:46:27","guid":{"rendered":"http:\/\/www.arxisdemexico.com.mx\/arxis\/?post_type=product&#038;p=23166"},"modified":"2018-10-23T14:27:33","modified_gmt":"2018-10-23T19:27:33","slug":"sc011-controlador-de-acceso-para-dispositivos-anviz","status":"publish","type":"product","link":"https:\/\/arxisdemexico.com.mx\/arxis\/producto\/sc011-controlador-de-acceso-para-dispositivos-anviz\/","title":{"rendered":"Controlador de acceso para dispositivos SC011"},"content":{"rendered":"<p><i>\u2022\u00a0<\/i>Configuraci\u00f3n sencilla de privilegio de door-open.<br \/>\n<i>\u2022\u00a0<\/i>No se necesita software de fondo.<br \/>\n<i>\u2022\u00a0<\/i>Soporte encriptado Wiegand ANVIZ de alto nivel de seguridad.<br \/>\n<i>\u2022\u00a0<\/i>Un puerto est\u00e1ndar para huellas digitales o lectores de tarjetas.<br \/>\n<i>\u2022\u00a0<\/i>Soporte de salida de se\u00f1al de contacto.<br \/>\n<i>\u2022\u00a0<\/i>Soporte para cerraduras electromagn\u00e9ticas, fuente de alimentaci\u00f3n de 12V.<br \/>\n<i>\u2022\u00a0<\/i>Especial anti-trueno, electricidad antiest\u00e1tica y cortocircuito dise\u00f1o de la protecci\u00f3n.<\/p>\n","protected":false},"excerpt":{"rendered":"<p>\u2022\u00a0Configuraci\u00f3n sencilla de privilegio de door-open. \u2022\u00a0No se necesita software de fondo. \u2022\u00a0Soporte encriptado Wiegand ANVIZ de alto nivel de seguridad. \u2022\u00a0Un puerto est\u00e1ndar para huellas digitales o lectores de [&hellip;]<\/p>\n","protected":false},"featured_media":23168,"comment_status":"open","ping_status":"closed","template":"","meta":{"_et_pb_use_builder":"","_et_pb_old_content":"","_et_gb_content_width":""},"product_brand":[],"product_cat":[593,622],"product_tag":[495],"class_list":{"0":"post-23166","1":"product","2":"type-product","3":"status-publish","4":"has-post-thumbnail","6":"product_cat-acceso-y-asistencia","7":"product_cat-accesorios-acceso-y-asistencia","8":"product_tag-anviz","10":"first","11":"instock","12":"taxable","13":"shipping-taxable","14":"product-type-simple"},"_links":{"self":[{"href":"https:\/\/arxisdemexico.com.mx\/arxis\/wp-json\/wp\/v2\/product\/23166","targetHints":{"allow":["GET"]}}],"collection":[{"href":"https:\/\/arxisdemexico.com.mx\/arxis\/wp-json\/wp\/v2\/product"}],"about":[{"href":"https:\/\/arxisdemexico.com.mx\/arxis\/wp-json\/wp\/v2\/types\/product"}],"replies":[{"embeddable":true,"href":"https:\/\/arxisdemexico.com.mx\/arxis\/wp-json\/wp\/v2\/comments?post=23166"}],"wp:featuredmedia":[{"embeddable":true,"href":"https:\/\/arxisdemexico.com.mx\/arxis\/wp-json\/wp\/v2\/media\/23168"}],"wp:attachment":[{"href":"https:\/\/arxisdemexico.com.mx\/arxis\/wp-json\/wp\/v2\/media?parent=23166"}],"wp:term":[{"taxonomy":"product_brand","embeddable":true,"href":"https:\/\/arxisdemexico.com.mx\/arxis\/wp-json\/wp\/v2\/product_brand?post=23166"},{"taxonomy":"product_cat","embeddable":true,"href":"https:\/\/arxisdemexico.com.mx\/arxis\/wp-json\/wp\/v2\/product_cat?post=23166"},{"taxonomy":"product_tag","embeddable":true,"href":"https:\/\/arxisdemexico.com.mx\/arxis\/wp-json\/wp\/v2\/product_tag?post=23166"}],"curies":[{"name":"wp","href":"https:\/\/api.w.org\/{rel}","templated":true}]}}