{"id":23000,"date":"2018-02-19T18:04:50","date_gmt":"2018-02-20T00:04:50","guid":{"rendered":"http:\/\/www.arxisdemexico.com.mx\/arxis\/?post_type=product&#038;p=23000"},"modified":"2018-10-24T10:08:40","modified_gmt":"2018-10-24T15:08:40","slug":"c2-pro-control-de-asistencia-biometrico-wifi-tcp-ip-y-usb","status":"publish","type":"product","link":"https:\/\/arxisdemexico.com.mx\/arxis\/producto\/c2-pro-control-de-asistencia-biometrico-wifi-tcp-ip-y-usb\/","title":{"rendered":"Control de asistencia biom\u00e9trico C2 PRO"},"content":{"rendered":"<p><i>\u2022\u00a0<\/i>Plataforma Linux para proporcionar un rendimiento seguro y estable.<br \/>\n<i>\u2022\u00a0<\/i>Terminar la comparaci\u00f3n en menos de 0.5 segundos.<br \/>\n<i>\u2022\u00a0<\/i>Plantillas de huellas dactilares incorporado para la tarjeta del IC para realizar la comparaci\u00f3n m\u00e1s seguridad a 1:1.<br \/>\n<i>\u2022\u00a0<\/i>TCP \/ IP y WiFi se proporcionan para satisfacer diferentes necesidades.<br \/>\n<i>\u2022\u00a0<\/i>Proporcionar 1 relay para belling y la conexi\u00f3n a sistema de control de acceso.<br \/>\n<i>\u2022\u00a0<\/i>La interfaz RS232 se puede conectar a una impresora de tiempo y asistencia.<br \/>\n<i>\u2022\u00a0<\/i>Uso de nuevos materiales como cobertura hacerlo m\u00e1s atractivo y duradero.<br \/>\n<i>\u2022\u00a0<\/i>Dise\u00f1o humanizado, el totalmente nuevo teclado de goma trae una mejor experiencia de usuario.<br \/>\n<i>\u2022\u00a0<\/i>Pantalla a color grande y m\u00e1s brillante de 3.5 pulgadas.<br \/>\n<i>\u2022\u00a0<\/i>Instalaci\u00f3n r\u00e1pida y f\u00e1cil a trav\u00e9s de un dise\u00f1o \u00f3ptimo de la placa de pared.<br \/>\n\u200b<i>\u2022\u00a0<\/i>Facilidad la experiencia del usuario mediante la interfaz de usuario de dise\u00f1o totalmente nuevo.<\/p>\n","protected":false},"excerpt":{"rendered":"<p>\u2022\u00a0Plataforma Linux para proporcionar un rendimiento seguro y estable. \u2022\u00a0Terminar la comparaci\u00f3n en menos de 0.5 segundos. \u2022\u00a0Plantillas de huellas dactilares incorporado para la tarjeta del IC para realizar la [&hellip;]<\/p>\n","protected":false},"featured_media":23002,"comment_status":"open","ping_status":"closed","template":"","meta":{"_et_pb_use_builder":"","_et_pb_old_content":"","_et_gb_content_width":""},"product_brand":[],"product_cat":[593,800,639],"product_tag":[495],"class_list":{"0":"post-23000","1":"product","2":"type-product","3":"status-publish","4":"has-post-thumbnail","6":"product_cat-acceso-y-asistencia","7":"product_cat-lectoras","8":"product_cat-biometricos","9":"product_tag-anviz","11":"first","12":"instock","13":"taxable","14":"shipping-taxable","15":"product-type-simple"},"_links":{"self":[{"href":"https:\/\/arxisdemexico.com.mx\/arxis\/wp-json\/wp\/v2\/product\/23000","targetHints":{"allow":["GET"]}}],"collection":[{"href":"https:\/\/arxisdemexico.com.mx\/arxis\/wp-json\/wp\/v2\/product"}],"about":[{"href":"https:\/\/arxisdemexico.com.mx\/arxis\/wp-json\/wp\/v2\/types\/product"}],"replies":[{"embeddable":true,"href":"https:\/\/arxisdemexico.com.mx\/arxis\/wp-json\/wp\/v2\/comments?post=23000"}],"wp:featuredmedia":[{"embeddable":true,"href":"https:\/\/arxisdemexico.com.mx\/arxis\/wp-json\/wp\/v2\/media\/23002"}],"wp:attachment":[{"href":"https:\/\/arxisdemexico.com.mx\/arxis\/wp-json\/wp\/v2\/media?parent=23000"}],"wp:term":[{"taxonomy":"product_brand","embeddable":true,"href":"https:\/\/arxisdemexico.com.mx\/arxis\/wp-json\/wp\/v2\/product_brand?post=23000"},{"taxonomy":"product_cat","embeddable":true,"href":"https:\/\/arxisdemexico.com.mx\/arxis\/wp-json\/wp\/v2\/product_cat?post=23000"},{"taxonomy":"product_tag","embeddable":true,"href":"https:\/\/arxisdemexico.com.mx\/arxis\/wp-json\/wp\/v2\/product_tag?post=23000"}],"curies":[{"name":"wp","href":"https:\/\/api.w.org\/{rel}","templated":true}]}}