{"id":22745,"date":"2018-02-19T12:22:29","date_gmt":"2018-02-19T18:22:29","guid":{"rendered":"http:\/\/www.arxisdemexico.com.mx\/arxis\/?post_type=product&#038;p=22745"},"modified":"2018-09-19T17:21:25","modified_gmt":"2018-09-19T22:21:25","slug":"telefono-inalambrico-dect-6-0-ts-2310","status":"publish","type":"product","link":"https:\/\/arxisdemexico.com.mx\/arxis\/producto\/telefono-inalambrico-dect-6-0-ts-2310\/","title":{"rendered":"Tel\u00e9fono Inal\u00e1mbrico DECT 6.0 TS 2310"},"content":{"rendered":"<p>El TS 2310 tiene todo lo que necesita: alta calidad, precio accesible y funciones que facilitan el d\u00eda a d\u00eda.\u00a0Identificaci\u00f3n de llamadas, capacidad para hasta 5 extensiones (tel\u00e9fono base + 4 extensiones), registro de 40 llamadas recibidas y 40 originadas, comunicaci\u00f3n interna, conferencia tripartita y transferencia de llamadas.<\/p>\n","protected":false},"excerpt":{"rendered":"<p>El TS 2310 tiene todo lo que necesita: alta calidad, precio accesible y funciones que facilitan el d\u00eda a d\u00eda.\u00a0Identificaci\u00f3n de llamadas, capacidad para hasta 5 extensiones (tel\u00e9fono base + [&hellip;]<\/p>\n","protected":false},"featured_media":22747,"comment_status":"open","ping_status":"closed","template":"","meta":{"_et_pb_use_builder":"","_et_pb_old_content":"","_et_gb_content_width":""},"product_brand":[],"product_cat":[745,767,771],"product_tag":[491],"class_list":{"0":"post-22745","1":"product","2":"type-product","3":"status-publish","4":"has-post-thumbnail","6":"product_cat-redes-2","7":"product_cat-telefonia","8":"product_cat-telefonos-ip","9":"product_tag-intelbras","11":"first","12":"instock","13":"taxable","14":"shipping-taxable","15":"product-type-simple"},"_links":{"self":[{"href":"https:\/\/arxisdemexico.com.mx\/arxis\/wp-json\/wp\/v2\/product\/22745","targetHints":{"allow":["GET"]}}],"collection":[{"href":"https:\/\/arxisdemexico.com.mx\/arxis\/wp-json\/wp\/v2\/product"}],"about":[{"href":"https:\/\/arxisdemexico.com.mx\/arxis\/wp-json\/wp\/v2\/types\/product"}],"replies":[{"embeddable":true,"href":"https:\/\/arxisdemexico.com.mx\/arxis\/wp-json\/wp\/v2\/comments?post=22745"}],"wp:featuredmedia":[{"embeddable":true,"href":"https:\/\/arxisdemexico.com.mx\/arxis\/wp-json\/wp\/v2\/media\/22747"}],"wp:attachment":[{"href":"https:\/\/arxisdemexico.com.mx\/arxis\/wp-json\/wp\/v2\/media?parent=22745"}],"wp:term":[{"taxonomy":"product_brand","embeddable":true,"href":"https:\/\/arxisdemexico.com.mx\/arxis\/wp-json\/wp\/v2\/product_brand?post=22745"},{"taxonomy":"product_cat","embeddable":true,"href":"https:\/\/arxisdemexico.com.mx\/arxis\/wp-json\/wp\/v2\/product_cat?post=22745"},{"taxonomy":"product_tag","embeddable":true,"href":"https:\/\/arxisdemexico.com.mx\/arxis\/wp-json\/wp\/v2\/product_tag?post=22745"}],"curies":[{"name":"wp","href":"https:\/\/api.w.org\/{rel}","templated":true}]}}