{"id":24185,"date":"2018-02-28T15:37:05","date_gmt":"2018-02-28T21:37:05","guid":{"rendered":"http:\/\/www.arxisdemexico.com.mx\/arxis\/?page_id=24185"},"modified":"2025-09-28T21:36:40","modified_gmt":"2025-09-29T03:36:40","slug":"manueles","status":"publish","type":"page","link":"https:\/\/arxisdemexico.com.mx\/arxis\/manueles\/","title":{"rendered":"Manuales"},"content":{"rendered":"<p>[et_pb_section fb_built=\u00bb1&#8243; admin_label=\u00bbsection\u00bb _builder_version=\u00bb4.16&#8243; global_colors_info=\u00bb{}\u00bb custom_padding=\u00bb||286px|||\u00bb][et_pb_row admin_label=\u00bbrow\u00bb _builder_version=\u00bb4.16&#8243; background_size=\u00bbinitial\u00bb background_position=\u00bbtop_left\u00bb background_repeat=\u00bbrepeat\u00bb global_colors_info=\u00bb{}\u00bb][et_pb_column type=\u00bb4_4&#8243; _builder_version=\u00bb4.16&#8243; custom_padding=\u00bb|||\u00bb global_colors_info=\u00bb{}\u00bb custom_padding__hover=\u00bb|||\u00bb][et_pb_heading title=\u00bbManuales\u00bb _builder_version=\u00bb4.27.4&#8243; _module_preset=\u00bbdefault\u00bb title_font=\u00bb|700|||||||\u00bb title_text_align=\u00bbcenter\u00bb title_text_color=\u00bb#000000&#8243; title_font_size=\u00bb45px\u00bb border_width_bottom=\u00bb2px\u00bb border_color_bottom=\u00bb#0C71C3&#8243; global_colors_info=\u00bb{}\u00bb][\/et_pb_heading][et_pb_text _builder_version=\u00bb4.27.4&#8243; _module_preset=\u00bbdefault\u00bb text_font_size=\u00bb24px\u00bb text_orientation=\u00bbcenter\u00bb global_colors_info=\u00bb{}\u00bb]<\/p>\n<p><span>En Arxis, no solo vendemos tecnolog\u00eda; te ense\u00f1amos a aprovecharla al m\u00e1ximo<\/span><\/p>\n<p>[\/et_pb_text][\/et_pb_column][\/et_pb_row][et_pb_row column_structure=\u00bb1_3,1_3,1_3&#8243; _builder_version=\u00bb4.27.4&#8243; _module_preset=\u00bbdefault\u00bb global_colors_info=\u00bb{}\u00bb][et_pb_column type=\u00bb1_3&#8243; _builder_version=\u00bb4.27.4&#8243; _module_preset=\u00bbdefault\u00bb global_colors_info=\u00bb{}\u00bb][et_pb_icon font_icon=\u00bb&#xf109;||fa||900&#8243; icon_color=\u00bb#0C71C3&#8243; url=\u00bbhttps:\/\/arxisdemexico.com.mx\/arxis\/herramientas-video-porteros\/\u00bb _builder_version=\u00bb4.27.4&#8243; _module_preset=\u00bbdefault\u00bb global_colors_info=\u00bb{}\u00bb][\/et_pb_icon][et_pb_heading title=\u00bbV\u00eddeo Porteros\u00bb _builder_version=\u00bb4.27.4&#8243; _module_preset=\u00bbdefault\u00bb title_level=\u00bbh2&#8243; title_font=\u00bb|700|||||||\u00bb title_text_align=\u00bbcenter\u00bb global_colors_info=\u00bb{}\u00bb][\/et_pb_heading][\/et_pb_column][et_pb_column type=\u00bb1_3&#8243; _builder_version=\u00bb4.27.4&#8243; _module_preset=\u00bbdefault\u00bb global_colors_info=\u00bb{}\u00bb][et_pb_icon font_icon=\u00bb&#xf0f3;||fa||900&#8243; icon_color=\u00bb#0C71C3&#8243; url=\u00bbhttps:\/\/arxisdemexico.com.mx\/arxis\/herramientas-paneles-de-alarma\/\u00bb _builder_version=\u00bb4.27.4&#8243; _module_preset=\u00bbdefault\u00bb global_colors_info=\u00bb{}\u00bb][\/et_pb_icon][et_pb_heading title=\u00bbPaneles de Alarma\u00bb _builder_version=\u00bb4.27.4&#8243; _module_preset=\u00bbdefault\u00bb title_level=\u00bbh2&#8243; title_font=\u00bb|700|||||||\u00bb title_text_align=\u00bbcenter\u00bb global_colors_info=\u00bb{}\u00bb][\/et_pb_heading][\/et_pb_column][et_pb_column type=\u00bb1_3&#8243; _builder_version=\u00bb4.27.4&#8243; _module_preset=\u00bbdefault\u00bb global_colors_info=\u00bb{}\u00bb][et_pb_icon font_icon=\u00bb&#xf03d;||fa||900&#8243; icon_color=\u00bb#0C71C3&#8243; url=\u00bbhttps:\/\/arxisdemexico.com.mx\/arxis\/herramientas-de-descarga-cctv\/\u00bb _builder_version=\u00bb4.27.4&#8243; _module_preset=\u00bbdefault\u00bb global_colors_info=\u00bb{}\u00bb][\/et_pb_icon][et_pb_heading title=\u00bbCCTV\u00bb _builder_version=\u00bb4.27.4&#8243; _module_preset=\u00bbdefault\u00bb title_level=\u00bbh2&#8243; title_font=\u00bb|700|||||||\u00bb title_text_align=\u00bbcenter\u00bb global_colors_info=\u00bb{}\u00bb][\/et_pb_heading][\/et_pb_column][\/et_pb_row][\/et_pb_section]<\/p>\n","protected":false},"excerpt":{"rendered":"<p>En Arxis, no solo vendemos tecnolog\u00eda; te ense\u00f1amos a aprovecharla al m\u00e1ximo<\/p>\n","protected":false},"author":6,"featured_media":0,"parent":0,"menu_order":0,"comment_status":"closed","ping_status":"closed","template":"","meta":{"_et_pb_use_builder":"on","_et_pb_old_content":"<a href=\"http:\/\/www.arxisdemexico.com.mx\/arxis\/herramientas-control-de-acceso\/\"><img class=\"alignright wp-image-26021 size-medium\" src=\"http:\/\/www.arxisdemexico.com.mx\/arxis\/wp-content\/uploads\/2018\/03\/control-1-365x365.png\" alt=\"\" width=\"365\" height=\"365\" \/><\/a><a href=\"http:\/\/www.arxisdemexico.com.mx\/arxis\/herramientas-video-porteros\/\"><img class=\"alignright wp-image-26022 size-medium\" src=\"http:\/\/www.arxisdemexico.com.mx\/arxis\/wp-content\/uploads\/2018\/03\/portero-365x365.png\" alt=\"\" width=\"365\" height=\"365\" \/><\/a><a href=\"http:\/\/www.arxisdemexico.com.mx\/arxis\/herramientas-paneles-de-alarma\/\"><img class=\"alignright wp-image-26023 size-medium\" src=\"http:\/\/www.arxisdemexico.com.mx\/arxis\/wp-content\/uploads\/2018\/03\/alarma-365x365.png\" alt=\"\" width=\"365\" height=\"365\" \/><\/a><a href=\"http:\/\/www.arxisdemexico.com.mx\/arxis\/herramientas-de-descarga-cctv\/\"><img class=\"aligncenter wp-image-26024 size-medium\" src=\"http:\/\/www.arxisdemexico.com.mx\/arxis\/wp-content\/uploads\/2018\/03\/cctv-365x365.png\" alt=\"\" width=\"365\" height=\"365\" \/><\/a>","_et_gb_content_width":"","footnotes":""},"class_list":["post-24185","page","type-page","status-publish","hentry"],"_links":{"self":[{"href":"https:\/\/arxisdemexico.com.mx\/arxis\/wp-json\/wp\/v2\/pages\/24185","targetHints":{"allow":["GET"]}}],"collection":[{"href":"https:\/\/arxisdemexico.com.mx\/arxis\/wp-json\/wp\/v2\/pages"}],"about":[{"href":"https:\/\/arxisdemexico.com.mx\/arxis\/wp-json\/wp\/v2\/types\/page"}],"author":[{"embeddable":true,"href":"https:\/\/arxisdemexico.com.mx\/arxis\/wp-json\/wp\/v2\/users\/6"}],"replies":[{"embeddable":true,"href":"https:\/\/arxisdemexico.com.mx\/arxis\/wp-json\/wp\/v2\/comments?post=24185"}],"version-history":[{"count":9,"href":"https:\/\/arxisdemexico.com.mx\/arxis\/wp-json\/wp\/v2\/pages\/24185\/revisions"}],"predecessor-version":[{"id":38477,"href":"https:\/\/arxisdemexico.com.mx\/arxis\/wp-json\/wp\/v2\/pages\/24185\/revisions\/38477"}],"wp:attachment":[{"href":"https:\/\/arxisdemexico.com.mx\/arxis\/wp-json\/wp\/v2\/media?parent=24185"}],"curies":[{"name":"wp","href":"https:\/\/api.w.org\/{rel}","templated":true}]}}